91.90.123.72 - - [25/Apr/2022:12:49:43 -0300] "GET /contato.php HTTP/1.1" 200 224168 "-" "Mozilla/5.0 (Windows NT 6.1) AppleWebKit/537.36 (KHTML, like Gecko) Chrome/53.0.2785.104 Safari/537.36 Core/1.53.2057.400 QQBrowser/9.5.10158.400"
91.90.123.72 - - [25/Apr/2022:12:49:44 -0300] "POST /contato.php HTTP/1.1" 200 224987 "http://www.cial.ind.br/contato.php" "Mozilla/5.0 (Windows NT 6.1) AppleWebKit/537.36 (KHTML, like Gecko) Chrome/53.0.2785.104 Safari/537.36 Core/1.53.2057.400 QQBrowser/9.5.10158.400"
157.55.39.70 - - [25/Apr/2022:13:37:35 -0300] "GET /videos.php HTTP/1.1" 200 224890 "-" "Mozilla/5.0 (compatible; bingbot/2.0; +http://www.bing.com/bingbot.htm)"
157.55.39.8 - - [25/Apr/2022:15:17:46 -0300] "GET /categoria.php?id=55 HTTP/1.1" 200 223473 "-" "Mozilla/5.0 (compatible; bingbot/2.0; +http://www.bing.com/bingbot.htm)"
80.71.150.242 - - [25/Apr/2022:15:21:11 -0300] "GET /contato.php HTTP/1.1" 200 224158 "-" "Mozilla/5.0 (Windows NT 6.1) AppleWebKit/537.36 (KHTML, like Gecko) Chrome/53.0.2785.104 Safari/537.36 Core/1.53.2057.400 QQBrowser/9.5.10158.400"
80.71.150.242 - - [25/Apr/2022:15:21:13 -0300] "POST /contato.php HTTP/1.1" 200 224457 "http://www.cial.ind.br/contato.php" "Mozilla/5.0 (Windows NT 6.1) AppleWebKit/537.36 (KHTML, like Gecko) Chrome/53.0.2785.104 Safari/537.36 Core/1.53.2057.400 QQBrowser/9.5.10158.400"
157.55.39.70 - - [25/Apr/2022:17:21:16 -0300] "GET /videos.php HTTP/1.1" 200 224896 "-" "Mozilla/5.0 (compatible; bingbot/2.0; +http://www.bing.com/bingbot.htm)"
40.77.167.37 - - [25/Apr/2022:17:30:55 -0300] "GET /noticia.php?id=10?18072018180831 HTTP/1.1" 200 222697 "-" "Mozilla/5.0 (compatible; bingbot/2.0; +http://www.bing.com/bingbot.htm)"
154.54.249.17 - - [25/Apr/2022:19:00:38 -0300] "GET /faq.php HTTP/1.1" 200 224484 "-" "Mozilla/5.0 (compatible; Barkrowler/0.9; +https://babbar.tech/crawler)"
154.54.249.17 - - [25/Apr/2022:19:01:06 -0300] "GET /videos.php HTTP/1.1" 200 224907 "-" "Mozilla/5.0 (compatible; Barkrowler/0.9; +https://babbar.tech/crawler)"
154.54.249.17 - - [25/Apr/2022:19:01:33 -0300] "GET /contato.php HTTP/1.1" 200 224167 "-" "Mozilla/5.0 (compatible; Barkrowler/0.9; +https://babbar.tech/crawler)"
154.54.249.17 - - [25/Apr/2022:19:02:00 -0300] "GET /cadastrar.php HTTP/1.1" 200 226523 "-" "Mozilla/5.0 (compatible; Barkrowler/0.9; +https://babbar.tech/crawler)"
154.54.249.17 - - [25/Apr/2022:19:02:28 -0300] "GET /localizacao.php HTTP/1.1" 200 223301 "-" "Mozilla/5.0 (compatible; Barkrowler/0.9; +https://babbar.tech/crawler)"
154.54.249.17 - - [25/Apr/2022:19:02:57 -0300] "GET /categoria.php?id=42 HTTP/1.1" 200 224560 "-" "Mozilla/5.0 (compatible; Barkrowler/0.9; +https://babbar.tech/crawler)"
154.54.249.17 - - [25/Apr/2022:19:03:14 -0300] "GET /categorias_mobile.php HTTP/1.1" 200 219138 "-" "Mozilla/5.0 (compatible; Barkrowler/0.9; +https://babbar.tech/crawler)"
154.54.249.17 - - [25/Apr/2022:19:03:31 -0300] "GET /produto.php?id=24 HTTP/1.1" 200 237636 "-" "Mozilla/5.0 (compatible; Barkrowler/0.9; +https://babbar.tech/crawler)"
154.54.249.17 - - [25/Apr/2022:19:03:48 -0300] "GET /produto.php?id=31 HTTP/1.1" 200 235864 "-" "Mozilla/5.0 (compatible; Barkrowler/0.9; +https://babbar.tech/crawler)"
154.54.249.17 - - [25/Apr/2022:19:04:06 -0300] "GET /produto.php?id=23 HTTP/1.1" 200 239214 "-" "Mozilla/5.0 (compatible; Barkrowler/0.9; +https://babbar.tech/crawler)"
154.54.249.17 - - [25/Apr/2022:19:04:23 -0300] "GET /produto.php?id=21 HTTP/1.1" 200 238789 "-" "Mozilla/5.0 (compatible; Barkrowler/0.9; +https://babbar.tech/crawler)"
185.191.34.215 - - [25/Apr/2022:19:20:33 -0300] "POST /wp-includes/class-wp-page-icon.php HTTP/1.1" 404 1021 "-" "Mozilla/5.0 (Windows NT 10.0; Win64; x64) AppleWebKit/537.36 (KHTML, like Gecko) Chrome/74.0.3729.157 Safari/537.36"
157.55.39.70 - - [25/Apr/2022:21:00:39 -0300] "GET /videos.php HTTP/1.1" 200 224899 "-" "Mozilla/5.0 (compatible; bingbot/2.0; +http://www.bing.com/bingbot.htm)"
51.161.107.25 - - [25/Apr/2022:21:28:07 -0300] "GET /categoria.php?id=%27nvOpzp;%20AND%201=1%20OR%20(%3C%27%22%3EiKO)), HTTP/1.1" 200 27513 "-" "-"
51.161.107.25 - - [25/Apr/2022:21:49:40 -0300] "GET /categoria.php?id=39 HTTP/1.1" 200 222422 "-" "Mozilla/5.0 (X11; Linux i686; rv:25.0) Gecko/20100101 Firefox/25.0"
51.161.107.25 - - [25/Apr/2022:21:49:41 -0300] "GET /categoria.php?id=39%27 HTTP/1.1" 200 222412 "-" "Mozilla/5.0 (Macintosh; Intel Mac OS X 10_14) AppleWebKit/605.1.15 (KHTML, like Gecko) Version/12.0 Safari/605.1.15"
157.55.39.70 - - [25/Apr/2022:22:04:06 -0300] "GET /videos.php HTTP/1.1" 200 224898 "-" "Mozilla/5.0 (compatible; bingbot/2.0; +http://www.bing.com/bingbot.htm)"
157.55.39.70 - - [26/Apr/2022:00:39:29 -0300] "GET /videos.php HTTP/1.1" 200 224898 "-" "Mozilla/5.0 (compatible; bingbot/2.0; +http://www.bing.com/bingbot.htm)"
185.191.171.21 - - [26/Apr/2022:03:23:23 -0300] "GET /produto.php?id=31 HTTP/1.1" 200 235882 "-" "Mozilla/5.0 (compatible; SemrushBot/7~bl; +http://www.semrush.com/bot.html)"
147.182.248.182 - - [26/Apr/2022:03:56:37 -0300] "GET /wp-login.php HTTP/1.1" 404 1021 "-" "Mozilla/5.0 (X11; Ubuntu; Linux x86_64; rv:62.0) Gecko/20100101 Firefox/62.0"
157.55.39.70 - - [26/Apr/2022:04:19:11 -0300] "GET /videos.php HTTP/1.1" 200 224897 "-" "Mozilla/5.0 (compatible; bingbot/2.0; +http://www.bing.com/bingbot.htm)"
157.55.39.70 - - [26/Apr/2022:07:06:48 -0300] "GET /videos.php HTTP/1.1" 200 224897 "-" "Mozilla/5.0 (compatible; bingbot/2.0; +http://www.bing.com/bingbot.htm)"
157.55.39.70 - - [26/Apr/2022:07:58:52 -0300] "GET /videos.php HTTP/1.1" 200 224898 "-" "Mozilla/5.0 (compatible; bingbot/2.0; +http://www.bing.com/bingbot.htm)"
34.79.225.96 - - [26/Apr/2022:10:14:10 -0300] "GET /produto.php?id=28 HTTP/1.1" 200 238066 "-" "DnBCrawler-Analytics"
192.99.110.145 - - [26/Apr/2022:10:19:38 -0300] "GET /contato.php HTTP/1.1" 200 224160 "-" "Mozilla/5.0 (Windows NT 6.1) AppleWebKit/537.36 (KHTML, like Gecko) Chrome/53.0.2785.104 Safari/537.36 Core/1.53.2057.400 QQBrowser/9.5.10158.400"
192.99.110.145 - - [26/Apr/2022:10:19:41 -0300] "POST /contato.php HTTP/1.1" 200 224595 "http://www.cial.ind.br/contato.php" "Mozilla/5.0 (Windows NT 6.1) AppleWebKit/537.36 (KHTML, like Gecko) Chrome/53.0.2785.104 Safari/537.36 Core/1.53.2057.400 QQBrowser/9.5.10158.400"
194.38.20.161 - - [26/Apr/2022:11:01:52 -0300] "GET /admin/elfinder/php/connector.minimal.php HTTP/1.1" 404 1021 "-" "ALittle Client"
157.55.39.70 - - [26/Apr/2022:11:37:53 -0300] "GET /videos.php HTTP/1.1" 200 224899 "-" "Mozilla/5.0 (compatible; bingbot/2.0; +http://www.bing.com/bingbot.htm)"
185.191.171.18 - - [26/Apr/2022:13:26:13 -0300] "GET /noticia.php?id=1 HTTP/1.1" 200 225518 "-" "Mozilla/5.0 (compatible; SemrushBot/7~bl; +http://www.semrush.com/bot.html)"
45.9.20.103 - - [26/Apr/2022:13:51:15 -0300] "GET /wp-content/plugins/apikey/apikey.php?test=1 HTTP/1.1" 404 1021 "-" "Mozilla/5.0 (Windows NT 10.0; Win64; x64; rv:66.0) Gecko/20100101 Firefox/66.0"
173.231.60.195 - - [26/Apr/2022:13:57:46 -0300] "GET /noticia.php?id=10?18072018180831 HTTP/1.1" 200 222698 "http://www.cial.ind.br/" "Mozilla/5.0 (compatible; Adsbot/3.1; +https://seostar.co/robot/)"
173.231.60.195 - - [26/Apr/2022:13:58:00 -0300] "GET /produto.php?id=27 HTTP/1.1" 200 237441 "http://www.cial.ind.br/" "Mozilla/5.0 (compatible; Adsbot/3.1; +https://seostar.co/robot/)"
173.231.60.195 - - [26/Apr/2022:13:58:09 -0300] "GET /produto.php?id=28 HTTP/1.1" 200 238050 "http://www.cial.ind.br/" "Mozilla/5.0 (compatible; Adsbot/3.1; +https://seostar.co/robot/)"
173.231.60.195 - - [26/Apr/2022:13:58:22 -0300] "GET /produto.php?id=29 HTTP/1.1" 200 239027 "http://www.cial.ind.br/" "Mozilla/5.0 (compatible; Adsbot/3.1; +https://seostar.co/robot/)"
173.231.60.195 - - [26/Apr/2022:14:01:23 -0300] "GET /faq.php HTTP/1.1" 200 224473 "http://www.cial.ind.br/" "Mozilla/5.0 (compatible; Adsbot/3.1; +https://seostar.co/robot/)"
173.231.60.195 - - [26/Apr/2022:14:01:36 -0300] "GET /index.php HTTP/1.1" 200 239031 "http://www.cial.ind.br/" "Mozilla/5.0 (compatible; Adsbot/3.1; +https://seostar.co/robot/)"
173.231.60.195 - - [26/Apr/2022:14:01:48 -0300] "GET /sobre.php HTTP/1.1" 200 225458 "http://www.cial.ind.br/" "Mozilla/5.0 (compatible; Adsbot/3.1; +https://seostar.co/robot/)"
173.231.60.195 - - [26/Apr/2022:14:01:59 -0300] "GET /videos.php HTTP/1.1" 200 224905 "http://www.cial.ind.br/" "Mozilla/5.0 (compatible; Adsbot/3.1; +https://seostar.co/robot/)"
173.231.60.195 - - [26/Apr/2022:14:02:09 -0300] "GET /contato.php HTTP/1.1" 200 224167 "http://www.cial.ind.br/" "Mozilla/5.0 (compatible; Adsbot/3.1; +https://seostar.co/robot/)"
173.231.60.195 - - [26/Apr/2022:14:02:18 -0300] "GET /produto.php?id=21 HTTP/1.1" 200 238789 "http://www.cial.ind.br/" "Mozilla/5.0 (compatible; Adsbot/3.1; +https://seostar.co/robot/)"
173.231.60.195 - - [26/Apr/2022:14:02:27 -0300] "GET /produto.php?id=22 HTTP/1.1" 200 239461 "http://www.cial.ind.br/" "Mozilla/5.0 (compatible; Adsbot/3.1; +https://seostar.co/robot/)"
173.231.60.195 - - [26/Apr/2022:14:02:36 -0300] "GET /produto.php?id=23 HTTP/1.1" 200 239214 "http://www.cial.ind.br/" "Mozilla/5.0 (compatible; Adsbot/3.1; +https://seostar.co/robot/)"
173.231.60.195 - - [26/Apr/2022:14:02:46 -0300] "GET /produto.php?id=24 HTTP/1.1" 200 237634 "http://www.cial.ind.br/" "Mozilla/5.0 (compatible; Adsbot/3.1; +https://seostar.co/robot/)"
173.231.60.195 - - [26/Apr/2022:14:02:57 -0300] "GET /produto.php?id=31 HTTP/1.1" 200 235881 "http://www.cial.ind.br/" "Mozilla/5.0 (compatible; Adsbot/3.1; +https://seostar.co/robot/)"
173.231.60.195 - - [26/Apr/2022:14:03:06 -0300] "GET /noticias.php HTTP/1.1" 200 227824 "http://www.cial.ind.br/" "Mozilla/5.0 (compatible; Adsbot/3.1; +https://seostar.co/robot/)"
173.231.60.195 - - [26/Apr/2022:14:03:20 -0300] "GET /servicos.php HTTP/1.1" 200 223332 "http://www.cial.ind.br/" "Mozilla/5.0 (compatible; Adsbot/3.1; +https://seostar.co/robot/)"
173.231.60.195 - - [26/Apr/2022:14:03:30 -0300] "GET /cadastrar.php HTTP/1.1" 200 226531 "http://www.cial.ind.br/" "Mozilla/5.0 (compatible; Adsbot/3.1; +https://seostar.co/robot/)"
173.231.60.195 - - [26/Apr/2022:14:03:41 -0300] "GET /categoria.php?id=42 HTTP/1.1" 200 224568 "http://www.cial.ind.br/" "Mozilla/5.0 (compatible; Adsbot/3.1; +https://seostar.co/robot/)"
173.231.60.195 - - [26/Apr/2022:14:03:50 -0300] "GET /localizacao.php HTTP/1.1" 200 223310 "http://www.cial.ind.br/" "Mozilla/5.0 (compatible; Adsbot/3.1; +https://seostar.co/robot/)"
173.231.60.195 - - [26/Apr/2022:14:04:02 -0300] "GET /categorias_mobile.php HTTP/1.1" 200 219128 "http://www.cial.ind.br/" "Mozilla/5.0 (compatible; Adsbot/3.1; +https://seostar.co/robot/)"
173.231.60.195 - - [26/Apr/2022:14:04:14 -0300] "GET /noticia.php?id=1 HTTP/1.1" 200 225518 "http://www.cial.ind.br/" "Mozilla/5.0 (compatible; Adsbot/3.1; +https://seostar.co/robot/)"
173.231.60.195 - - [26/Apr/2022:14:04:22 -0300] "GET /noticia.php?id=7 HTTP/1.1" 200 223526 "http://www.cial.ind.br/" "Mozilla/5.0 (compatible; Adsbot/3.1; +https://seostar.co/robot/)"
173.231.60.195 - - [26/Apr/2022:14:04:31 -0300] "GET /noticia.php?id=9 HTTP/1.1" 200 222763 "http://www.cial.ind.br/" "Mozilla/5.0 (compatible; Adsbot/3.1; +https://seostar.co/robot/)"
173.231.60.195 - - [26/Apr/2022:14:04:41 -0300] "GET /noticia.php?id=12 HTTP/1.1" 200 222688 "http://www.cial.ind.br/" "Mozilla/5.0 (compatible; Adsbot/3.1; +https://seostar.co/robot/)"
173.231.60.195 - - [26/Apr/2022:14:04:50 -0300] "GET /noticia.php?id=13 HTTP/1.1" 200 222707 "http://www.cial.ind.br/" "Mozilla/5.0 (compatible; Adsbot/3.1; +https://seostar.co/robot/)"
173.231.60.195 - - [26/Apr/2022:14:05:01 -0300] "GET /noticia.php?id=14 HTTP/1.1" 200 222707 "http://www.cial.ind.br/" "Mozilla/5.0 (compatible; Adsbot/3.1; +https://seostar.co/robot/)"
173.231.60.195 - - [26/Apr/2022:14:05:15 -0300] "GET /noticia.php?id=15 HTTP/1.1" 200 222708 "http://www.cial.ind.br/" "Mozilla/5.0 (compatible; Adsbot/3.1; +https://seostar.co/robot/)"
173.231.60.195 - - [26/Apr/2022:14:05:29 -0300] "GET /servico.php?id=1 HTTP/1.1" 200 224913 "http://www.cial.ind.br/" "Mozilla/5.0 (compatible; Adsbot/3.1; +https://seostar.co/robot/)"
173.231.60.195 - - [26/Apr/2022:14:05:38 -0300] "GET /categoria.php?id=39 HTTP/1.1" 200 222422 "http://www.cial.ind.br/" "Mozilla/5.0 (compatible; Adsbot/3.1; +https://seostar.co/robot/)"
173.231.60.195 - - [26/Apr/2022:14:05:48 -0300] "GET /categoria.php?id=43 HTTP/1.1" 200 223481 "http://www.cial.ind.br/" "Mozilla/5.0 (compatible; Adsbot/3.1; +https://seostar.co/robot/)"
173.231.60.195 - - [26/Apr/2022:14:06:00 -0300] "GET /categoria.php?id=44 HTTP/1.1" 200 223524 "http://www.cial.ind.br/" "Mozilla/5.0 (compatible; Adsbot/3.1; +https://seostar.co/robot/)"
173.231.60.195 - - [26/Apr/2022:14:06:11 -0300] "GET /categoria.php?id=45 HTTP/1.1" 200 223509 "http://www.cial.ind.br/" "Mozilla/5.0 (compatible; Adsbot/3.1; +https://seostar.co/robot/)"
173.231.60.195 - - [26/Apr/2022:14:06:28 -0300] "GET /categoria.php?id=47 HTTP/1.1" 200 223516 "http://www.cial.ind.br/" "Mozilla/5.0 (compatible; Adsbot/3.1; +https://seostar.co/robot/)"
173.231.60.195 - - [26/Apr/2022:14:06:42 -0300] "GET /categoria.php?id=53 HTTP/1.1" 200 223511 "http://www.cial.ind.br/" "Mozilla/5.0 (compatible; Adsbot/3.1; +https://seostar.co/robot/)"
173.231.60.195 - - [26/Apr/2022:14:06:57 -0300] "GET /categoria.php?id=55 HTTP/1.1" 200 223473 "http://www.cial.ind.br/" "Mozilla/5.0 (compatible; Adsbot/3.1; +https://seostar.co/robot/)"
173.231.60.195 - - [26/Apr/2022:14:07:05 -0300] "GET /cial.ind.br/produto.php?id=22 HTTP/1.1" 404 1021 "http://www.cial.ind.br/" "Mozilla/5.0 (compatible; Adsbot/3.1; +https://seostar.co/robot/)"
167.71.206.107 - - [26/Apr/2022:14:43:59 -0300] "GET /wp-login.php HTTP/1.1" 404 1021 "-" "Mozilla/5.0 (X11; Ubuntu; Linux x86_64; rv:62.0) Gecko/20100101 Firefox/62.0"
51.222.253.10 - - [26/Apr/2022:15:00:40 -0300] "GET /noticias.php HTTP/1.1" 200 27619 "-" "Mozilla/5.0 (compatible; AhrefsBot/7.0; +http://ahrefs.com/robot/)"
40.77.167.37 - - [26/Apr/2022:15:03:02 -0300] "GET /noticia.php?id=10?18072018180831 HTTP/1.1" 200 222697 "-" "Mozilla/5.0 (compatible; bingbot/2.0; +http://www.bing.com/bingbot.htm)"
51.222.253.17 - - [26/Apr/2022:16:07:37 -0300] "GET /noticia.php?id=1 HTTP/1.1" 200 28391 "-" "Mozilla/5.0 (compatible; AhrefsBot/7.0; +http://ahrefs.com/robot/)"
157.55.39.70 - - [26/Apr/2022:16:10:21 -0300] "GET /videos.php HTTP/1.1" 200 224898 "-" "Mozilla/5.0 (compatible; bingbot/2.0; +http://www.bing.com/bingbot.htm)"
51.222.253.3 - - [26/Apr/2022:16:38:14 -0300] "GET /noticia.php?id=12 HTTP/1.1" 200 27085 "-" "Mozilla/5.0 (compatible; AhrefsBot/7.0; +http://ahrefs.com/robot/)"
51.222.253.9 - - [26/Apr/2022:17:08:54 -0300] "GET /categoria.php?id=53 HTTP/1.1" 200 27220 "-" "Mozilla/5.0 (compatible; AhrefsBot/7.0; +http://ahrefs.com/robot/)"
51.222.253.5 - - [26/Apr/2022:17:57:13 -0300] "GET /noticia.php?id=1 HTTP/1.1" 200 28389 "-" "Mozilla/5.0 (compatible; AhrefsBot/7.0; +http://ahrefs.com/robot/)"
51.222.253.8 - - [26/Apr/2022:18:21:16 -0300] "GET /categoria.php?id=45 HTTP/1.1" 200 27236 "-" "Mozilla/5.0 (compatible; AhrefsBot/7.0; +http://ahrefs.com/robot/)"
51.222.253.1 - - [26/Apr/2022:22:50:38 -0300] "GET /produto.php?id=29 HTTP/1.1" 200 28948 "-" "Mozilla/5.0 (compatible; AhrefsBot/7.0; +http://ahrefs.com/robot/)"
173.231.60.195 - - [26/Apr/2022:23:25:08 -0300] "GET /noticia.php?id=10?18072018180831 HTTP/1.1" 200 222706 "http://www.cial.ind.br/" "Mozilla/5.0 (compatible; Adsbot/3.1; +https://seostar.co/robot/)"
173.231.60.195 - - [26/Apr/2022:23:25:15 -0300] "GET /produto.php?id=27 HTTP/1.1" 200 237443 "http://www.cial.ind.br/" "Mozilla/5.0 (compatible; Adsbot/3.1; +https://seostar.co/robot/)"
173.231.60.195 - - [26/Apr/2022:23:25:24 -0300] "GET /produto.php?id=28 HTTP/1.1" 200 238066 "http://www.cial.ind.br/" "Mozilla/5.0 (compatible; Adsbot/3.1; +https://seostar.co/robot/)"
173.231.60.195 - - [26/Apr/2022:23:25:34 -0300] "GET /produto.php?id=29 HTTP/1.1" 200 239026 "http://www.cial.ind.br/" "Mozilla/5.0 (compatible; Adsbot/3.1; +https://seostar.co/robot/)"
173.231.60.195 - - [26/Apr/2022:23:28:23 -0300] "GET /faq.php HTTP/1.1" 200 224484 "http://www.cial.ind.br/" "Mozilla/5.0 (compatible; Adsbot/3.1; +https://seostar.co/robot/)"
173.231.60.195 - - [26/Apr/2022:23:28:32 -0300] "GET /index.php HTTP/1.1" 200 239050 "http://www.cial.ind.br/" "Mozilla/5.0 (compatible; Adsbot/3.1; +https://seostar.co/robot/)"
173.231.60.195 - - [26/Apr/2022:23:28:42 -0300] "GET /sobre.php HTTP/1.1" 200 225458 "http://www.cial.ind.br/" "Mozilla/5.0 (compatible; Adsbot/3.1; +https://seostar.co/robot/)"
173.231.60.195 - - [26/Apr/2022:23:28:50 -0300] "GET /videos.php HTTP/1.1" 200 224906 "http://www.cial.ind.br/" "Mozilla/5.0 (compatible; Adsbot/3.1; +https://seostar.co/robot/)"
173.231.60.195 - - [26/Apr/2022:23:28:59 -0300] "GET /contato.php HTTP/1.1" 200 224166 "http://www.cial.ind.br/" "Mozilla/5.0 (compatible; Adsbot/3.1; +https://seostar.co/robot/)"
173.231.60.195 - - [26/Apr/2022:23:29:08 -0300] "GET /produto.php?id=21 HTTP/1.1" 200 238789 "http://www.cial.ind.br/" "Mozilla/5.0 (compatible; Adsbot/3.1; +https://seostar.co/robot/)"
173.231.60.195 - - [26/Apr/2022:23:29:17 -0300] "GET /produto.php?id=22 HTTP/1.1" 200 239460 "http://www.cial.ind.br/" "Mozilla/5.0 (compatible; Adsbot/3.1; +https://seostar.co/robot/)"
173.231.60.195 - - [26/Apr/2022:23:29:34 -0300] "GET /produto.php?id=23 HTTP/1.1" 200 239231 "http://www.cial.ind.br/" "Mozilla/5.0 (compatible; Adsbot/3.1; +https://seostar.co/robot/)"
173.231.60.195 - - [26/Apr/2022:23:29:43 -0300] "GET /produto.php?id=24 HTTP/1.1" 200 237636 "http://www.cial.ind.br/" "Mozilla/5.0 (compatible; Adsbot/3.1; +https://seostar.co/robot/)"
173.231.60.195 - - [26/Apr/2022:23:29:52 -0300] "GET /produto.php?id=31 HTTP/1.1" 200 235882 "http://www.cial.ind.br/" "Mozilla/5.0 (compatible; Adsbot/3.1; +https://seostar.co/robot/)"
173.231.60.195 - - [26/Apr/2022:23:30:01 -0300] "GET /noticias.php HTTP/1.1" 200 227815 "http://www.cial.ind.br/" "Mozilla/5.0 (compatible; Adsbot/3.1; +https://seostar.co/robot/)"
173.231.60.195 - - [26/Apr/2022:23:30:09 -0300] "GET /servicos.php HTTP/1.1" 200 223323 "http://www.cial.ind.br/" "Mozilla/5.0 (compatible; Adsbot/3.1; +https://seostar.co/robot/)"
173.231.60.195 - - [26/Apr/2022:23:30:17 -0300] "GET /cadastrar.php HTTP/1.1" 200 226532 "http://www.cial.ind.br/" "Mozilla/5.0 (compatible; Adsbot/3.1; +https://seostar.co/robot/)"
173.231.60.195 - - [26/Apr/2022:23:30:26 -0300] "GET /categoria.php?id=42 HTTP/1.1" 200 224568 "http://www.cial.ind.br/" "Mozilla/5.0 (compatible; Adsbot/3.1; +https://seostar.co/robot/)"
173.231.60.195 - - [26/Apr/2022:23:30:36 -0300] "GET /localizacao.php HTTP/1.1" 200 223310 "http://www.cial.ind.br/" "Mozilla/5.0 (compatible; Adsbot/3.1; +https://seostar.co/robot/)"
173.231.60.195 - - [26/Apr/2022:23:30:46 -0300] "GET /categorias_mobile.php HTTP/1.1" 200 219127 "http://www.cial.ind.br/" "Mozilla/5.0 (compatible; Adsbot/3.1; +https://seostar.co/robot/)"
173.231.60.195 - - [26/Apr/2022:23:30:54 -0300] "GET /noticia.php?id=1 HTTP/1.1" 200 225511 "http://www.cial.ind.br/" "Mozilla/5.0 (compatible; Adsbot/3.1; +https://seostar.co/robot/)"
173.231.60.195 - - [26/Apr/2022:23:31:04 -0300] "GET /noticia.php?id=7 HTTP/1.1" 200 223527 "http://www.cial.ind.br/" "Mozilla/5.0 (compatible; Adsbot/3.1; +https://seostar.co/robot/)"
173.231.60.195 - - [26/Apr/2022:23:31:14 -0300] "GET /noticia.php?id=9 HTTP/1.1" 200 222754 "http://www.cial.ind.br/" "Mozilla/5.0 (compatible; Adsbot/3.1; +https://seostar.co/robot/)"
173.231.60.195 - - [26/Apr/2022:23:31:23 -0300] "GET /noticia.php?id=12 HTTP/1.1" 200 222678 "http://www.cial.ind.br/" "Mozilla/5.0 (compatible; Adsbot/3.1; +https://seostar.co/robot/)"
173.231.60.195 - - [26/Apr/2022:23:31:33 -0300] "GET /noticia.php?id=13 HTTP/1.1" 200 222707 "http://www.cial.ind.br/" "Mozilla/5.0 (compatible; Adsbot/3.1; +https://seostar.co/robot/)"
173.231.60.195 - - [26/Apr/2022:23:31:42 -0300] "GET /noticia.php?id=14 HTTP/1.1" 200 222707 "http://www.cial.ind.br/" "Mozilla/5.0 (compatible; Adsbot/3.1; +https://seostar.co/robot/)"
173.231.60.195 - - [26/Apr/2022:23:31:50 -0300] "GET /noticia.php?id=15 HTTP/1.1" 200 222708 "http://www.cial.ind.br/" "Mozilla/5.0 (compatible; Adsbot/3.1; +https://seostar.co/robot/)"
173.231.60.195 - - [26/Apr/2022:23:31:59 -0300] "GET /servico.php?id=1 HTTP/1.1" 200 224906 "http://www.cial.ind.br/" "Mozilla/5.0 (compatible; Adsbot/3.1; +https://seostar.co/robot/)"
173.231.60.195 - - [26/Apr/2022:23:32:11 -0300] "GET /categoria.php?id=39 HTTP/1.1" 200 222436 "http://www.cial.ind.br/" "Mozilla/5.0 (compatible; Adsbot/3.1; +https://seostar.co/robot/)"
173.231.60.195 - - [26/Apr/2022:23:32:22 -0300] "GET /categoria.php?id=43 HTTP/1.1" 200 223481 "http://www.cial.ind.br/" "Mozilla/5.0 (compatible; Adsbot/3.1; +https://seostar.co/robot/)"
173.231.60.195 - - [26/Apr/2022:23:32:30 -0300] "GET /categoria.php?id=44 HTTP/1.1" 200 223523 "http://www.cial.ind.br/" "Mozilla/5.0 (compatible; Adsbot/3.1; +https://seostar.co/robot/)"
173.231.60.195 - - [26/Apr/2022:23:32:39 -0300] "GET /categoria.php?id=45 HTTP/1.1" 200 223517 "http://www.cial.ind.br/" "Mozilla/5.0 (compatible; Adsbot/3.1; +https://seostar.co/robot/)"
173.231.60.195 - - [26/Apr/2022:23:33:00 -0300] "GET /categoria.php?id=47 HTTP/1.1" 200 223515 "http://www.cial.ind.br/" "Mozilla/5.0 (compatible; Adsbot/3.1; +https://seostar.co/robot/)"
173.231.60.195 - - [26/Apr/2022:23:33:11 -0300] "GET /categoria.php?id=53 HTTP/1.1" 200 223512 "http://www.cial.ind.br/" "Mozilla/5.0 (compatible; Adsbot/3.1; +https://seostar.co/robot/)"
173.231.60.195 - - [26/Apr/2022:23:33:25 -0300] "GET /categoria.php?id=55 HTTP/1.1" 200 223471 "http://www.cial.ind.br/" "Mozilla/5.0 (compatible; Adsbot/3.1; +https://seostar.co/robot/)"
173.231.60.195 - - [26/Apr/2022:23:33:33 -0300] "GET /cial.ind.br/produto.php?id=22 HTTP/1.1" 404 1021 "http://www.cial.ind.br/" "Mozilla/5.0 (compatible; Adsbot/3.1; +https://seostar.co/robot/)"
157.55.39.70 - - [27/Apr/2022:01:32:36 -0300] "GET /videos.php HTTP/1.1" 200 224897 "-" "Mozilla/5.0 (compatible; bingbot/2.0; +http://www.bing.com/bingbot.htm)"
138.201.192.121 - - [27/Apr/2022:06:23:29 -0300] "GET /produto.php?id=28 HTTP/1.1" 200 28978 "-" "Mozilla/5.0 (compatible; DataForSeoBot/1.0; +https://dataforseo.com/dataforseo-bot)"
138.201.192.121 - - [27/Apr/2022:06:24:10 -0300] "GET /produto.php?id=29 HTTP/1.1" 200 28951 "-" "Mozilla/5.0 (compatible; DataForSeoBot/1.0; +https://dataforseo.com/dataforseo-bot)"
138.201.192.121 - - [27/Apr/2022:06:27:29 -0300] "GET /produto.php?id=27 HTTP/1.1" 200 28802 "-" "Mozilla/5.0 (compatible; DataForSeoBot/1.0; +https://dataforseo.com/dataforseo-bot)"
138.201.192.121 - - [27/Apr/2022:06:36:37 -0300] "GET /noticia.php?id=10?18072018180831 HTTP/1.1" 200 27057 "-" "Mozilla/5.0 (compatible; DataForSeoBot/1.0; +https://dataforseo.com/dataforseo-bot)"
157.55.39.8 - - [27/Apr/2022:07:33:35 -0300] "GET /noticia.php?id=15 HTTP/1.1" 200 222700 "-" "Mozilla/5.0 (compatible; bingbot/2.0; +http://www.bing.com/bingbot.htm)"
138.201.192.121 - - [27/Apr/2022:09:42:27 -0300] "GET /produto.php?id=23 HTTP/1.1" 200 28938 "-" "Mozilla/5.0 (compatible; DataForSeoBot/1.0; +https://dataforseo.com/dataforseo-bot)"
138.201.192.121 - - [27/Apr/2022:09:46:18 -0300] "GET /categorias_mobile.php HTTP/1.1" 200 25647 "-" "Mozilla/5.0 (compatible; DataForSeoBot/1.0; +https://dataforseo.com/dataforseo-bot)"
138.201.192.121 - - [27/Apr/2022:09:48:43 -0300] "GET /sobre.php HTTP/1.1" 200 28021 "-" "Mozilla/5.0 (compatible; DataForSeoBot/1.0; +https://dataforseo.com/dataforseo-bot)"
138.201.192.121 - - [27/Apr/2022:09:48:52 -0300] "GET /produto.php?id=22 HTTP/1.1" 200 28970 "-" "Mozilla/5.0 (compatible; DataForSeoBot/1.0; +https://dataforseo.com/dataforseo-bot)"
138.201.192.121 - - [27/Apr/2022:09:49:50 -0300] "GET /faq.php HTTP/1.1" 200 27324 "-" "Mozilla/5.0 (compatible; DataForSeoBot/1.0; +https://dataforseo.com/dataforseo-bot)"
138.201.192.121 - - [27/Apr/2022:09:52:02 -0300] "GET /index.php HTTP/1.1" 200 28480 "-" "Mozilla/5.0 (compatible; DataForSeoBot/1.0; +https://dataforseo.com/dataforseo-bot)"
138.201.192.121 - - [27/Apr/2022:09:52:44 -0300] "GET /categoria.php?id=42 HTTP/1.1" 200 27270 "-" "Mozilla/5.0 (compatible; DataForSeoBot/1.0; +https://dataforseo.com/dataforseo-bot)"
138.201.192.121 - - [27/Apr/2022:09:53:21 -0300] "GET /servicos.php HTTP/1.1" 200 27253 "-" "Mozilla/5.0 (compatible; DataForSeoBot/1.0; +https://dataforseo.com/dataforseo-bot)"
138.201.192.121 - - [27/Apr/2022:09:54:09 -0300] "GET /cadastrar.php HTTP/1.1" 200 27673 "-" "Mozilla/5.0 (compatible; DataForSeoBot/1.0; +https://dataforseo.com/dataforseo-bot)"
138.201.192.121 - - [27/Apr/2022:09:54:52 -0300] "GET /produto.php?id=31 HTTP/1.1" 200 28631 "-" "Mozilla/5.0 (compatible; DataForSeoBot/1.0; +https://dataforseo.com/dataforseo-bot)"
138.201.192.121 - - [27/Apr/2022:09:55:44 -0300] "GET /produto.php?id=24 HTTP/1.1" 200 28908 "-" "Mozilla/5.0 (compatible; DataForSeoBot/1.0; +https://dataforseo.com/dataforseo-bot)"
138.201.192.121 - - [27/Apr/2022:09:56:44 -0300] "GET /localizacao.php HTTP/1.1" 200 27148 "-" "Mozilla/5.0 (compatible; DataForSeoBot/1.0; +https://dataforseo.com/dataforseo-bot)"
138.201.192.121 - - [27/Apr/2022:09:58:43 -0300] "GET /produto.php?id=21 HTTP/1.1" 200 28971 "-" "Mozilla/5.0 (compatible; DataForSeoBot/1.0; +https://dataforseo.com/dataforseo-bot)"
138.201.192.121 - - [27/Apr/2022:09:58:47 -0300] "GET /noticias.php HTTP/1.1" 200 27615 "-" "Mozilla/5.0 (compatible; DataForSeoBot/1.0; +https://dataforseo.com/dataforseo-bot)"
138.201.192.121 - - [27/Apr/2022:09:58:55 -0300] "GET /videos.php HTTP/1.1" 200 27383 "-" "Mozilla/5.0 (compatible; DataForSeoBot/1.0; +https://dataforseo.com/dataforseo-bot)"
138.201.192.121 - - [27/Apr/2022:09:59:53 -0300] "GET /contato.php HTTP/1.1" 200 27383 "-" "Mozilla/5.0 (compatible; DataForSeoBot/1.0; +https://dataforseo.com/dataforseo-bot)"
157.55.39.70 - - [27/Apr/2022:10:37:28 -0300] "GET /videos.php HTTP/1.1" 200 224898 "-" "Mozilla/5.0 (compatible; bingbot/2.0; +http://www.bing.com/bingbot.htm)"
34.68.97.70 - - [27/Apr/2022:14:22:46 -0300] "GET /wp-login.php HTTP/1.1" 404 1021 "-" "Mozilla/5.0 (X11; Ubuntu; Linux x86_64; rv:62.0) Gecko/20100101 Firefox/62.0"
157.55.39.8 - - [27/Apr/2022:16:52:08 -0300] "GET /noticias.php HTTP/1.1" 200 227825 "-" "Mozilla/5.0 (compatible; bingbot/2.0; +http://www.bing.com/bingbot.htm)"
51.222.253.1 - - [27/Apr/2022:18:13:01 -0300] "GET /servico.php?id=1 HTTP/1.1" 200 27487 "-" "Mozilla/5.0 (compatible; AhrefsBot/7.0; +http://ahrefs.com/robot/)"
157.55.39.70 - - [27/Apr/2022:19:41:32 -0300] "GET /videos.php HTTP/1.1" 200 224897 "-" "Mozilla/5.0 (compatible; bingbot/2.0; +http://www.bing.com/bingbot.htm)"
212.102.33.180 - - [28/Apr/2022:01:50:56 -0300] "GET /contato.php HTTP/1.1" 200 224150 "-" "Mozilla/5.0 (Windows NT 6.1) AppleWebKit/537.36 (KHTML, like Gecko) Chrome/53.0.2785.104 Safari/537.36 Core/1.53.2057.400 QQBrowser/9.5.10158.400"
40.77.167.37 - - [28/Apr/2022:02:00:50 -0300] "GET /noticia.php?id=10?18072018180831 HTTP/1.1" 200 222697 "-" "Mozilla/5.0 (compatible; bingbot/2.0; +http://www.bing.com/bingbot.htm)"
157.55.39.70 - - [28/Apr/2022:04:44:54 -0300] "GET /videos.php HTTP/1.1" 200 224891 "-" "Mozilla/5.0 (compatible; bingbot/2.0; +http://www.bing.com/bingbot.htm)"
51.222.253.5 - - [28/Apr/2022:05:52:05 -0300] "GET /noticias.php HTTP/1.1" 200 27619 "-" "Mozilla/5.0 (compatible; AhrefsBot/7.0; +http://ahrefs.com/robot/)"
194.38.20.161 - - [28/Apr/2022:06:50:15 -0300] "GET /admin/elfinder/php/connector.minimal.php HTTP/1.1" 404 1021 "-" "ALittle Client"
157.55.39.70 - - [28/Apr/2022:08:49:47 -0300] "GET /categoria.php?id=44 HTTP/1.1" 200 223515 "-" "Mozilla/5.0 (compatible; bingbot/2.0; +http://www.bing.com/bingbot.htm)"
51.222.253.6 - - [28/Apr/2022:09:21:03 -0300] "GET /noticia.php?id=15 HTTP/1.1" 200 27067 "-" "Mozilla/5.0 (compatible; AhrefsBot/7.0; +http://ahrefs.com/robot/)"
157.55.39.70 - - [28/Apr/2022:13:46:48 -0300] "GET /videos.php HTTP/1.1" 200 224898 "-" "Mozilla/5.0 (compatible; bingbot/2.0; +http://www.bing.com/bingbot.htm)"
31.177.95.201 - - [28/Apr/2022:14:12:30 -0300] "GET /style.php?sig=rename HTTP/1.0" 404 1021 "-" "Mozilla/5.0 (Linux; Android 10; SM-A125F) AppleWebKit/537.36 (KHTML, like Gecko) Chrome/89.0.4389.105 Mobile Safari/537.36 OPR/63.3.3216.58675"
66.29.154.216 - - [28/Apr/2022:15:49:44 -0300] "GET /wp-login.php HTTP/1.1" 404 1021 "-" "Mozilla/5.0 (X11; Ubuntu; Linux x86_64; rv:62.0) Gecko/20100101 Firefox/62.0"
51.222.253.4 - - [28/Apr/2022:17:25:41 -0300] "GET /servico.php?id=1 HTTP/1.1" 200 27483 "-" "Mozilla/5.0 (compatible; AhrefsBot/7.0; +http://ahrefs.com/robot/)"
185.220.101.6 - - [28/Apr/2022:18:23:35 -0300] "GET /categoria.php?id=42%22'! HTTP/1.1" 200 224559 "-" "Opera/8.51 (Windows NT 5.1; U; pl)"
51.222.253.3 - - [28/Apr/2022:20:03:22 -0300] "GET /produto.php?id=23 HTTP/1.1" 200 28938 "-" "Mozilla/5.0 (compatible; AhrefsBot/7.0; +http://ahrefs.com/robot/)"
51.222.253.14 - - [28/Apr/2022:20:43:54 -0300] "GET /produto.php?id=27 HTTP/1.1" 200 28803 "-" "Mozilla/5.0 (compatible; AhrefsBot/7.0; +http://ahrefs.com/robot/)"
157.55.39.70 - - [28/Apr/2022:22:48:41 -0300] "GET /videos.php HTTP/1.1" 200 224897 "-" "Mozilla/5.0 (compatible; bingbot/2.0; +http://www.bing.com/bingbot.htm)"
51.222.253.19 - - [28/Apr/2022:22:51:14 -0300] "GET /index.php HTTP/1.1" 200 28457 "-" "Mozilla/5.0 (compatible; AhrefsBot/7.0; +http://ahrefs.com/robot/)"
173.231.60.195 - - [28/Apr/2022:23:19:09 -0300] "GET /noticia.php?id=10?18072018180831 HTTP/1.1" 200 222697 "http://www.cial.ind.br/" "Mozilla/5.0 (compatible; Adsbot/3.1; +https://seostar.co/robot/)"
173.231.60.195 - - [28/Apr/2022:23:19:23 -0300] "GET /produto.php?id=27 HTTP/1.1" 200 237441 "http://www.cial.ind.br/" "Mozilla/5.0 (compatible; Adsbot/3.1; +https://seostar.co/robot/)"
173.231.60.195 - - [28/Apr/2022:23:19:38 -0300] "GET /produto.php?id=28 HTTP/1.1" 200 238066 "http://www.cial.ind.br/" "Mozilla/5.0 (compatible; Adsbot/3.1; +https://seostar.co/robot/)"
173.231.60.195 - - [28/Apr/2022:23:19:46 -0300] "GET /produto.php?id=29 HTTP/1.1" 200 239028 "http://www.cial.ind.br/" "Mozilla/5.0 (compatible; Adsbot/3.1; +https://seostar.co/robot/)"
173.231.60.195 - - [29/Apr/2022:01:17:48 -0300] "GET /faq.php HTTP/1.1" 200 224483 "http://www.cial.ind.br/" "Mozilla/5.0 (compatible; Adsbot/3.1; +https://seostar.co/robot/)"
173.231.60.195 - - [29/Apr/2022:01:17:57 -0300] "GET /index.php HTTP/1.1" 200 239038 "http://www.cial.ind.br/" "Mozilla/5.0 (compatible; Adsbot/3.1; +https://seostar.co/robot/)"
173.231.60.195 - - [29/Apr/2022:01:18:05 -0300] "GET /sobre.php HTTP/1.1" 200 225457 "http://www.cial.ind.br/" "Mozilla/5.0 (compatible; Adsbot/3.1; +https://seostar.co/robot/)"
173.231.60.195 - - [29/Apr/2022:01:18:13 -0300] "GET /videos.php HTTP/1.1" 200 224896 "http://www.cial.ind.br/" "Mozilla/5.0 (compatible; Adsbot/3.1; +https://seostar.co/robot/)"
173.231.60.195 - - [29/Apr/2022:01:18:20 -0300] "GET /contato.php HTTP/1.1" 200 224166 "http://www.cial.ind.br/" "Mozilla/5.0 (compatible; Adsbot/3.1; +https://seostar.co/robot/)"
173.231.60.195 - - [29/Apr/2022:01:18:28 -0300] "GET /produto.php?id=21 HTTP/1.1" 200 238773 "http://www.cial.ind.br/" "Mozilla/5.0 (compatible; Adsbot/3.1; +https://seostar.co/robot/)"
173.231.60.195 - - [29/Apr/2022:01:18:37 -0300] "GET /produto.php?id=22 HTTP/1.1" 200 239444 "http://www.cial.ind.br/" "Mozilla/5.0 (compatible; Adsbot/3.1; +https://seostar.co/robot/)"
173.231.60.195 - - [29/Apr/2022:01:23:21 -0300] "GET /produto.php?id=23 HTTP/1.1" 200 239231 "http://www.cial.ind.br/" "Mozilla/5.0 (compatible; Adsbot/3.1; +https://seostar.co/robot/)"
173.231.60.195 - - [29/Apr/2022:02:15:10 -0300] "GET /produto.php?id=24 HTTP/1.1" 200 237635 "http://www.cial.ind.br/" "Mozilla/5.0 (compatible; Adsbot/3.1; +https://seostar.co/robot/)"
173.231.60.195 - - [29/Apr/2022:02:15:23 -0300] "GET /produto.php?id=31 HTTP/1.1" 200 235881 "http://www.cial.ind.br/" "Mozilla/5.0 (compatible; Adsbot/3.1; +https://seostar.co/robot/)"
173.231.60.195 - - [29/Apr/2022:02:15:38 -0300] "GET /noticias.php HTTP/1.1" 200 227818 "http://www.cial.ind.br/" "Mozilla/5.0 (compatible; Adsbot/3.1; +https://seostar.co/robot/)"
173.231.60.195 - - [29/Apr/2022:02:15:46 -0300] "GET /servicos.php HTTP/1.1" 200 223332 "http://www.cial.ind.br/" "Mozilla/5.0 (compatible; Adsbot/3.1; +https://seostar.co/robot/)"
173.231.60.195 - - [29/Apr/2022:02:15:56 -0300] "GET /cadastrar.php HTTP/1.1" 200 226531 "http://www.cial.ind.br/" "Mozilla/5.0 (compatible; Adsbot/3.1; +https://seostar.co/robot/)"
173.231.60.195 - - [29/Apr/2022:02:16:11 -0300] "GET /categoria.php?id=42 HTTP/1.1" 200 224568 "http://www.cial.ind.br/" "Mozilla/5.0 (compatible; Adsbot/3.1; +https://seostar.co/robot/)"
173.231.60.195 - - [29/Apr/2022:02:16:21 -0300] "GET /localizacao.php HTTP/1.1" 200 223309 "http://www.cial.ind.br/" "Mozilla/5.0 (compatible; Adsbot/3.1; +https://seostar.co/robot/)"
173.231.60.195 - - [29/Apr/2022:02:16:37 -0300] "GET /categorias_mobile.php HTTP/1.1" 200 219136 "http://www.cial.ind.br/" "Mozilla/5.0 (compatible; Adsbot/3.1; +https://seostar.co/robot/)"
173.231.60.195 - - [29/Apr/2022:02:16:50 -0300] "GET /noticia.php?id=1 HTTP/1.1" 200 225511 "http://www.cial.ind.br/" "Mozilla/5.0 (compatible; Adsbot/3.1; +https://seostar.co/robot/)"
173.231.60.195 - - [29/Apr/2022:02:16:59 -0300] "GET /noticia.php?id=7 HTTP/1.1" 200 223525 "http://www.cial.ind.br/" "Mozilla/5.0 (compatible; Adsbot/3.1; +https://seostar.co/robot/)"
40.69.195.15 - - [29/Apr/2022:02:52:54 -0300] "GET /vendor/phpunit/phpunit/src/Util/PHP/eval-stdin.php HTTP/1.1" 404 1021 "-" "python-requests/2.25.1"
173.231.60.195 - - [29/Apr/2022:03:11:50 -0300] "GET /noticia.php?id=9 HTTP/1.1" 200 222764 "http://www.cial.ind.br/" "Mozilla/5.0 (compatible; Adsbot/3.1; +https://seostar.co/robot/)"
173.231.60.195 - - [29/Apr/2022:03:12:00 -0300] "GET /noticia.php?id=12 HTTP/1.1" 200 222679 "http://www.cial.ind.br/" "Mozilla/5.0 (compatible; Adsbot/3.1; +https://seostar.co/robot/)"
173.231.60.195 - - [29/Apr/2022:03:12:07 -0300] "GET /noticia.php?id=13 HTTP/1.1" 200 222698 "http://www.cial.ind.br/" "Mozilla/5.0 (compatible; Adsbot/3.1; +https://seostar.co/robot/)"
173.231.60.195 - - [29/Apr/2022:03:12:15 -0300] "GET /noticia.php?id=14 HTTP/1.1" 200 222699 "http://www.cial.ind.br/" "Mozilla/5.0 (compatible; Adsbot/3.1; +https://seostar.co/robot/)"
173.231.60.195 - - [29/Apr/2022:03:12:24 -0300] "GET /noticia.php?id=15 HTTP/1.1" 200 222708 "http://www.cial.ind.br/" "Mozilla/5.0 (compatible; Adsbot/3.1; +https://seostar.co/robot/)"
173.231.60.195 - - [29/Apr/2022:03:12:33 -0300] "GET /servico.php?id=1 HTTP/1.1" 200 224913 "http://www.cial.ind.br/" "Mozilla/5.0 (compatible; Adsbot/3.1; +https://seostar.co/robot/)"
173.231.60.195 - - [29/Apr/2022:03:12:40 -0300] "GET /categoria.php?id=39 HTTP/1.1" 200 222430 "http://www.cial.ind.br/" "Mozilla/5.0 (compatible; Adsbot/3.1; +https://seostar.co/robot/)"
173.231.60.195 - - [29/Apr/2022:03:12:48 -0300] "GET /categoria.php?id=43 HTTP/1.1" 200 223480 "http://www.cial.ind.br/" "Mozilla/5.0 (compatible; Adsbot/3.1; +https://seostar.co/robot/)"
173.231.60.195 - - [29/Apr/2022:03:12:56 -0300] "GET /categoria.php?id=44 HTTP/1.1" 200 223522 "http://www.cial.ind.br/" "Mozilla/5.0 (compatible; Adsbot/3.1; +https://seostar.co/robot/)"
173.231.60.195 - - [29/Apr/2022:03:13:04 -0300] "GET /categoria.php?id=45 HTTP/1.1" 200 223517 "http://www.cial.ind.br/" "Mozilla/5.0 (compatible; Adsbot/3.1; +https://seostar.co/robot/)"
23.250.94.233 - - [29/Apr/2022:03:49:04 -0300] "GET /contato.php HTTP/1.1" 200 224167 "-" "Mozilla/5.0 (Windows NT 10.0; Win64; x64) AppleWebKit/537.36 (KHTML, like Gecko) Chrome/68.0.3428.0 Safari/537.36"
23.250.94.233 - - [29/Apr/2022:03:49:07 -0300] "POST /contato.php HTTP/1.1" 200 224901 "http://www.cial.ind.br/contato.php" "Mozilla/5.0 (Windows NT 10.0; Win64; x64) AppleWebKit/537.36 (KHTML, like Gecko) Chrome/68.0.3428.0 Safari/537.36"
173.231.60.195 - - [29/Apr/2022:04:03:22 -0300] "GET /categoria.php?id=47 HTTP/1.1" 200 223506 "http://www.cial.ind.br/" "Mozilla/5.0 (compatible; Adsbot/3.1; +https://seostar.co/robot/)"
173.231.60.195 - - [29/Apr/2022:04:03:31 -0300] "GET /categoria.php?id=53 HTTP/1.1" 200 223512 "http://www.cial.ind.br/" "Mozilla/5.0 (compatible; Adsbot/3.1; +https://seostar.co/robot/)"
173.231.60.195 - - [29/Apr/2022:04:03:39 -0300] "GET /categoria.php?id=55 HTTP/1.1" 200 223472 "http://www.cial.ind.br/" "Mozilla/5.0 (compatible; Adsbot/3.1; +https://seostar.co/robot/)"
173.231.60.195 - - [29/Apr/2022:04:03:47 -0300] "GET /cial.ind.br/produto.php?id=22 HTTP/1.1" 404 1021 "http://www.cial.ind.br/" "Mozilla/5.0 (compatible; Adsbot/3.1; +https://seostar.co/robot/)"
207.46.13.173 - - [29/Apr/2022:05:59:29 -0300] "GET /categoria.php?id=45 HTTP/1.1" 200 222412 "-" "Mozilla/5.0 (iPhone; CPU iPhone OS 7_0 like Mac OS X) AppleWebKit/537.51.1 (KHTML, like Gecko) Version/7.0 Mobile/11A465 Safari/9537.53 (compatible; bingbot/2.0; +http://www.bing.com/bingbot.htm)"
157.55.39.70 - - [29/Apr/2022:07:18:55 -0300] "GET /categoria.php?id=44 HTTP/1.1" 200 223516 "-" "Mozilla/5.0 (compatible; bingbot/2.0; +http://www.bing.com/bingbot.htm)"
157.55.39.70 - - [29/Apr/2022:07:52:01 -0300] "GET /videos.php HTTP/1.1" 200 224899 "-" "Mozilla/5.0 (compatible; bingbot/2.0; +http://www.bing.com/bingbot.htm)"
51.222.253.12 - - [29/Apr/2022:10:01:59 -0300] "GET /faq.php HTTP/1.1" 200 27326 "-" "Mozilla/5.0 (compatible; AhrefsBot/7.0; +http://ahrefs.com/robot/)"
192.169.176.214 - - [29/Apr/2022:10:08:07 -0300] "GET /phpinfo.php HTTP/1.1" 404 1021 "-" "Mozlila/5.0 (Linux; Android 7.0; SM-G892A Bulid/NRD90M; wv) AppleWebKit/537.36 (KHTML, like Gecko) Version/4.0 Chrome/60.0.3112.107 Moblie Safari/537.36"
192.169.176.214 - - [29/Apr/2022:10:08:27 -0300] "GET /info.php HTTP/1.1" 404 1021 "-" "Mozlila/5.0 (Linux; Android 7.0; SM-G892A Bulid/NRD90M; wv) AppleWebKit/537.36 (KHTML, like Gecko) Version/4.0 Chrome/60.0.3112.107 Moblie Safari/537.36"
157.55.39.8 - - [29/Apr/2022:11:01:46 -0300] "GET /index.php HTTP/1.1" 200 239313 "-" "Mozilla/5.0 (compatible; bingbot/2.0; +http://www.bing.com/bingbot.htm)"
157.55.39.70 - - [29/Apr/2022:16:58:45 -0300] "GET /videos.php HTTP/1.1" 200 224898 "-" "Mozilla/5.0 (compatible; bingbot/2.0; +http://www.bing.com/bingbot.htm)"
162.253.68.164 - - [29/Apr/2022:22:14:24 -0300] "GET /contato.php HTTP/1.1" 200 224167 "http://www.cial.ind.br" "Mozilla/5.0 (Windows NT 6.1) AppleWebKit/537.36 (KHTML, like Gecko) Chrome/53.0.2785.104 Safari/537.36 Core/1.53.2057.400 QQBrowser/9.5.10158.400"
162.253.68.164 - - [29/Apr/2022:22:14:28 -0300] "POST /contato.php HTTP/1.1" 200 224660 "http://www.cial.ind.br/contato.php" "Mozilla/5.0 (Windows NT 6.1) AppleWebKit/537.36 (KHTML, like Gecko) Chrome/53.0.2785.104 Safari/537.36 Core/1.53.2057.400 QQBrowser/9.5.10158.400"
37.75.131.172 - - [29/Apr/2022:23:10:14 -0300] "POST /blog/xmlrpc.php HTTP/1.1" 404 1021 "-" "Mozilla/5.0 (Macintosh; U; Intel Mac OS X 10.6; fr; rv:1.9.2.8) Gecko/20100722 Firefox/3.6.8"
37.75.131.172 - - [29/Apr/2022:23:10:14 -0300] "POST /xmlrpc.php HTTP/1.1" 404 1021 "-" "Mozilla/5.0 (Macintosh; U; Intel Mac OS X 10.6; fr; rv:1.9.2.8) Gecko/20100722 Firefox/3.6.8"
138.197.173.121 - - [30/Apr/2022:00:02:46 -0300] "GET /wp-login.php HTTP/1.1" 404 1021 "-" "Mozilla/5.0 (X11; Ubuntu; Linux x86_64; rv:62.0) Gecko/20100101 Firefox/62.0"
51.222.253.11 - - [30/Apr/2022:00:36:16 -0300] "GET /categoria.php?id=44 HTTP/1.1" 200 27232 "-" "Mozilla/5.0 (compatible; AhrefsBot/7.0; +http://ahrefs.com/robot/)"
51.222.253.17 - - [30/Apr/2022:01:17:24 -0300] "GET /produto.php?id=28 HTTP/1.1" 200 28980 "-" "Mozilla/5.0 (compatible; AhrefsBot/7.0; +http://ahrefs.com/robot/)"
157.55.39.70 - - [30/Apr/2022:04:49:23 -0300] "GET /videos.php HTTP/1.1" 200 224897 "-" "Mozilla/5.0 (compatible; bingbot/2.0; +http://www.bing.com/bingbot.htm)"
194.38.20.161 - - [30/Apr/2022:06:04:49 -0300] "GET /admin/elfinder/php/connector.php HTTP/1.1" 404 1021 "-" "ALittle Client"
20.126.144.239 - - [30/Apr/2022:06:33:19 -0300] "GET /x.php HTTP/1.1" 404 1021 "-" "Mozilla/5.0 (Windows NT 10.0; Win64; x64) AppleWebKit/537.36 (KHTML, like Gecko) Chrome/85.0.4183.102 Safari/537.36"
20.126.144.239 - - [30/Apr/2022:06:33:21 -0300] "GET /wso.php HTTP/1.1" 404 1021 "-" "Mozilla/5.0 (Windows NT 10.0; Win64; x64) AppleWebKit/537.36 (KHTML, like Gecko) Chrome/85.0.4183.102 Safari/537.36"
20.126.144.239 - - [30/Apr/2022:06:33:22 -0300] "GET /srx.php HTTP/1.1" 404 1021 "-" "Mozilla/5.0 (Windows NT 10.0; Win64; x64) AppleWebKit/537.36 (KHTML, like Gecko) Chrome/85.0.4183.102 Safari/537.36"
20.126.144.239 - - [30/Apr/2022:06:33:24 -0300] "GET /1337.php HTTP/1.1" 404 1021 "-" "Mozilla/5.0 (Windows NT 10.0; Win64; x64) AppleWebKit/537.36 (KHTML, like Gecko) Chrome/85.0.4183.102 Safari/537.36"
20.126.144.239 - - [30/Apr/2022:06:33:25 -0300] "GET /xx.php HTTP/1.1" 404 1021 "-" "Mozilla/5.0 (Windows NT 10.0; Win64; x64) AppleWebKit/537.36 (KHTML, like Gecko) Chrome/85.0.4183.102 Safari/537.36"
20.126.144.239 - - [30/Apr/2022:06:33:27 -0300] "GET /XxX.php HTTP/1.1" 404 1021 "-" "Mozilla/5.0 (Windows NT 10.0; Win64; x64) AppleWebKit/537.36 (KHTML, like Gecko) Chrome/85.0.4183.102 Safari/537.36"
20.126.144.239 - - [30/Apr/2022:06:33:29 -0300] "GET /leaf.php HTTP/1.1" 404 1021 "-" "Mozilla/5.0 (Windows NT 10.0; Win64; x64) AppleWebKit/537.36 (KHTML, like Gecko) Chrome/85.0.4183.102 Safari/537.36"
20.126.144.239 - - [30/Apr/2022:06:33:34 -0300] "GET /leafmailer2.8.php HTTP/1.1" 404 1021 "-" "Mozilla/5.0 (Windows NT 10.0; Win64; x64) AppleWebKit/537.36 (KHTML, like Gecko) Chrome/85.0.4183.102 Safari/537.36"
20.126.144.239 - - [30/Apr/2022:06:33:37 -0300] "GET /bb.php HTTP/1.1" 404 1021 "-" "Mozilla/5.0 (Windows NT 10.0; Win64; x64) AppleWebKit/537.36 (KHTML, like Gecko) Chrome/85.0.4183.102 Safari/537.36"
20.126.144.239 - - [30/Apr/2022:06:33:40 -0300] "GET /m.php HTTP/1.1" 404 1021 "-" "Mozilla/5.0 (Windows NT 10.0; Win64; x64) AppleWebKit/537.36 (KHTML, like Gecko) Chrome/85.0.4183.102 Safari/537.36"
157.55.39.70 - - [30/Apr/2022:07:17:05 -0300] "GET /categoria.php?id=44 HTTP/1.1" 200 223522 "-" "Mozilla/5.0 (compatible; bingbot/2.0; +http://www.bing.com/bingbot.htm)"
157.55.39.70 - - [30/Apr/2022:11:50:12 -0300] "GET /categoria.php?id=44 HTTP/1.1" 200 223523 "-" "Mozilla/5.0 (compatible; bingbot/2.0; +http://www.bing.com/bingbot.htm)"
157.55.39.70 - - [30/Apr/2022:13:50:27 -0300] "GET /videos.php HTTP/1.1" 200 224905 "-" "Mozilla/5.0 (compatible; bingbot/2.0; +http://www.bing.com/bingbot.htm)"
51.222.253.20 - - [30/Apr/2022:20:25:31 -0300] "GET /noticia.php?id=9 HTTP/1.1" 200 27128 "-" "Mozilla/5.0 (compatible; AhrefsBot/7.0; +http://ahrefs.com/robot/)"
66.249.73.28 - - [30/Apr/2022:21:04:23 -0300] "GET /sobre.php HTTP/1.1" 200 28021 "-" "Mozilla/5.0 (Linux; Android 6.0.1; Nexus 5X Build/MMB29P) AppleWebKit/537.36 (KHTML, like Gecko) Chrome/100.0.4896.127 Mobile Safari/537.36 (compatible; Googlebot/2.1; +http://www.google.com/bot.html)"
51.222.253.19 - - [30/Apr/2022:21:55:09 -0300] "GET /categoria.php?id=43 HTTP/1.1" 200 27218 "-" "Mozilla/5.0 (compatible; AhrefsBot/7.0; +http://ahrefs.com/robot/)"
51.222.253.9 - - [30/Apr/2022:22:56:34 -0300] "GET /noticia.php?id=14 HTTP/1.1" 200 27068 "-" "Mozilla/5.0 (compatible; AhrefsBot/7.0; +http://ahrefs.com/robot/)"
51.222.253.4 - - [30/Apr/2022:23:17:58 -0300] "GET /noticia.php?id=13 HTTP/1.1" 200 27069 "-" "Mozilla/5.0 (compatible; AhrefsBot/7.0; +http://ahrefs.com/robot/)"
157.55.39.70 - - [01/May/2022:00:44:41 -0300] "GET /videos.php HTTP/1.1" 200 224898 "-" "Mozilla/5.0 (compatible; bingbot/2.0; +http://www.bing.com/bingbot.htm)"
58.211.117.198 - - [01/May/2022:04:42:24 -0300] "GET /contato.php HTTP/1.0" 200 224106 "http://www.cial.ind.br/contato.php" "Mozilla/5.0 (Windows NT 10.0; Win64; x64) AppleWebKit/537.36 (KHTML, like Gecko) Chrome/90.0.4430.85 Safari/537.36 Edg/90.0.818.49"
58.211.117.198 - - [01/May/2022:04:42:40 -0300] "POST /contato.php HTTP/1.0" 200 224402 "http://www.cial.ind.br/contato.php" "Mozilla/5.0 (Windows NT 10.0; Win64; x64) AppleWebKit/537.36 (KHTML, like Gecko) Chrome/90.0.4430.85 Safari/537.36 Edg/90.0.818.49"
51.222.253.11 - - [01/May/2022:06:13:26 -0300] "GET /index.php HTTP/1.1" 200 28472 "-" "Mozilla/5.0 (compatible; AhrefsBot/7.0; +http://ahrefs.com/robot/)"
51.222.253.12 - - [01/May/2022:06:29:47 -0300] "GET /produto.php?id=21 HTTP/1.1" 200 28972 "-" "Mozilla/5.0 (compatible; AhrefsBot/7.0; +http://ahrefs.com/robot/)"
5.189.128.189 - - [01/May/2022:06:30:43 -0300] "GET /wp-login.php HTTP/1.1" 404 1021 "-" "Mozilla/5.0 (X11; Ubuntu; Linux x86_64; rv:62.0) Gecko/20100101 Firefox/62.0"
51.222.253.14 - - [01/May/2022:06:45:38 -0300] "GET /categoria.php?id=39 HTTP/1.1" 200 27027 "-" "Mozilla/5.0 (compatible; AhrefsBot/7.0; +http://ahrefs.com/robot/)"
51.222.253.4 - - [01/May/2022:07:03:23 -0300] "GET /categoria.php?id=47 HTTP/1.1" 200 27221 "-" "Mozilla/5.0 (compatible; AhrefsBot/7.0; +http://ahrefs.com/robot/)"
157.55.39.70 - - [01/May/2022:07:13:55 -0300] "GET /categoria.php?id=44 HTTP/1.1" 200 223516 "-" "Mozilla/5.0 (compatible; bingbot/2.0; +http://www.bing.com/bingbot.htm)"
157.55.39.70 - - [01/May/2022:07:29:49 -0300] "GET /categoria.php?id=42 HTTP/1.1" 200 224559 "-" "Mozilla/5.0 (compatible; bingbot/2.0; +http://www.bing.com/bingbot.htm)"
157.55.39.70 - - [01/May/2022:09:47:21 -0300] "GET /videos.php HTTP/1.1" 200 224896 "-" "Mozilla/5.0 (compatible; bingbot/2.0; +http://www.bing.com/bingbot.htm)"
51.222.253.7 - - [01/May/2022:09:51:06 -0300] "GET /categoria.php?id=55 HTTP/1.1" 200 27205 "-" "Mozilla/5.0 (compatible; AhrefsBot/7.0; +http://ahrefs.com/robot/)"
185.191.171.5 - - [01/May/2022:14:20:10 -0300] "GET /cadastrar.php HTTP/1.1" 200 226523 "-" "Mozilla/5.0 (compatible; SemrushBot/7~bl; +http://www.semrush.com/bot.html)"
107.189.30.52 - - [01/May/2022:14:43:35 -0300] "GET /categoria.php?id=42%22'! HTTP/1.1" 200 224559 "-" "Mozilla/4.0 (compatible; MSIE 6.0; Windows NT 5.1; tr) Opera 8.50"
185.191.171.25 - - [01/May/2022:15:21:13 -0300] "GET /cadastrar.php HTTP/1.1" 200 226531 "-" "Mozilla/5.0 (compatible; SemrushBot/7~bl; +http://www.semrush.com/bot.html)"
34.216.142.175 - - [01/May/2022:15:37:22 -0300] "GET /vendor/phpunit/phpunit/src/Util/PHP/eval-stdin.php HTTP/1.1" 404 1021 "-" "python-requests/2.27.1"
157.55.39.8 - - [01/May/2022:15:47:58 -0300] "GET /noticias.php HTTP/1.1" 200 227817 "-" "Mozilla/5.0 (compatible; bingbot/2.0; +http://www.bing.com/bingbot.htm)"
34.216.142.175 - - [01/May/2022:16:05:28 -0300] "GET /vendor/phpunit/phpunit/src/Util/PHP/eval-stdin.php HTTP/1.1" 404 1021 "-" "python-requests/2.27.1"
40.77.167.37 - - [01/May/2022:16:47:01 -0300] "GET /produto.php?id=27 HTTP/1.1" 200 237443 "-" "Mozilla/5.0 (compatible; bingbot/2.0; +http://www.bing.com/bingbot.htm)"
157.55.39.70 - - [01/May/2022:16:50:42 -0300] "GET /videos.php HTTP/1.1" 200 224898 "-" "Mozilla/5.0 (compatible; bingbot/2.0; +http://www.bing.com/bingbot.htm)"
194.38.20.161 - - [01/May/2022:18:20:18 -0300] "GET /assets/js/elfinder/php/connector.php HTTP/1.1" 404 1021 "-" "ALittle Client"
157.55.39.70 - - [01/May/2022:18:49:34 -0300] "GET /videos.php HTTP/1.1" 200 224899 "-" "Mozilla/5.0 (compatible; bingbot/2.0; +http://www.bing.com/bingbot.htm)"
139.180.135.238 - - [01/May/2022:20:37:15 -0300] "GET /asset/kcfinder/upload.php HTTP/1.1" 404 1021 "-" "Mozilla/5.0 (Windows NT 10.0; Win64; x64) AppleWebKit/537.36 (KHTML, like Gecko) Chrome/99.0.4859.172 Safari/537.36"
139.180.135.238 - - [01/May/2022:20:37:16 -0300] "GET /assets/kcfinder/upload.php HTTP/1.1" 404 1021 "-" "Mozilla/5.0 (Windows NT 10.0; Win64; x64) AppleWebKit/537.36 (KHTML, like Gecko) Chrome/99.0.4859.172 Safari/537.36"
139.180.135.238 - - [01/May/2022:20:37:17 -0300] "GET /js/kcfinder/upload.php HTTP/1.1" 404 1021 "-" "Mozilla/5.0 (Windows NT 10.0; Win64; x64) AppleWebKit/537.36 (KHTML, like Gecko) Chrome/99.0.4859.172 Safari/537.36"
139.180.135.238 - - [01/May/2022:20:37:19 -0300] "GET /assets/js/kcfinder/upload.php HTTP/1.1" 404 1021 "-" "Mozilla/5.0 (Windows NT 10.0; Win64; x64) AppleWebKit/537.36 (KHTML, like Gecko) Chrome/99.0.4859.172 Safari/537.36"
139.180.135.238 - - [01/May/2022:20:37:20 -0300] "GET /assets/plugins/kcfinder/upload.php HTTP/1.1" 404 1021 "-" "Mozilla/5.0 (Windows NT 10.0; Win64; x64) AppleWebKit/537.36 (KHTML, like Gecko) Chrome/99.0.4859.172 Safari/537.36"
139.180.135.238 - - [01/May/2022:20:37:22 -0300] "GET /plugins/kcfinder/upload.php HTTP/1.1" 404 1021 "-" "Mozilla/5.0 (Windows NT 10.0; Win64; x64) AppleWebKit/537.36 (KHTML, like Gecko) Chrome/99.0.4859.172 Safari/537.36"
139.180.135.238 - - [01/May/2022:20:37:23 -0300] "GET /filemanager/dialog.php HTTP/1.1" 404 1021 "-" "Mozilla/5.0 (Windows NT 10.0; Win64; x64) AppleWebKit/537.36 (KHTML, like Gecko) Chrome/99.0.4859.172 Safari/537.36"
139.180.135.238 - - [01/May/2022:20:37:24 -0300] "GET /assets/filemanager/dialog.php HTTP/1.1" 404 1021 "-" "Mozilla/5.0 (Windows NT 10.0; Win64; x64) AppleWebKit/537.36 (KHTML, like Gecko) Chrome/99.0.4859.172 Safari/537.36"
139.180.135.238 - - [01/May/2022:20:37:25 -0300] "GET /assets/plugins/filemanager/dialog.php HTTP/1.1" 404 1021 "-" "Mozilla/5.0 (Windows NT 10.0; Win64; x64) AppleWebKit/537.36 (KHTML, like Gecko) Chrome/99.0.4859.172 Safari/537.36"
139.180.135.238 - - [01/May/2022:20:37:26 -0300] "GET /phpformbuilder/plugins/filemanager/dialog.php HTTP/1.1" 404 1021 "-" "Mozilla/5.0 (Windows NT 10.0; Win64; x64) AppleWebKit/537.36 (KHTML, like Gecko) Chrome/99.0.4859.172 Safari/537.36"
139.180.135.238 - - [01/May/2022:20:37:27 -0300] "GET /assets/tinymce/plugins/filemanager/dialog.php HTTP/1.1" 404 1021 "-" "Mozilla/5.0 (Windows NT 10.0; Win64; x64) AppleWebKit/537.36 (KHTML, like Gecko) Chrome/99.0.4859.172 Safari/537.36"
139.180.135.238 - - [01/May/2022:20:37:28 -0300] "GET /scripts/filemanager/dialog.php HTTP/1.1" 404 1021 "-" "Mozilla/5.0 (Windows NT 10.0; Win64; x64) AppleWebKit/537.36 (KHTML, like Gecko) Chrome/99.0.4859.172 Safari/537.36"
