20.28.152.2 - - [20/May/2022:14:09:33 -0300] "GET /moduless.php HTTP/1.1" 404 1021 "www.bing.com" "Mozilla/5.0 (Windows NT 10.0; Win64; x64) AppleWebKit/537.36 (KHTML, like Gecko) Chrome/90.0.4430.85 Safari/537.36"
20.28.152.2 - - [20/May/2022:14:09:36 -0300] "GET /wp-booking.php HTTP/1.1" 404 1021 "www.bing.com" "wp_is_mobile"
20.28.152.2 - - [20/May/2022:14:09:38 -0300] "GET /wp-content/plugins/backup_index.php HTTP/1.1" 404 1021 "www.bing.com" "wp_is_mobile"
20.28.152.2 - - [20/May/2022:14:09:41 -0300] "GET /wp-content/mu-plugins/db-safe-mode.php HTTP/1.1" 404 1021 "www.bing.com" "wp_is_mobile"
20.28.152.2 - - [20/May/2022:14:09:44 -0300] "GET /wp-includes/css/wp-config.php HTTP/1.1" 404 1021 "www.bing.com" "wp_is_mobile"
20.28.152.2 - - [20/May/2022:14:09:46 -0300] "GET /config.bak.php HTTP/1.1" 404 1021 "www.bing.com" "wp_is_mobile"
20.28.152.2 - - [20/May/2022:14:09:48 -0300] "GET /wp-content/themes/config.bak.php HTTP/1.1" 404 1021 "www.bing.com" "wp_is_mobile"
20.28.152.2 - - [20/May/2022:14:09:50 -0300] "GET /legion.php HTTP/1.1" 404 1021 "www.bing.com" "wp_is_mobile"
20.28.152.2 - - [20/May/2022:14:09:55 -0300] "GET /wp-content/plugins/wpconfig.bak.php?act=sf HTTP/1.1" 404 1021 "www.bing.com" "Mozilla/5.0 (Windows NT 10.0; Win64; x64) AppleWebKit/537.36 (KHTML, like Gecko) Chrome/90.0.4430.85 Safari/537.36"
20.28.152.2 - - [20/May/2022:14:09:58 -0300] "GET /wp-plugins.php HTTP/1.1" 404 1021 "www.bing.com" "wp_is_mobile"
20.28.152.2 - - [20/May/2022:14:10:21 -0300] "GET /wp-content/db-cache.php HTTP/1.1" 404 1021 "www.bing.com" "wp_is_mobile"
20.28.152.2 - - [20/May/2022:14:10:22 -0300] "GET /archives.php HTTP/1.1" 404 1021 "www.bing.com" "Mozilla/5.0 (Windows NT 10.0; Win64; x64) AppleWebKit/537.36 (KHTML, like Gecko) Chrome/90.0.4430.85 Safari/537.36"
20.28.152.2 - - [20/May/2022:14:10:24 -0300] "GET /xindex.php HTTP/1.1" 404 1021 "www.bing.com" "wp_is_mobile"
20.28.152.2 - - [20/May/2022:14:10:28 -0300] "GET /defau11.php HTTP/1.1" 404 1021 "www.bing.com" "Mozilla/5.0 (Windows NT 10.0; Win64; x64) AppleWebKit/537.36 (KHTML, like Gecko) Chrome/90.0.4430.85 Safari/537.36"
20.28.152.2 - - [20/May/2022:14:10:30 -0300] "GET /wp-content/outcms.php?up HTTP/1.1" 404 1021 "www.bing.com" "wp_is_mobile"
20.28.152.2 - - [20/May/2022:14:10:32 -0300] "GET /system_log.php?bala=up HTTP/1.1" 404 1021 "www.bing.com" "wp_is_mobile"
20.28.152.2 - - [20/May/2022:14:10:34 -0300] "GET /wp-backup-sql-302.php HTTP/1.1" 404 1021 "www.bing.com" "wp_is_mobile"
20.28.152.2 - - [20/May/2022:14:10:37 -0300] "GET /error.php?phpshells HTTP/1.1" 404 1021 "www.bing.com" "wp_is_mobile"
20.28.152.2 - - [20/May/2022:14:13:07 -0300] "GET /wp-content/plugins/ubh/up.php HTTP/1.1" 404 1021 "www.bing.com" "wp_is_mobile"
20.28.152.2 - - [20/May/2022:14:13:09 -0300] "GET /index.php?3x=3x HTTP/1.1" 200 239442 "www.bing.com" "wp_is_mobile"
20.28.152.2 - - [20/May/2022:14:13:12 -0300] "GET /about.php HTTP/1.1" 404 1021 "www.bing.com" "wp_is_mobile"
20.28.152.2 - - [20/May/2022:14:13:13 -0300] "GET /shells.php HTTP/1.1" 404 1021 "www.bing.com" "wp_is_mobile"
20.28.152.2 - - [20/May/2022:14:13:14 -0300] "GET /olux.php HTTP/1.1" 404 1021 "www.bing.com" "wp_is_mobile"
20.28.152.2 - - [20/May/2022:14:13:58 -0300] "GET /xleet.php HTTP/1.1" 404 1021 "www.bing.com" "wp_is_mobile"
20.28.152.2 - - [20/May/2022:14:14:00 -0300] "GET /wso.php HTTP/1.1" 404 1021 "www.bing.com" "wp_is_mobile"
20.28.152.2 - - [20/May/2022:14:14:02 -0300] "GET /shell.php HTTP/1.1" 404 1021 "www.bing.com" "wp_is_mobile"
20.28.152.2 - - [20/May/2022:14:14:04 -0300] "GET /up.php HTTP/1.1" 404 1021 "www.bing.com" "wp_is_mobile"
20.28.152.2 - - [20/May/2022:14:14:05 -0300] "GET /upload.php HTTP/1.1" 404 1021 "www.bing.com" "wp_is_mobile"
20.28.152.2 - - [20/May/2022:14:14:07 -0300] "GET /1.php HTTP/1.1" 404 1021 "www.bing.com" "wp_is_mobile"
20.28.152.2 - - [20/May/2022:14:14:08 -0300] "GET /x.php HTTP/1.1" 404 1021 "www.bing.com" "wp_is_mobile"
20.28.152.2 - - [20/May/2022:14:14:09 -0300] "GET /z.php HTTP/1.1" 404 1021 "www.bing.com" "wp_is_mobile"
20.28.152.2 - - [20/May/2022:14:14:10 -0300] "GET /a.php HTTP/1.1" 404 1021 "www.bing.com" "wp_is_mobile"
20.28.152.2 - - [20/May/2022:14:14:10 -0300] "GET /test.php HTTP/1.1" 404 1021 "www.bing.com" "wp_is_mobile"
20.28.152.2 - - [20/May/2022:14:14:11 -0300] "GET /wp.php HTTP/1.1" 404 1021 "www.bing.com" "wp_is_mobile"
20.28.152.2 - - [20/May/2022:14:14:11 -0300] "GET /alfa.php HTTP/1.1" 404 1021 "www.bing.com" "wp_is_mobile"
20.28.152.2 - - [20/May/2022:14:14:13 -0300] "GET /config.php HTTP/1.1" 404 1021 "www.bing.com" "wp_is_mobile"
20.28.152.2 - - [20/May/2022:14:14:15 -0300] "GET /templates/beez3/index.php HTTP/1.1" 404 1021 "www.bing.com" "wp_is_mobile"
157.55.39.127 - - [20/May/2022:16:21:10 -0300] "GET /videos.php HTTP/1.1" 200 224942 "-" "Mozilla/5.0 (compatible; bingbot/2.0; +http://www.bing.com/bingbot.htm)"
159.65.100.103 - - [20/May/2022:18:29:09 -0300] "GET /wp-22.php?sfilename=on.php&sfilecontent=<%3F%3D409723%2A20%3B&supfiles=on.php HTTP/1.1" 404 1021 "-" "Mozilla/5.0 (Windows NT 6.1; Win64; x64; rv:47.0) Gecko/20100101 Firefox/62.0"
64.237.40.203 - - [20/May/2022:19:37:00 -0300] "GET /wp-login.php HTTP/1.1" 404 1021 "-" "Mozilla/5.0 (X11; Ubuntu; Linux x86_64; rv:62.0) Gecko/20100101 Firefox/62.0"
185.191.171.35 - - [20/May/2022:20:04:49 -0300] "GET /faq.php HTTP/1.1" 200 224525 "-" "Mozilla/5.0 (compatible; SemrushBot/7~bl; +http://www.semrush.com/bot.html)"
200.146.7.116 - - [20/May/2022:21:07:27 -0300] "GET /produto.php?id=28 HTTP/1.1" 200 239452 "-" "Mozilla/5.0 (X11; Ubuntu; Linux x86_64; rv:98.0) Gecko/20100101 Firefox/98.0"
51.222.253.7 - - [20/May/2022:22:57:40 -0300] "GET /categoria.php?id=45 HTTP/1.1" 200 27275 "-" "Mozilla/5.0 (compatible; AhrefsBot/7.0; +http://ahrefs.com/robot/)"
156.146.38.133 - - [21/May/2022:00:12:07 -0300] "GET /contato.php HTTP/1.1" 200 224218 "http://www.cial.ind.br" "Mozilla/5.0 (Windows NT 6.1) AppleWebKit/537.36 (KHTML, like Gecko) Chrome/53.0.2785.104 Safari/537.36 Core/1.53.2057.400 QQBrowser/9.5.10158.400"
156.146.38.133 - - [21/May/2022:00:12:12 -0300] "POST /contato.php HTTP/1.1" 200 225075 "http://www.cial.ind.br/contato.php" "Mozilla/5.0 (Windows NT 6.1) AppleWebKit/537.36 (KHTML, like Gecko) Chrome/53.0.2785.104 Safari/537.36 Core/1.53.2057.400 QQBrowser/9.5.10158.400"
157.55.39.127 - - [21/May/2022:01:43:36 -0300] "GET /videos.php HTTP/1.1" 200 224942 "-" "Mozilla/5.0 (compatible; bingbot/2.0; +http://www.bing.com/bingbot.htm)"
185.191.171.22 - - [21/May/2022:04:41:47 -0300] "GET /categoria.php?id=55 HTTP/1.1" 200 223515 "-" "Mozilla/5.0 (compatible; SemrushBot/7~bl; +http://www.semrush.com/bot.html)"
52.139.168.129 - - [21/May/2022:08:27:55 -0300] "GET /kcfinder/upload.php HTTP/1.1" 404 1021 "-" "Mozilla/5.0 (Windows NT 10.0; Win64; x64) AppleWebKit/537.36 (KHTML, like Gecko) Chrome/99.0.4859.172 Safari/537.36"
52.139.168.129 - - [21/May/2022:08:27:57 -0300] "GET /asset/kcfinder/upload.php HTTP/1.1" 404 1021 "-" "Mozilla/5.0 (Windows NT 10.0; Win64; x64) AppleWebKit/537.36 (KHTML, like Gecko) Chrome/99.0.4859.172 Safari/537.36"
52.139.168.129 - - [21/May/2022:08:27:59 -0300] "GET /assets/kcfinder/upload.php HTTP/1.1" 404 1021 "-" "Mozilla/5.0 (Windows NT 10.0; Win64; x64) AppleWebKit/537.36 (KHTML, like Gecko) Chrome/99.0.4859.172 Safari/537.36"
52.139.168.129 - - [21/May/2022:08:28:01 -0300] "GET /js/kcfinder/upload.php HTTP/1.1" 404 1021 "-" "Mozilla/5.0 (Windows NT 10.0; Win64; x64) AppleWebKit/537.36 (KHTML, like Gecko) Chrome/99.0.4859.172 Safari/537.36"
52.139.168.129 - - [21/May/2022:08:28:02 -0300] "GET /assets/js/kcfinder/upload.php HTTP/1.1" 404 1021 "-" "Mozilla/5.0 (Windows NT 10.0; Win64; x64) AppleWebKit/537.36 (KHTML, like Gecko) Chrome/99.0.4859.172 Safari/537.36"
52.139.168.129 - - [21/May/2022:08:28:03 -0300] "GET /assets/plugins/kcfinder/upload.php HTTP/1.1" 404 1021 "-" "Mozilla/5.0 (Windows NT 10.0; Win64; x64) AppleWebKit/537.36 (KHTML, like Gecko) Chrome/99.0.4859.172 Safari/537.36"
52.139.168.129 - - [21/May/2022:08:28:05 -0300] "GET /plugins/kcfinder/upload.php HTTP/1.1" 404 1021 "-" "Mozilla/5.0 (Windows NT 10.0; Win64; x64) AppleWebKit/537.36 (KHTML, like Gecko) Chrome/99.0.4859.172 Safari/537.36"
52.139.168.129 - - [21/May/2022:08:28:06 -0300] "GET /filemanager/dialog.php HTTP/1.1" 404 1021 "-" "Mozilla/5.0 (Windows NT 10.0; Win64; x64) AppleWebKit/537.36 (KHTML, like Gecko) Chrome/99.0.4859.172 Safari/537.36"
52.139.168.129 - - [21/May/2022:08:28:08 -0300] "GET /assets/filemanager/dialog.php HTTP/1.1" 404 1021 "-" "Mozilla/5.0 (Windows NT 10.0; Win64; x64) AppleWebKit/537.36 (KHTML, like Gecko) Chrome/99.0.4859.172 Safari/537.36"
52.139.168.129 - - [21/May/2022:08:28:10 -0300] "GET /assets/plugins/filemanager/dialog.php HTTP/1.1" 404 1021 "-" "Mozilla/5.0 (Windows NT 10.0; Win64; x64) AppleWebKit/537.36 (KHTML, like Gecko) Chrome/99.0.4859.172 Safari/537.36"
52.139.168.129 - - [21/May/2022:08:28:11 -0300] "GET /phpformbuilder/plugins/filemanager/dialog.php HTTP/1.1" 404 1021 "-" "Mozilla/5.0 (Windows NT 10.0; Win64; x64) AppleWebKit/537.36 (KHTML, like Gecko) Chrome/99.0.4859.172 Safari/537.36"
52.139.168.129 - - [21/May/2022:08:28:13 -0300] "GET /assets/tinymce/plugins/filemanager/dialog.php HTTP/1.1" 404 1021 "-" "Mozilla/5.0 (Windows NT 10.0; Win64; x64) AppleWebKit/537.36 (KHTML, like Gecko) Chrome/99.0.4859.172 Safari/537.36"
52.139.168.129 - - [21/May/2022:08:28:15 -0300] "GET /scripts/filemanager/dialog.php HTTP/1.1" 404 1021 "-" "Mozilla/5.0 (Windows NT 10.0; Win64; x64) AppleWebKit/537.36 (KHTML, like Gecko) Chrome/99.0.4859.172 Safari/537.36"
52.139.168.129 - - [21/May/2022:08:28:16 -0300] "GET /admin/filemanager/dialog.php HTTP/1.1" 404 1021 "-" "Mozilla/5.0 (Windows NT 10.0; Win64; x64) AppleWebKit/537.36 (KHTML, like Gecko) Chrome/99.0.4859.172 Safari/537.36"
52.139.168.129 - - [21/May/2022:08:28:23 -0300] "GET /assets/scripts/filemanager/dialog.php HTTP/1.1" 404 1021 "-" "Mozilla/5.0 (Windows NT 10.0; Win64; x64) AppleWebKit/537.36 (KHTML, like Gecko) Chrome/99.0.4859.172 Safari/537.36"
52.139.168.129 - - [21/May/2022:08:28:24 -0300] "GET /assets/admin/tinymce/plugins/filemanager/dialog.php HTTP/1.1" 404 1021 "-" "Mozilla/5.0 (Windows NT 10.0; Win64; x64) AppleWebKit/537.36 (KHTML, like Gecko) Chrome/99.0.4859.172 Safari/537.36"
52.139.168.129 - - [21/May/2022:08:28:26 -0300] "GET /js/tinymce4/plugins/filemanager/dialog.php HTTP/1.1" 404 1021 "-" "Mozilla/5.0 (Windows NT 10.0; Win64; x64) AppleWebKit/537.36 (KHTML, like Gecko) Chrome/99.0.4859.172 Safari/537.36"
52.139.168.129 - - [21/May/2022:08:28:27 -0300] "GET /tinymce/filemanager/dialog.php HTTP/1.1" 404 1021 "-" "Mozilla/5.0 (Windows NT 10.0; Win64; x64) AppleWebKit/537.36 (KHTML, like Gecko) Chrome/99.0.4859.172 Safari/537.36"
52.139.168.129 - - [21/May/2022:08:28:29 -0300] "GET /filemanager/filemanager/dialog.php HTTP/1.1" 404 1021 "-" "Mozilla/5.0 (Windows NT 10.0; Win64; x64) AppleWebKit/537.36 (KHTML, like Gecko) Chrome/99.0.4859.172 Safari/537.36"
52.139.168.129 - - [21/May/2022:08:28:30 -0300] "GET /assets/admin/js/tinymce/plugins/filemanager/dialog.php HTTP/1.1" 404 1021 "-" "Mozilla/5.0 (Windows NT 10.0; Win64; x64) AppleWebKit/537.36 (KHTML, like Gecko) Chrome/99.0.4859.172 Safari/537.36"
52.139.168.129 - - [21/May/2022:08:28:32 -0300] "GET /tinymce/plugins/filemanager/dialog.php HTTP/1.1" 404 1021 "-" "Mozilla/5.0 (Windows NT 10.0; Win64; x64) AppleWebKit/537.36 (KHTML, like Gecko) Chrome/99.0.4859.172 Safari/537.36"
52.139.168.129 - - [21/May/2022:08:28:34 -0300] "POST /vendor/phpunit/phpunit/src/Util/PHP/eval-stdin.php HTTP/1.1" 404 1021 "-" "Mozilla/5.0 (Windows NT 10.0; Win64; x64) AppleWebKit/537.36 (KHTML, like Gecko) Chrome/99.0.4859.172 Safari/537.36"
154.54.249.199 - - [21/May/2022:09:22:22 -0300] "GET /index.php HTTP/1.1" 200 239343 "-" "Mozilla/5.0 (compatible; Barkrowler/0.9; +https://babbar.tech/crawler)"
154.54.249.199 - - [21/May/2022:09:23:04 -0300] "GET /categoria.php?id=42 HTTP/1.1" 200 224610 "-" "Mozilla/5.0 (compatible; Barkrowler/0.9; +https://babbar.tech/crawler)"
154.54.249.199 - - [21/May/2022:09:23:20 -0300] "GET /produto.php?id=29 HTTP/1.1" 200 240398 "-" "Mozilla/5.0 (compatible; Barkrowler/0.9; +https://babbar.tech/crawler)"
154.54.249.199 - - [21/May/2022:09:23:37 -0300] "GET /produto.php?id=27 HTTP/1.1" 200 238842 "-" "Mozilla/5.0 (compatible; Barkrowler/0.9; +https://babbar.tech/crawler)"
154.54.249.199 - - [21/May/2022:09:23:55 -0300] "GET /produto.php?id=28 HTTP/1.1" 200 239454 "-" "Mozilla/5.0 (compatible; Barkrowler/0.9; +https://babbar.tech/crawler)"
154.54.249.199 - - [21/May/2022:09:24:12 -0300] "GET /noticia.php?id=10?18072018180831 HTTP/1.1" 200 223281 "-" "Mozilla/5.0 (compatible; Barkrowler/0.9; +https://babbar.tech/crawler)"
207.46.13.216 - - [21/May/2022:13:31:50 -0300] "GET /categoria.php?id=39 HTTP/1.1" 200 222481 "-" "Mozilla/5.0 (iPhone; CPU iPhone OS 7_0 like Mac OS X) AppleWebKit/537.51.1 (KHTML, like Gecko) Version/7.0 Mobile/11A465 Safari/9537.53 (compatible; bingbot/2.0; +http://www.bing.com/bingbot.htm)"
66.249.64.92 - - [21/May/2022:17:27:13 -0300] "GET /produto.php?id=28 HTTP/1.1" 200 29097 "-" "Mozilla/5.0 (Linux; Android 6.0.1; Nexus 5X Build/MMB29P) AppleWebKit/537.36 (KHTML, like Gecko) Chrome/101.0.4951.64 Mobile Safari/537.36 (compatible; Googlebot/2.1; +http://www.google.com/bot.html)"
51.222.253.18 - - [21/May/2022:17:51:46 -0300] "GET /produto.php?id=24 HTTP/1.1" 200 29019 "-" "Mozilla/5.0 (compatible; AhrefsBot/7.0; +http://ahrefs.com/robot/)"
161.35.114.17 - - [21/May/2022:18:27:16 -0300] "GET /wp-login.php HTTP/1.1" 404 1021 "http://cial.ind.br" "Mozilla/5.0 (Windows NT 6.4; WOW64) AppleWebKit/537.36 (KHTML, like Gecko) Chrome/41.0.2225.0 Safari/537.36"
161.35.114.17 - - [21/May/2022:18:27:16 -0300] "GET /wordpress/wp-login.php HTTP/1.1" 404 1021 "http://cial.ind.br" "Mozilla/5.0 (Windows NT 6.4; WOW64) AppleWebKit/537.36 (KHTML, like Gecko) Chrome/41.0.2225.0 Safari/537.36"
161.35.114.17 - - [21/May/2022:18:27:16 -0300] "GET /blog/wp-login.php HTTP/1.1" 404 1021 "http://cial.ind.br" "Mozilla/5.0 (Windows NT 6.4; WOW64) AppleWebKit/537.36 (KHTML, like Gecko) Chrome/41.0.2225.0 Safari/537.36"
161.35.114.17 - - [21/May/2022:18:27:17 -0300] "GET /wp/wp-login.php HTTP/1.1" 404 1021 "http://cial.ind.br" "Mozilla/5.0 (Windows NT 6.4; WOW64) AppleWebKit/537.36 (KHTML, like Gecko) Chrome/41.0.2225.0 Safari/537.36"
51.222.253.1 - - [21/May/2022:18:36:55 -0300] "GET /categoria.php?id=42 HTTP/1.1" 200 27307 "-" "Mozilla/5.0 (compatible; AhrefsBot/7.0; +http://ahrefs.com/robot/)"
51.222.253.7 - - [21/May/2022:19:07:19 -0300] "GET /produto.php?id=31 HTTP/1.1" 200 28764 "-" "Mozilla/5.0 (compatible; AhrefsBot/7.0; +http://ahrefs.com/robot/)"
51.222.253.1 - - [21/May/2022:19:46:17 -0300] "GET /servico.php?id=1 HTTP/1.1" 200 27520 "-" "Mozilla/5.0 (compatible; AhrefsBot/7.0; +http://ahrefs.com/robot/)"
185.191.171.42 - - [22/May/2022:00:33:18 -0300] "GET /noticia.php?id=1 HTTP/1.1" 200 225562 "-" "Mozilla/5.0 (compatible; SemrushBot/7~bl; +http://www.semrush.com/bot.html)"
194.38.20.161 - - [22/May/2022:00:36:42 -0300] "GET /jqueryupload/server/php/index.php?file=tf2rghf.jpg HTTP/1.1" 404 1021 "-" "ALittle Client"
190.2.132.128 - - [22/May/2022:01:36:46 -0300] "GET /contato.php HTTP/1.0" 200 224150 "http://cial.ind.br/contato.php" "Mozilla/5.0 (Windows NT 10.0; WOW64) AppleWebKit/537.36 (KHTML, like Gecko) Chrome/90.0.4430.85 Safari/537.36"
190.2.132.128 - - [22/May/2022:01:36:48 -0300] "POST /contato.php HTTP/1.0" 200 224505 "http://cial.ind.br/contato.php" "Mozilla/5.0 (Windows NT 10.0; WOW64) AppleWebKit/537.36 (KHTML, like Gecko) Chrome/90.0.4430.85 Safari/537.36"
159.65.149.229 - - [22/May/2022:01:55:48 -0300] "GET /wp-login.php HTTP/1.1" 404 1021 "-" "Mozilla/5.0 (X11; Ubuntu; Linux x86_64; rv:62.0) Gecko/20100101 Firefox/62.0"
51.222.253.5 - - [22/May/2022:02:21:02 -0300] "GET /noticia.php?id=12 HTTP/1.1" 200 27120 "-" "Mozilla/5.0 (compatible; AhrefsBot/7.0; +http://ahrefs.com/robot/)"
17.121.112.248 - - [22/May/2022:04:47:49 -0300] "GET /categorias_mobile.php HTTP/1.1" 200 219171 "-" "Mozilla/5.0 (Macintosh; Intel Mac OS X 10_15_5) AppleWebKit/605.1.15 (KHTML, like Gecko) Version/13.1.1 Safari/605.1.15 (Applebot/0.1; +http://www.apple.com/go/applebot)"
185.114.245.107 - - [22/May/2022:05:32:47 -0300] "GET /style.php?sig=rename HTTP/1.1" 404 1021 "-" "Mozilla/5.0 (Linux; Android 7.1.2; Redmi 4X) AppleWebKit/537.36 (KHTML, like Gecko) Chrome/83.0.4103.106 Mobile Safari/537.36"
51.222.253.5 - - [22/May/2022:15:36:39 -0300] "GET /produto.php?id=29 HTTP/1.1" 200 29061 "-" "Mozilla/5.0 (compatible; AhrefsBot/7.0; +http://ahrefs.com/robot/)"
51.222.253.12 - - [22/May/2022:16:25:18 -0300] "GET /servico.php?id=1 HTTP/1.1" 200 27520 "-" "Mozilla/5.0 (compatible; AhrefsBot/7.0; +http://ahrefs.com/robot/)"
162.0.208.10 - - [22/May/2022:16:43:04 -0300] "GET /wp-login.php HTTP/1.1" 404 1021 "-" "Mozilla/5.0 (X11; Ubuntu; Linux x86_64; rv:62.0) Gecko/20100101 Firefox/62.0"
51.222.253.11 - - [22/May/2022:19:19:05 -0300] "GET /noticia.php?id=15 HTTP/1.1" 200 27105 "-" "Mozilla/5.0 (compatible; AhrefsBot/7.0; +http://ahrefs.com/robot/)"
185.191.171.45 - - [23/May/2022:00:18:21 -0300] "GET /faq.php HTTP/1.1" 200 224534 "-" "Mozilla/5.0 (compatible; SemrushBot/7~bl; +http://www.semrush.com/bot.html)"
199.101.199.114 - - [23/May/2022:05:56:13 -0300] "GET /produto.php?id=29'A=0 HTTP/1.1" 200 240425 "http://www.cial.ind.br/produto.php?id=29'A=0" "Mozilla/5.0 (Windows; U; Windows NT 5.1; pt-PT; rv:1.9.1.2) Gecko/20090729 Firefox/3.5.2 (.NET CLR 3.5.30729)"
102.89.34.196 - - [23/May/2022:08:52:27 -0300] "GET /produto.php?id=29'A=0 HTTP/1.1" 200 240423 "http://www.cial.ind.br/produto.php?id=29'A=0" "Mozilla/5.0 (Windows; U; Windows NT 5.1; pt-PT; rv:1.9.1.2) Gecko/20090729 Firefox/3.5.2 (.NET CLR 3.5.30729)"
185.191.171.9 - - [23/May/2022:09:35:55 -0300] "GET /categoria.php?id=55 HTTP/1.1" 200 223524 "-" "Mozilla/5.0 (compatible; SemrushBot/7~bl; +http://www.semrush.com/bot.html)"
66.249.64.90 - - [23/May/2022:09:58:54 -0300] "GET /noticia.php?id=10?18072018180831 HTTP/1.1" 200 27180 "-" "Mozilla/5.0 (compatible; Googlebot/2.1; +http://www.google.com/bot.html)"
66.249.64.90 - - [23/May/2022:10:04:19 -0300] "GET /noticia.php?id=10?18072018180831 HTTP/1.1" 200 27181 "-" "Mozilla/5.0 (Linux; Android 6.0.1; Nexus 5X Build/MMB29P) AppleWebKit/537.36 (KHTML, like Gecko) Chrome/101.0.4951.64 Mobile Safari/537.36 (compatible; Googlebot/2.1; +http://www.google.com/bot.html)"
50.54.133.149 - - [23/May/2022:12:04:35 -0300] "GET /wp-login.php HTTP/1.1" 404 1021 "http://cial.ind.br" "Mozilla/5.0 (Windows NT 6.1) AppleWebKit/537.36 (KHTML, like Gecko) Chrome/41.0.2228.0 Safari/537.36"
50.54.133.149 - - [23/May/2022:12:04:36 -0300] "GET /wordpress/wp-login.php HTTP/1.1" 404 1021 "http://cial.ind.br" "Mozilla/5.0 (Windows NT 6.1) AppleWebKit/537.36 (KHTML, like Gecko) Chrome/41.0.2228.0 Safari/537.36"
50.54.133.149 - - [23/May/2022:12:04:37 -0300] "GET /blog/wp-login.php HTTP/1.1" 404 1021 "http://cial.ind.br" "Mozilla/5.0 (Windows NT 6.1) AppleWebKit/537.36 (KHTML, like Gecko) Chrome/41.0.2228.0 Safari/537.36"
50.54.133.149 - - [23/May/2022:12:04:37 -0300] "GET /wp/wp-login.php HTTP/1.1" 404 1021 "http://cial.ind.br" "Mozilla/5.0 (Windows NT 6.1) AppleWebKit/537.36 (KHTML, like Gecko) Chrome/41.0.2228.0 Safari/537.36"
167.71.111.16 - - [23/May/2022:13:22:28 -0300] "GET /wp-login.php HTTP/1.1" 404 1021 "-" "Mozilla/5.0 (X11; Ubuntu; Linux x86_64; rv:62.0) Gecko/20100101 Firefox/62.0"
185.191.171.38 - - [23/May/2022:13:27:13 -0300] "GET /sobre.php HTTP/1.1" 200 225510 "-" "Mozilla/5.0 (compatible; SemrushBot/7~bl; +http://www.semrush.com/bot.html)"
185.191.171.37 - - [23/May/2022:19:38:09 -0300] "GET /noticia.php?id=15 HTTP/1.1" 200 222741 "-" "Mozilla/5.0 (compatible; SemrushBot/7~bl; +http://www.semrush.com/bot.html)"
190.2.132.128 - - [23/May/2022:20:26:25 -0300] "GET /contato.php HTTP/1.0" 200 224149 "http://cial.ind.br/contato.php" "Mozilla/5.0 (Windows NT 10.0; Win64; x64) AppleWebKit/537.36 (KHTML, like Gecko) Chrome/90.0.4430.72 Safari/537.36"
190.2.132.128 - - [23/May/2022:20:26:30 -0300] "POST /contato.php HTTP/1.0" 200 224457 "http://cial.ind.br/contato.php" "Mozilla/5.0 (Windows NT 10.0; Win64; x64) AppleWebKit/537.36 (KHTML, like Gecko) Chrome/90.0.4430.72 Safari/537.36"
154.211.13.227 - - [23/May/2022:20:45:52 -0300] "GET /wp-login.php HTTP/1.1" 404 1021 "-" "Apache-HttpClient/4.5.2 (Java/1.8.0_161)"
40.77.167.44 - - [24/May/2022:00:08:23 -0300] "GET /index.php HTTP/1.1" 200 239132 "-" "Mozilla/5.0 (compatible; bingbot/2.0; +http://www.bing.com/bingbot.htm)"
194.38.20.161 - - [24/May/2022:01:33:25 -0300] "GET /admin/jqueryupload/server/php/index.php?file=tf2rghf.jpg HTTP/1.1" 404 1021 "-" "ALittle Client"
3.144.215.62 - - [24/May/2022:03:49:10 -0300] "GET /vendor/phpunit/phpunit/src/Util/PHP/eval-stdin.php HTTP/1.1" 404 1021 "-" "python-requests/2.27.1"
51.222.253.7 - - [24/May/2022:11:40:25 -0300] "GET /produto.php?id=21 HTTP/1.1" 200 29088 "-" "Mozilla/5.0 (compatible; AhrefsBot/7.0; +http://ahrefs.com/robot/)"
34.231.122.121 - - [24/May/2022:12:04:01 -0300] "GET /produto.php?id=28 HTTP/1.1" 200 239452 "-" "Mozilla/5.0 (compatible; DotBot/1.1; http://www.opensiteexplorer.org/dotbot, help@moz.com)"
34.231.122.121 - - [24/May/2022:12:04:03 -0300] "GET /produto.php?id=27 HTTP/1.1" 200 238843 "-" "Mozilla/5.0 (compatible; DotBot/1.1; http://www.opensiteexplorer.org/dotbot, help@moz.com)"
34.231.122.121 - - [24/May/2022:12:04:05 -0300] "GET /noticia.php?id=10?18072018180831 HTTP/1.1" 200 223288 "-" "Mozilla/5.0 (compatible; DotBot/1.1; http://www.opensiteexplorer.org/dotbot, help@moz.com)"
34.231.122.121 - - [24/May/2022:12:04:06 -0300] "GET /produto.php?id=29 HTTP/1.1" 200 240398 "-" "Mozilla/5.0 (compatible; DotBot/1.1; http://www.opensiteexplorer.org/dotbot, help@moz.com)"
5.189.128.189 - - [24/May/2022:14:41:51 -0300] "GET /wp-login.php HTTP/1.1" 404 1021 "-" "Mozilla/5.0 (X11; Ubuntu; Linux x86_64; rv:62.0) Gecko/20100101 Firefox/62.0"
46.161.11.2 - - [24/May/2022:17:50:06 -0300] "GET /produto.php?id=23 HTTP/1.0" 200 240549 "-" "Mozilla/5.0 (Windows NT 6.3; Win64; x64) AppleWebKit/537.36 (KHTML, like Gecko) Chrome/75.0.3770.100 Safari/537.36"
51.222.253.16 - - [24/May/2022:17:51:42 -0300] "GET /categoria.php?id=44 HTTP/1.1" 200 27267 "-" "Mozilla/5.0 (compatible; AhrefsBot/7.0; +http://ahrefs.com/robot/)"
185.191.171.35 - - [24/May/2022:18:11:21 -0300] "GET /noticia.php?id=9 HTTP/1.1" 200 222807 "-" "Mozilla/5.0 (compatible; SemrushBot/7~bl; +http://www.semrush.com/bot.html)"
51.222.253.16 - - [25/May/2022:00:08:59 -0300] "GET /noticia.php?id=9 HTTP/1.1" 200 27166 "-" "Mozilla/5.0 (compatible; AhrefsBot/7.0; +http://ahrefs.com/robot/)"
51.222.253.14 - - [25/May/2022:00:36:17 -0300] "GET /sobre.php HTTP/1.1" 200 28056 "-" "Mozilla/5.0 (compatible; AhrefsBot/7.0; +http://ahrefs.com/robot/)"
51.222.253.9 - - [25/May/2022:02:05:56 -0300] "GET /servicos.php HTTP/1.1" 200 27286 "-" "Mozilla/5.0 (compatible; AhrefsBot/7.0; +http://ahrefs.com/robot/)"
51.222.253.15 - - [25/May/2022:02:36:07 -0300] "GET /localizacao.php HTTP/1.1" 200 27183 "-" "Mozilla/5.0 (compatible; AhrefsBot/7.0; +http://ahrefs.com/robot/)"
51.222.253.8 - - [25/May/2022:03:11:13 -0300] "GET /cadastrar.php HTTP/1.1" 200 27706 "-" "Mozilla/5.0 (compatible; AhrefsBot/7.0; +http://ahrefs.com/robot/)"
90.156.169.8 - - [25/May/2022:03:40:46 -0300] "GET /wp-login.php HTTP/1.1" 404 1021 "-" "Mozilla/5.0 (X11; Ubuntu; Linux x86_64; rv:62.0) Gecko/20100101 Firefox/62.0"
51.222.253.14 - - [25/May/2022:03:46:39 -0300] "GET /produto.php?id=28 HTTP/1.1" 200 29096 "-" "Mozilla/5.0 (compatible; AhrefsBot/7.0; +http://ahrefs.com/robot/)"
51.222.253.16 - - [25/May/2022:04:27:47 -0300] "GET /contato.php HTTP/1.1" 200 27423 "-" "Mozilla/5.0 (compatible; AhrefsBot/7.0; +http://ahrefs.com/robot/)"
66.94.103.76 - - [25/May/2022:05:26:43 -0300] "GET /wp-admin/wp-login.php HTTP/1.1" 404 1021 "-" "Mozilla/5.0 (X11; Ubuntu; Linux x86_64; rv:62.0) Gecko/20100101 Firefox/62.0"
51.222.253.8 - - [25/May/2022:05:29:50 -0300] "GET /videos.php HTTP/1.1" 200 27417 "-" "Mozilla/5.0 (compatible; AhrefsBot/7.0; +http://ahrefs.com/robot/)"
94.237.39.106 - - [25/May/2022:06:24:37 -0300] "GET /wp/wp-login.php HTTP/1.1" 404 1021 "-" "Mozilla/5.0 (X11; Ubuntu; Linux x86_64; rv:62.0) Gecko/20100101 Firefox/62.0"
137.184.89.163 - - [25/May/2022:07:24:15 -0300] "GET /wordpress/wp-login.php HTTP/1.1" 404 1021 "-" "Mozilla/5.0 (X11; Ubuntu; Linux x86_64; rv:62.0) Gecko/20100101 Firefox/62.0"
51.222.253.18 - - [25/May/2022:10:38:05 -0300] "GET /categorias_mobile.php HTTP/1.1" 200 25666 "-" "Mozilla/5.0 (compatible; AhrefsBot/7.0; +http://ahrefs.com/robot/)"
51.222.253.12 - - [25/May/2022:11:10:43 -0300] "GET /produto.php?id=23 HTTP/1.1" 200 29056 "-" "Mozilla/5.0 (compatible; AhrefsBot/7.0; +http://ahrefs.com/robot/)"
51.222.253.1 - - [25/May/2022:11:41:37 -0300] "GET /localizacao.php HTTP/1.1" 200 27189 "-" "Mozilla/5.0 (compatible; AhrefsBot/7.0; +http://ahrefs.com/robot/)"
51.222.253.13 - - [25/May/2022:12:40:21 -0300] "GET /noticia.php?id=13 HTTP/1.1" 200 27106 "-" "Mozilla/5.0 (compatible; AhrefsBot/7.0; +http://ahrefs.com/robot/)"
51.222.253.10 - - [25/May/2022:13:29:03 -0300] "GET /noticia.php?id=14 HTTP/1.1" 200 27109 "-" "Mozilla/5.0 (compatible; AhrefsBot/7.0; +http://ahrefs.com/robot/)"
185.191.171.2 - - [25/May/2022:13:34:57 -0300] "GET /noticia.php?id=12 HTTP/1.1" 200 222722 "-" "Mozilla/5.0 (compatible; SemrushBot/7~bl; +http://www.semrush.com/bot.html)"
194.38.20.161 - - [25/May/2022:13:49:46 -0300] "GET /assets/fileupload/index.php?file=tf2rghf.jpg HTTP/1.1" 404 1021 "-" "ALittle Client"
200.146.7.116 - - [25/May/2022:14:02:58 -0300] "GET /videos.php HTTP/1.1" 200 224956 "-" "Mozilla/5.0 (X11; Ubuntu; Linux x86_64; rv:98.0) Gecko/20100101 Firefox/98.0"
46.161.11.2 - - [25/May/2022:14:46:21 -0300] "GET /produto.php?id=24 HTTP/1.0" 200 238952 "-" "Mozilla/5.0 (Windows NT 6.3; Win64; x64) AppleWebKit/537.36 (KHTML, like Gecko) Chrome/75.0.3770.100 Safari/537.36"
20.90.51.91 - - [25/May/2022:15:18:46 -0300] "GET /wp-includes/css/modules.php HTTP/1.1" 404 1021 "-" "python-requests/2.27.1"
20.90.51.91 - - [25/May/2022:15:19:01 -0300] "GET /wso.php HTTP/1.1" 404 1021 "-" "python-requests/2.27.1"
20.90.51.91 - - [25/May/2022:15:19:16 -0300] "GET /wp-content/plugins/upspy/index.php HTTP/1.1" 404 1021 "-" "python-requests/2.27.1"
20.90.51.91 - - [25/May/2022:15:19:17 -0300] "GET /wp-content/plugins/ubh/index.php HTTP/1.1" 404 1021 "-" "python-requests/2.27.1"
20.90.51.91 - - [25/May/2022:15:19:18 -0300] "GET /wp-content/plugins/vwcleanerplugin/bump.php?cache HTTP/1.1" 404 1021 "-" "python-requests/2.27.1"
20.90.51.91 - - [25/May/2022:15:19:19 -0300] "GET /wp-content/plugins/xichang/x.php?xi HTTP/1.1" 404 1021 "-" "python-requests/2.27.1"
20.90.51.91 - - [25/May/2022:15:19:23 -0300] "GET /wp-admin/shapes.php HTTP/1.1" 404 1021 "-" "python-requests/2.27.1"
20.90.51.91 - - [25/May/2022:15:19:24 -0300] "GET /olux.php HTTP/1.1" 404 1021 "-" "python-requests/2.27.1"
20.90.51.91 - - [25/May/2022:15:19:25 -0300] "GET /indoxploit.php HTTP/1.1" 404 1021 "-" "python-requests/2.27.1"
20.90.51.91 - - [25/May/2022:15:19:30 -0300] "GET /up.php HTTP/1.1" 404 1021 "-" "python-requests/2.27.1"
20.90.51.91 - - [25/May/2022:15:19:31 -0300] "GET /upload.php HTTP/1.1" 404 1021 "-" "python-requests/2.27.1"
20.90.51.91 - - [25/May/2022:15:19:36 -0300] "GET /shell.php HTTP/1.1" 404 1021 "-" "python-requests/2.27.1"
20.90.51.91 - - [25/May/2022:15:19:37 -0300] "GET /wp-admin/network/wp-footer.php HTTP/1.1" 404 1021 "-" "python-requests/2.27.1"
20.90.51.91 - - [25/May/2022:15:19:38 -0300] "GET /wp-info.php HTTP/1.1" 404 1021 "-" "python-requests/2.27.1"
20.90.51.91 - - [25/May/2022:15:19:39 -0300] "GET /wp-content/vuln.php HTTP/1.1" 404 1021 "-" "python-requests/2.27.1"
20.90.51.91 - - [25/May/2022:15:19:40 -0300] "GET /upel.php HTTP/1.1" 404 1021 "-" "python-requests/2.27.1"
20.90.51.91 - - [25/May/2022:15:19:41 -0300] "GET /wp-content/plugins/ppus/up.php HTTP/1.1" 404 1021 "-" "python-requests/2.27.1"
20.90.51.91 - - [25/May/2022:15:19:42 -0300] "GET /098.php HTTP/1.1" 404 1021 "-" "python-requests/2.27.1"
20.90.51.91 - - [25/May/2022:15:19:43 -0300] "GET /V5.php HTTP/1.1" 404 1021 "-" "python-requests/2.27.1"
20.90.51.91 - - [25/May/2022:15:19:44 -0300] "GET /new_license.php HTTP/1.1" 404 1021 "-" "python-requests/2.27.1"
20.90.51.91 - - [25/May/2022:15:19:45 -0300] "GET /wp-content/plugins/theme-configurator/mini.php HTTP/1.1" 404 1021 "-" "python-requests/2.27.1"
20.90.51.91 - - [25/May/2022:15:19:46 -0300] "GET /wp-content/plugins/widget-logic/mini.php HTTP/1.1" 404 1021 "-" "python-requests/2.27.1"
20.90.51.91 - - [25/May/2022:15:19:47 -0300] "GET /wso.php HTTP/1.1" 404 1021 "-" "python-requests/2.27.1"
20.90.51.91 - - [25/May/2022:15:19:48 -0300] "GET /modules/modules/modules.php HTTP/1.1" 404 1021 "-" "python-requests/2.27.1"
20.90.51.91 - - [25/May/2022:15:19:49 -0300] "GET /modules/mod_simplefileuploadv1.3/elements/Clean.php HTTP/1.1" 404 1021 "-" "python-requests/2.27.1"
20.90.51.91 - - [25/May/2022:15:19:53 -0300] "GET /modules/mod_simplefileuploadv1.3/elements/udd.php HTTP/1.1" 404 1021 "-" "python-requests/2.27.1"
20.90.51.91 - - [25/May/2022:15:19:54 -0300] "GET /libraries/joomla/css.php HTTP/1.1" 404 1021 "-" "python-requests/2.27.1"
20.90.51.91 - - [25/May/2022:15:19:55 -0300] "GET /libraries/joomla/jmails.php?u HTTP/1.1" 404 1021 "-" "python-requests/2.27.1"
20.90.51.91 - - [25/May/2022:15:19:56 -0300] "GET /libraries/joomla/jmail.php?u HTTP/1.1" 404 1021 "-" "python-requests/2.27.1"
20.90.51.91 - - [25/May/2022:15:19:57 -0300] "GET /images/vuln.php HTTP/1.1" 404 1021 "-" "python-requests/2.27.1"
20.90.51.91 - - [25/May/2022:15:19:58 -0300] "GET /tmp/vuln.php HTTP/1.1" 404 1021 "-" "python-requests/2.27.1"
20.90.51.91 - - [25/May/2022:15:20:00 -0300] "GET /XxX.php HTTP/1.1" 404 1021 "-" "python-requests/2.27.1"
20.90.51.91 - - [25/May/2022:15:20:01 -0300] "GET /Marvins.php HTTP/1.1" 404 1021 "-" "python-requests/2.27.1"
20.90.51.91 - - [25/May/2022:15:20:03 -0300] "GET /rxr.php?rxr HTTP/1.1" 404 1021 "-" "python-requests/2.27.1"
20.90.51.91 - - [25/May/2022:15:20:04 -0300] "GET /olux.php HTTP/1.1" 404 1021 "-" "python-requests/2.27.1"
20.90.51.91 - - [25/May/2022:15:20:05 -0300] "GET /indoxploit.php HTTP/1.1" 404 1021 "-" "python-requests/2.27.1"
20.90.51.91 - - [25/May/2022:15:20:06 -0300] "GET /error.php HTTP/1.1" 404 1021 "-" "python-requests/2.27.1"
20.90.51.91 - - [25/May/2022:15:20:07 -0300] "GET /RxR.php HTTP/1.1" 404 1021 "-" "python-requests/2.27.1"
20.90.51.91 - - [25/May/2022:15:20:08 -0300] "GET /components/com_b2jcontact/izoc.php HTTP/1.1" 404 1021 "-" "python-requests/2.27.1"
20.90.51.91 - - [25/May/2022:15:20:09 -0300] "GET /V3.php HTTP/1.1" 404 1021 "-" "python-requests/2.27.1"
20.90.51.91 - - [25/May/2022:15:20:10 -0300] "GET /V5.php HTTP/1.1" 404 1021 "-" "python-requests/2.27.1"
20.90.51.91 - - [25/May/2022:15:20:14 -0300] "GET /up.php HTTP/1.1" 404 1021 "-" "python-requests/2.27.1"
20.90.51.91 - - [25/May/2022:15:20:15 -0300] "GET /upload.php HTTP/1.1" 404 1021 "-" "python-requests/2.27.1"
20.90.51.91 - - [25/May/2022:15:20:16 -0300] "GET /shell.php HTTP/1.1" 404 1021 "-" "python-requests/2.27.1"
20.90.51.91 - - [25/May/2022:15:20:17 -0300] "GET /administrator/templates/bluestork/index.php HTTP/1.1" 404 1021 "-" "python-requests/2.27.1"
20.90.51.91 - - [25/May/2022:15:20:18 -0300] "GET /administrator/templates/bluestork/error.php HTTP/1.1" 404 1021 "-" "python-requests/2.27.1"
20.90.51.91 - - [25/May/2022:15:20:19 -0300] "GET /administrator/templates/hathor/index.php HTTP/1.1" 404 1021 "-" "python-requests/2.27.1"
20.90.51.91 - - [25/May/2022:15:20:20 -0300] "GET /administrator/templates/hathor/error.php HTTP/1.1" 404 1021 "-" "python-requests/2.27.1"
20.90.51.91 - - [25/May/2022:15:20:21 -0300] "GET /administrator/templates/isis/index.php HTTP/1.1" 404 1021 "-" "python-requests/2.27.1"
20.90.51.91 - - [25/May/2022:15:20:22 -0300] "GET /administrator/templates/isis/error.php HTTP/1.1" 404 1021 "-" "python-requests/2.27.1"
20.90.51.91 - - [25/May/2022:15:20:23 -0300] "GET /templates/beez/index.php HTTP/1.1" 404 1021 "-" "python-requests/2.27.1"
20.90.51.91 - - [25/May/2022:15:20:24 -0300] "GET /templates/ja_purity/index.php HTTP/1.1" 404 1021 "-" "python-requests/2.27.1"
20.90.51.91 - - [25/May/2022:15:20:25 -0300] "GET /templates/rhuk_milkyway/index.php HTTP/1.1" 404 1021 "-" "python-requests/2.27.1"
20.90.51.91 - - [25/May/2022:15:20:26 -0300] "GET /templates/system/index.php HTTP/1.1" 404 1021 "-" "python-requests/2.27.1"
20.90.51.91 - - [25/May/2022:15:20:27 -0300] "GET /templates/system/error.php HTTP/1.1" 404 1021 "-" "python-requests/2.27.1"
20.90.51.91 - - [25/May/2022:15:20:28 -0300] "GET /templates/beez3/index.php HTTP/1.1" 404 1021 "-" "python-requests/2.27.1"
20.90.51.91 - - [25/May/2022:15:20:28 -0300] "GET /templates/beez3/error.php HTTP/1.1" 404 1021 "-" "python-requests/2.27.1"
20.90.51.91 - - [25/May/2022:15:20:29 -0300] "GET /templates/beez5/index.php HTTP/1.1" 404 1021 "-" "python-requests/2.27.1"
20.90.51.91 - - [25/May/2022:15:20:30 -0300] "GET /templates/beez5/error.php HTTP/1.1" 404 1021 "-" "python-requests/2.27.1"
20.90.51.91 - - [25/May/2022:15:20:32 -0300] "GET /templates/beez_20/index.php HTTP/1.1" 404 1021 "-" "python-requests/2.27.1"
20.90.51.91 - - [25/May/2022:15:20:33 -0300] "GET /templates/beez_20/error.php HTTP/1.1" 404 1021 "-" "python-requests/2.27.1"
20.90.51.91 - - [25/May/2022:15:20:34 -0300] "GET /templates/protostar/index.php HTTP/1.1" 404 1021 "-" "python-requests/2.27.1"
20.90.51.91 - - [25/May/2022:15:20:35 -0300] "GET /templates/protostar/error.php HTTP/1.1" 404 1021 "-" "python-requests/2.27.1"
20.90.51.91 - - [25/May/2022:15:20:36 -0300] "GET /templates/atomic/index.php HTTP/1.1" 404 1021 "-" "python-requests/2.27.1"
20.90.51.91 - - [25/May/2022:15:20:41 -0300] "GET /templates/atomic/error.php HTTP/1.1" 404 1021 "-" "python-requests/2.27.1"
20.90.51.91 - - [25/May/2022:15:20:42 -0300] "GET /olux.php HTTP/1.1" 404 1021 "-" "python-requests/2.27.1"
20.90.51.91 - - [25/May/2022:15:20:43 -0300] "GET /indoxploit.php HTTP/1.1" 404 1021 "-" "python-requests/2.27.1"
20.90.51.91 - - [25/May/2022:15:20:43 -0300] "GET /indoxploit.php HTTP/1.1" 404 1021 "-" "python-requests/2.27.1"
20.90.51.91 - - [25/May/2022:15:20:45 -0300] "GET /wso.php HTTP/1.1" 404 1021 "-" "python-requests/2.27.1"
20.90.51.91 - - [25/May/2022:15:21:12 -0300] "GET /up.php HTTP/1.1" 404 1021 "-" "python-requests/2.27.1"
20.90.51.91 - - [25/May/2022:15:21:13 -0300] "GET /upload.php HTTP/1.1" 404 1021 "-" "python-requests/2.27.1"
20.90.51.91 - - [25/May/2022:15:21:14 -0300] "GET /shell.php HTTP/1.1" 404 1021 "-" "python-requests/2.27.1"
51.222.253.3 - - [25/May/2022:15:23:35 -0300] "GET /categoria.php?id=43 HTTP/1.1" 200 27254 "-" "Mozilla/5.0 (compatible; AhrefsBot/7.0; +http://ahrefs.com/robot/)"
134.195.101.34 - - [25/May/2022:15:50:04 -0300] "GET /produto.php?id=29'A=0 HTTP/1.1" 200 240407 "http://www.cial.ind.br/produto.php?id=29'A=0" "Mozilla/5.0 (Windows; U; Windows NT 5.1; pt-PT; rv:1.9.1.2) Gecko/20090729 Firefox/3.5.2 (.NET CLR 3.5.30729)"
51.222.253.7 - - [25/May/2022:15:57:45 -0300] "GET /categorias_mobile.php HTTP/1.1" 200 25668 "-" "Mozilla/5.0 (compatible; AhrefsBot/7.0; +http://ahrefs.com/robot/)"
212.102.33.214 - - [25/May/2022:16:25:01 -0300] "GET /contato.php HTTP/1.1" 200 224211 "-" "Mozilla/5.0 (Windows NT 6.1) AppleWebKit/537.36 (KHTML, like Gecko) Chrome/53.0.2785.104 Safari/537.36 Core/1.53.2057.400 QQBrowser/9.5.10158.400"
41.93.82.7 - - [25/May/2022:17:37:48 -0300] "GET /wp-login.php HTTP/1.1" 404 1021 "-" "Mozilla/5.0 (X11; Ubuntu; Linux x86_64; rv:62.0) Gecko/20100101 Firefox/62.0"
51.222.253.15 - - [25/May/2022:18:32:57 -0300] "GET /categoria.php?id=39 HTTP/1.1" 200 27062 "-" "Mozilla/5.0 (compatible; AhrefsBot/7.0; +http://ahrefs.com/robot/)"
51.222.253.8 - - [25/May/2022:18:55:59 -0300] "GET /categoria.php?id=47 HTTP/1.1" 200 27256 "-" "Mozilla/5.0 (compatible; AhrefsBot/7.0; +http://ahrefs.com/robot/)"
51.222.253.15 - - [25/May/2022:19:17:30 -0300] "GET /sobre.php HTTP/1.1" 200 28059 "-" "Mozilla/5.0 (compatible; AhrefsBot/7.0; +http://ahrefs.com/robot/)"
51.222.253.2 - - [25/May/2022:19:38:45 -0300] "GET /categoria.php?id=55 HTTP/1.1" 200 27243 "-" "Mozilla/5.0 (compatible; AhrefsBot/7.0; +http://ahrefs.com/robot/)"
40.77.167.30 - - [25/May/2022:20:01:50 -0300] "GET /categoria.php?id=45 HTTP/1.1" 200 223568 "-" "Mozilla/5.0 (compatible; bingbot/2.0; +http://www.bing.com/bingbot.htm)"
51.222.253.11 - - [26/May/2022:05:49:48 -0300] "GET /produto.php?id=29 HTTP/1.1" 200 29068 "-" "Mozilla/5.0 (compatible; AhrefsBot/7.0; +http://ahrefs.com/robot/)"
51.222.253.2 - - [26/May/2022:06:35:36 -0300] "GET /produto.php?id=31 HTTP/1.1" 200 28762 "-" "Mozilla/5.0 (compatible; AhrefsBot/7.0; +http://ahrefs.com/robot/)"
185.191.171.17 - - [26/May/2022:07:52:24 -0300] "GET /produto.php?id=21 HTTP/1.1" 200 240157 "-" "Mozilla/5.0 (compatible; SemrushBot/7~bl; +http://www.semrush.com/bot.html)"
185.83.144.103 - - [26/May/2022:08:21:12 -0300] "GET /php_info.php HTTP/1.1" 404 1021 "-" "Mozilla/5.0 (X11; Linux x86_64) AppleWebKit/537.36 (KHTML, like Gecko) Chrome/81.0.4044.129 Safari/537.36"
51.222.253.2 - - [26/May/2022:08:43:29 -0300] "GET /produto.php?id=22 HTTP/1.1" 200 29088 "-" "Mozilla/5.0 (compatible; AhrefsBot/7.0; +http://ahrefs.com/robot/)"
88.214.43.118 - - [26/May/2022:09:34:00 -0300] "GET /infophp.php HTTP/1.1" 404 1021 "-" "Mozilla/5.0 (X11; Linux x86_64) AppleWebKit/537.36 (KHTML, like Gecko) Chrome/81.0.4044.129 Safari/537.36"
179.104.104.180 - - [26/May/2022:11:41:04 -0300] "GET /noticia.php?id=10?18072018180831 HTTP/1.1" 200 223279 "-" "Mozilla/5.0 (Macintosh; Intel Mac OS X 10_13_6) AppleWebKit/537.36 (KHTML, like Gecko) Chrome/102.0.5005.61 Safari/537.36"
179.104.104.180 - - [26/May/2022:11:41:12 -0300] "GET /index.php HTTP/1.1" 200 239246 "http://www.cial.ind.br/noticia.php?id=10?18072018180831" "Mozilla/5.0 (Macintosh; Intel Mac OS X 10_13_6) AppleWebKit/537.36 (KHTML, like Gecko) Chrome/102.0.5005.61 Safari/537.36"
207.46.13.67 - - [26/May/2022:12:19:47 -0300] "GET /categorias_mobile.php HTTP/1.1" 200 219170 "-" "Mozilla/5.0 (compatible; bingbot/2.0; +http://www.bing.com/bingbot.htm)"
209.97.169.179 - - [26/May/2022:14:53:44 -0300] "GET /wp-login.php HTTP/1.1" 404 1021 "http://cial.ind.br" "Mozilla/5.0 (Macintosh; Intel Mac OS X 10_9_0) AppleWebKit/537.36 (KHTML, like Gecko) Chrome/32.0.1664.3 Safari/537.36"
209.97.169.179 - - [26/May/2022:14:53:47 -0300] "GET /wordpress/wp-login.php HTTP/1.1" 404 1021 "http://cial.ind.br" "Mozilla/5.0 (Macintosh; Intel Mac OS X 10_9_0) AppleWebKit/537.36 (KHTML, like Gecko) Chrome/32.0.1664.3 Safari/537.36"
209.97.169.179 - - [26/May/2022:14:53:48 -0300] "GET /blog/wp-login.php HTTP/1.1" 404 1021 "http://cial.ind.br" "Mozilla/5.0 (Macintosh; Intel Mac OS X 10_9_0) AppleWebKit/537.36 (KHTML, like Gecko) Chrome/32.0.1664.3 Safari/537.36"
209.97.169.179 - - [26/May/2022:14:53:50 -0300] "GET /wp/wp-login.php HTTP/1.1" 404 1021 "http://cial.ind.br" "Mozilla/5.0 (Macintosh; Intel Mac OS X 10_9_0) AppleWebKit/537.36 (KHTML, like Gecko) Chrome/32.0.1664.3 Safari/537.36"
212.102.40.2 - - [26/May/2022:15:24:55 -0300] "GET /contato.php HTTP/1.1" 200 224210 "http://www.cial.ind.br" "Mozilla/5.0 (Windows NT 6.1) AppleWebKit/537.36 (KHTML, like Gecko) Chrome/53.0.2785.104 Safari/537.36 Core/1.53.2057.400 QQBrowser/9.5.10158.400"
212.102.40.2 - - [26/May/2022:15:25:01 -0300] "POST /contato.php HTTP/1.1" 200 224742 "http://www.cial.ind.br/contato.php" "Mozilla/5.0 (Windows NT 6.1) AppleWebKit/537.36 (KHTML, like Gecko) Chrome/53.0.2785.104 Safari/537.36 Core/1.53.2057.400 QQBrowser/9.5.10158.400"
138.199.7.130 - - [26/May/2022:16:57:26 -0300] "GET /contato.php HTTP/1.0" 200 224149 "http://cial.ind.br/contato.php" "Mozilla/5.0 (Windows NT 10.0; WOW64) AppleWebKit/537.36 (KHTML, like Gecko) Chrome/90.0.4400.8 Safari/537.36"
138.199.7.130 - - [26/May/2022:16:57:29 -0300] "POST /contato.php HTTP/1.0" 200 224502 "http://cial.ind.br/contato.php" "Mozilla/5.0 (Windows NT 10.0; WOW64) AppleWebKit/537.36 (KHTML, like Gecko) Chrome/90.0.4400.8 Safari/537.36"
51.222.253.10 - - [26/May/2022:20:36:02 -0300] "GET /videos.php HTTP/1.1" 200 27421 "-" "Mozilla/5.0 (compatible; AhrefsBot/7.0; +http://ahrefs.com/robot/)"
194.38.20.161 - - [27/May/2022:00:57:37 -0300] "GET /public/assets/fileupload/index.php?file=tf2rghf.jpg HTTP/1.1" 404 1021 "-" "ALittle Client"
207.46.13.67 - - [27/May/2022:03:46:38 -0300] "GET /categorias_mobile.php HTTP/1.1" 200 219186 "-" "Mozilla/5.0 (compatible; bingbot/2.0; +http://www.bing.com/bingbot.htm)"
51.222.253.16 - - [27/May/2022:04:35:02 -0300] "GET /produto.php?id=27 HTTP/1.1" 200 28935 "-" "Mozilla/5.0 (compatible; AhrefsBot/7.0; +http://ahrefs.com/robot/)"
148.251.190.243 - - [27/May/2022:06:45:20 -0300] "GET /noticia.php?id=10?18072018180831 HTTP/1.1" 200 223279 "-" "Mozilla/5.0 (compatible; BLEXBot/1.0; +http://webmeup-crawler.com/)"
148.251.190.243 - - [27/May/2022:06:45:50 -0300] "GET /produto.php?id=27 HTTP/1.1" 200 238826 "-" "Mozilla/5.0 (compatible; BLEXBot/1.0; +http://webmeup-crawler.com/)"
148.251.190.243 - - [27/May/2022:06:46:00 -0300] "GET /produto.php?id=28 HTTP/1.1" 200 239438 "-" "Mozilla/5.0 (compatible; BLEXBot/1.0; +http://webmeup-crawler.com/)"
148.251.190.243 - - [27/May/2022:06:46:05 -0300] "GET /produto.php?id=29 HTTP/1.1" 200 240397 "-" "Mozilla/5.0 (compatible; BLEXBot/1.0; +http://webmeup-crawler.com/)"
195.181.168.171 - - [27/May/2022:09:31:46 -0300] "GET /contato.php HTTP/1.1" 200 224202 "http://cial.ind.br" "Mozilla/5.0 (Windows NT 10.0; Win64; x64) AppleWebKit/537.36 (KHTML, like Gecko) Chrome/62.0.3202.94 Safari/537.36"
195.181.168.171 - - [27/May/2022:09:31:49 -0300] "POST /contato.php HTTP/1.1" 200 224346 "http://cial.ind.br" "Mozilla/5.0 (Windows NT 10.0; Win64; x64) AppleWebKit/537.36 (KHTML, like Gecko) Chrome/62.0.3202.94 Safari/537.36"
148.251.190.243 - - [27/May/2022:10:53:36 -0300] "GET /cadastrar.php HTTP/1.1" 200 226581 "-" "Mozilla/5.0 (compatible; BLEXBot/1.0; +http://webmeup-crawler.com/)"
148.251.190.243 - - [27/May/2022:10:53:45 -0300] "GET /categoria.php?id=42 HTTP/1.1" 200 224610 "-" "Mozilla/5.0 (compatible; BLEXBot/1.0; +http://webmeup-crawler.com/)"
148.251.190.243 - - [27/May/2022:10:54:09 -0300] "GET /categorias_mobile.php HTTP/1.1" 200 219161 "-" "Mozilla/5.0 (compatible; BLEXBot/1.0; +http://webmeup-crawler.com/)"
148.251.190.243 - - [27/May/2022:10:54:16 -0300] "GET /contato.php HTTP/1.1" 200 224211 "-" "Mozilla/5.0 (compatible; BLEXBot/1.0; +http://webmeup-crawler.com/)"
148.251.190.243 - - [27/May/2022:10:54:21 -0300] "GET /faq.php HTTP/1.1" 200 224535 "-" "Mozilla/5.0 (compatible; BLEXBot/1.0; +http://webmeup-crawler.com/)"
148.251.190.243 - - [27/May/2022:10:54:24 -0300] "GET /index.php HTTP/1.1" 200 239319 "-" "Mozilla/5.0 (compatible; BLEXBot/1.0; +http://webmeup-crawler.com/)"
148.251.190.243 - - [27/May/2022:10:54:27 -0300] "GET /localizacao.php HTTP/1.1" 200 223361 "-" "Mozilla/5.0 (compatible; BLEXBot/1.0; +http://webmeup-crawler.com/)"
148.251.190.243 - - [27/May/2022:10:55:26 -0300] "GET /noticias.php HTTP/1.1" 200 227876 "-" "Mozilla/5.0 (compatible; BLEXBot/1.0; +http://webmeup-crawler.com/)"
148.251.190.243 - - [27/May/2022:10:55:29 -0300] "GET /produto.php?id=21 HTTP/1.1" 200 240175 "-" "Mozilla/5.0 (compatible; BLEXBot/1.0; +http://webmeup-crawler.com/)"
148.251.190.243 - - [27/May/2022:10:55:32 -0300] "GET /produto.php?id=22 HTTP/1.1" 200 240848 "-" "Mozilla/5.0 (compatible; BLEXBot/1.0; +http://webmeup-crawler.com/)"
148.251.190.243 - - [27/May/2022:10:55:43 -0300] "GET /produto.php?id=23 HTTP/1.1" 200 240602 "-" "Mozilla/5.0 (compatible; BLEXBot/1.0; +http://webmeup-crawler.com/)"
148.251.190.243 - - [27/May/2022:10:55:47 -0300] "GET /produto.php?id=24 HTTP/1.1" 200 239005 "-" "Mozilla/5.0 (compatible; BLEXBot/1.0; +http://webmeup-crawler.com/)"
148.251.190.243 - - [27/May/2022:10:55:54 -0300] "GET /produto.php?id=31 HTTP/1.1" 200 237267 "-" "Mozilla/5.0 (compatible; BLEXBot/1.0; +http://webmeup-crawler.com/)"
148.251.190.243 - - [27/May/2022:10:56:01 -0300] "GET /servicos.php HTTP/1.1" 200 223383 "-" "Mozilla/5.0 (compatible; BLEXBot/1.0; +http://webmeup-crawler.com/)"
148.251.190.243 - - [27/May/2022:10:56:04 -0300] "GET /sobre.php HTTP/1.1" 200 225508 "-" "Mozilla/5.0 (compatible; BLEXBot/1.0; +http://webmeup-crawler.com/)"
148.251.190.243 - - [27/May/2022:10:56:08 -0300] "GET /videos.php HTTP/1.1" 200 224948 "-" "Mozilla/5.0 (compatible; BLEXBot/1.0; +http://webmeup-crawler.com/)"
207.46.13.67 - - [27/May/2022:13:04:51 -0300] "GET /categorias_mobile.php HTTP/1.1" 200 219169 "-" "Mozilla/5.0 (compatible; bingbot/2.0; +http://www.bing.com/bingbot.htm)"
64.227.50.237 - - [27/May/2022:14:35:30 -0300] "GET /wp-login.php HTTP/1.1" 404 1021 "-" "Mozilla/5.0 (X11; Ubuntu; Linux x86_64; rv:62.0) Gecko/20100101 Firefox/62.0"
51.222.253.18 - - [27/May/2022:17:49:08 -0300] "GET /servicos.php HTTP/1.1" 200 27290 "-" "Mozilla/5.0 (compatible; AhrefsBot/7.0; +http://ahrefs.com/robot/)"
66.249.64.92 - - [27/May/2022:18:08:47 -0300] "GET /produto.php?id=22 HTTP/1.1" 200 29085 "-" "Mozilla/5.0 (Linux; Android 6.0.1; Nexus 5X Build/MMB29P) AppleWebKit/537.36 (KHTML, like Gecko) Chrome/101.0.4951.64 Mobile Safari/537.36 (compatible; Googlebot/2.1; +http://www.google.com/bot.html)"
51.222.253.1 - - [27/May/2022:18:08:56 -0300] "GET /produto.php?id=27 HTTP/1.1" 200 28936 "-" "Mozilla/5.0 (compatible; AhrefsBot/7.0; +http://ahrefs.com/robot/)"
17.121.114.173 - - [27/May/2022:18:11:19 -0300] "GET /contato.php HTTP/1.1" 200 224209 "-" "Mozilla/5.0 (Macintosh; Intel Mac OS X 10_15_5) AppleWebKit/605.1.15 (KHTML, like Gecko) Version/13.1.1 Safari/605.1.15 (Applebot/0.1; +http://www.apple.com/go/applebot)"
51.222.253.20 - - [27/May/2022:19:12:12 -0300] "GET /categoria.php?id=42 HTTP/1.1" 200 27308 "-" "Mozilla/5.0 (compatible; AhrefsBot/7.0; +http://ahrefs.com/robot/)"
207.46.13.67 - - [27/May/2022:20:37:22 -0300] "GET /categorias_mobile.php HTTP/1.1" 200 219179 "-" "Mozilla/5.0 (compatible; bingbot/2.0; +http://www.bing.com/bingbot.htm)"
51.222.253.9 - - [27/May/2022:20:43:48 -0300] "GET /faq.php HTTP/1.1" 200 27359 "-" "Mozilla/5.0 (compatible; AhrefsBot/7.0; +http://ahrefs.com/robot/)"
51.222.253.19 - - [27/May/2022:21:19:24 -0300] "GET /produto.php?id=24 HTTP/1.1" 200 29021 "-" "Mozilla/5.0 (compatible; AhrefsBot/7.0; +http://ahrefs.com/robot/)"
207.46.13.41 - - [27/May/2022:21:21:48 -0300] "GET /produto.php?id=31 HTTP/1.1" 200 237267 "-" "Mozilla/5.0 (compatible; bingbot/2.0; +http://www.bing.com/bingbot.htm)"
51.222.253.5 - - [27/May/2022:21:49:49 -0300] "GET /cadastrar.php HTTP/1.1" 200 27712 "-" "Mozilla/5.0 (compatible; AhrefsBot/7.0; +http://ahrefs.com/robot/)"
51.222.253.14 - - [27/May/2022:22:24:20 -0300] "GET /contato.php HTTP/1.1" 200 27426 "-" "Mozilla/5.0 (compatible; AhrefsBot/7.0; +http://ahrefs.com/robot/)"
17.121.114.68 - - [27/May/2022:22:34:24 -0300] "GET /cadastrar.php HTTP/1.1" 200 226581 "-" "Mozilla/5.0 (Macintosh; Intel Mac OS X 10_15_5) AppleWebKit/605.1.15 (KHTML, like Gecko) Version/13.1.1 Safari/605.1.15 (Applebot/0.1; +http://www.apple.com/go/applebot)"
157.55.39.156 - - [27/May/2022:22:50:55 -0300] "GET /videos.php HTTP/1.1" 200 224949 "-" "Mozilla/5.0 (compatible; bingbot/2.0; +http://www.bing.com/bingbot.htm)"
40.77.167.44 - - [27/May/2022:23:21:25 -0300] "GET /index.php HTTP/1.1" 200 239334 "-" "Mozilla/5.0 (compatible; bingbot/2.0; +http://www.bing.com/bingbot.htm)"
40.77.167.44 - - [27/May/2022:23:46:47 -0300] "GET /noticias.php HTTP/1.1" 200 227875 "-" "Mozilla/5.0 (compatible; bingbot/2.0; +http://www.bing.com/bingbot.htm)"
207.46.13.67 - - [28/May/2022:00:10:53 -0300] "GET /categorias_mobile.php HTTP/1.1" 200 219170 "-" "Mozilla/5.0 (compatible; bingbot/2.0; +http://www.bing.com/bingbot.htm)"
5.161.112.23 - - [28/May/2022:01:43:15 -0300] "POST /wp-plain.php HTTP/1.1" 404 1021 "www.google.com" "Mozlila/5.0 (Linux; Android 7.0; SM-G892A Bulid/NRD90M; wv) AppleWebKit/537.36 (KHTML, like Gecko) Version/4.0 Chrome/60.0.3112.107 Moblie Safari/537.36"
5.161.112.23 - - [28/May/2022:01:43:16 -0300] "GET /dxhwtray.php?Fox=d3wL7 HTTP/1.1" 404 1021 "www.google.com" "Mozlila/5.0 (Linux; Android 7.0; SM-G892A Bulid/NRD90M; wv) AppleWebKit/537.36 (KHTML, like Gecko) Version/4.0 Chrome/60.0.3112.107 Moblie Safari/537.36"
157.55.39.156 - - [28/May/2022:02:50:48 -0300] "GET /cadastrar.php HTTP/1.1" 200 226573 "-" "Mozilla/5.0 (compatible; bingbot/2.0; +http://www.bing.com/bingbot.htm)"
157.55.39.156 - - [28/May/2022:04:11:15 -0300] "GET /videos.php HTTP/1.1" 200 224957 "-" "Mozilla/5.0 (compatible; bingbot/2.0; +http://www.bing.com/bingbot.htm)"
40.77.167.74 - - [28/May/2022:07:36:56 -0300] "GET /faq.php HTTP/1.1" 200 224533 "-" "Mozilla/5.0 (compatible; bingbot/2.0; +http://www.bing.com/bingbot.htm)"
203.195.137.159 - - [28/May/2022:10:44:17 -0300] "GET /defau1t.php HTTP/1.1" 404 1021 "-" "Mozilla/5.0 (iPhone; CPU iPhone OS 14_4 like Mac OS X) AppleWebKit/605.1.15 (KHTML, like Gecko) CriOS/87.0.4280.77 Mobile/15E148 Safari/604.1"
203.195.137.159 - - [28/May/2022:10:44:17 -0300] "GET /defaul1.php HTTP/1.1" 404 1021 "-" "Mozilla/5.0 (Windows NT 10.0; Win64; x64) AppleWebKit/537.36 (KHTML, like Gecko) Chrome/87.0.4280.141 Safari/537.36"
203.195.137.159 - - [28/May/2022:10:44:17 -0300] "GET /defau11.php HTTP/1.1" 404 1021 "-" "Mozilla/5.0 (X11; Linux x86_64) AppleWebKit/537.36 (KHTML, like Gecko) HeadlessChrome/88.0.4298.0 Safari/537.36"
194.38.20.161 - - [28/May/2022:11:00:08 -0300] "GET /admin/assets/fileupload/index.php?file=tf2rghf.jpg HTTP/1.1" 404 1021 "-" "ALittle Client"
