34.77.162.7 - - [03/Mar/2022:16:44:22 -0300] "GET / HTTP/1.0" 301 505 "-" "Expanse, a Palo Alto Networks company, searches across the global IPv4 space multiple times per day to identify customers' presences on the Internet. If you would like to be excluded from our scans, please send IP addresses/domains to: scaninfo@paloaltonetworks.com"
185.191.171.33 - - [03/Mar/2022:16:57:07 -0300] "GET /robots.txt HTTP/1.0" 301 513 "-" "Mozilla/5.0 (compatible; SemrushBot/7~bl; +http://www.semrush.com/bot.html)"
216.244.66.250 - - [03/Mar/2022:17:02:12 -0300] "GET /robots.txt HTTP/1.0" 301 525 "-" "Mozilla/5.0 (compatible; DotBot/1.2; +https://opensiteexplorer.org/dotbot; help@moz.com)"
207.46.13.113 - - [03/Mar/2022:20:06:57 -0300] "GET /default.asp HTTP/1.0" 301 515 "-" "Mozilla/5.0 (compatible; bingbot/2.0; +http://www.bing.com/bingbot.htm)"
216.244.66.250 - - [03/Mar/2022:20:15:10 -0300] "GET /robots.txt HTTP/1.0" 301 513 "-" "Mozilla/5.0 (compatible; DotBot/1.2; +https://opensiteexplorer.org/dotbot; help@moz.com)"
52.56.198.86 - - [03/Mar/2022:20:41:11 -0300] "GET / HTTP/1.0" 301 493 "-" "python-requests/2.27.1"
157.55.39.38 - - [03/Mar/2022:20:52:08 -0300] "GET /files/banners2_7_1.png HTTP/1.0" 301 549 "-" "Mozilla/5.0 (compatible; bingbot/2.0; +http://www.bing.com/bingbot.htm)"
185.191.34.215 - - [03/Mar/2022:20:57:31 -0300] "HEAD / HTTP/1.0" 301 183 "-" "Mozilla/5.0 (Windows NT 10.0; Win64; x64; rv:67.0) Gecko/20100101 Firefox/67.0"
216.244.66.250 - - [03/Mar/2022:21:03:06 -0300] "GET /robots.txt HTTP/1.0" 301 513 "-" "Mozilla/5.0 (compatible; DotBot/1.2; +https://opensiteexplorer.org/dotbot; help@moz.com)"
191.6.213.122 - - [03/Mar/2022:22:15:18 -0300] "GET / HTTP/1.0" 301 505 "https://king.host/?utm_source=superdominios&utm_medium=acessos-auto" "Mozilla/5.0 (Linux; Android 6.0; 5085J) AppleWebKit/537.36 (KHTML, like Gecko) Chrome/71.0.3578.99 Mobile Safari/537.36"
114.119.143.1 - - [03/Mar/2022:23:11:07 -0300] "GET /robots.txt HTTP/1.0" 301 513 "-" "Mozilla/5.0 (compatible;PetalBot;+https://webmaster.petalsearch.com/site/petalbot)"
216.244.66.250 - - [04/Mar/2022:00:16:14 -0300] "GET /robots.txt HTTP/1.0" 301 513 "-" "Mozilla/5.0 (compatible; DotBot/1.2; +https://opensiteexplorer.org/dotbot; help@moz.com)"
216.244.66.250 - - [04/Mar/2022:01:53:44 -0300] "GET /robots.txt HTTP/1.0" 301 513 "-" "Mozilla/5.0 (compatible; DotBot/1.2; +https://opensiteexplorer.org/dotbot; help@moz.com)"
93.158.90.68 - - [04/Mar/2022:02:14:50 -0300] "GET /robots.txt HTTP/1.0" 301 513 "-" "Mozilla/5.0 (Macintosh; Intel Mac OS X 10_13_6) AppleWebKit/537.36 (KHTML, like Gecko) Chrome/91.0.4472.114 Safari/537.36"
93.158.90.66 - - [04/Mar/2022:02:14:52 -0300] "GET /humans.txt HTTP/1.0" 301 513 "-" "Mozilla/5.0 (Macintosh; Intel Mac OS X 10_13_6) AppleWebKit/537.36 (KHTML, like Gecko) Chrome/91.0.4472.114 Safari/537.36"
93.158.90.70 - - [04/Mar/2022:02:14:53 -0300] "GET /ads.txt HTTP/1.0" 301 507 "-" "Mozilla/5.0 (Macintosh; Intel Mac OS X 10_13_6) AppleWebKit/537.36 (KHTML, like Gecko) Chrome/91.0.4472.114 Safari/537.36"
93.158.90.73 - - [04/Mar/2022:02:14:55 -0300] "GET / HTTP/1.0" 301 493 "-" "Mozilla/5.0 (Macintosh; Intel Mac OS X 10_13_6) AppleWebKit/537.36 (KHTML, like Gecko) Chrome/91.0.4472.114 Safari/537.36"
114.119.149.2 - - [04/Mar/2022:03:22:39 -0300] "GET /robots.txt HTTP/1.0" 301 525 "-" "Mozilla/5.0 (compatible;PetalBot;+https://webmaster.petalsearch.com/site/petalbot)"
216.244.66.250 - - [04/Mar/2022:04:19:37 -0300] "GET /robots.txt HTTP/1.0" 301 513 "-" "Mozilla/5.0 (compatible; DotBot/1.2; +https://opensiteexplorer.org/dotbot; help@moz.com)"
185.191.171.21 - - [04/Mar/2022:04:48:34 -0300] "GET /robots.txt HTTP/1.0" 301 513 "-" "Mozilla/5.0 (compatible; SemrushBot/7~bl; +http://www.semrush.com/bot.html)"
40.115.67.240 - - [04/Mar/2022:05:43:12 -0300] "GET /.env HTTP/1.0" 301 501 "-" "Mozilla/5.0 (Macintosh; Intel Mac OS X 10.15; rv:77.0) Gecko/20100101 Firefox/77.0"
40.115.67.240 - - [04/Mar/2022:05:43:14 -0300] "GET /wp-content/ HTTP/1.0" 301 515 "-" "Mozilla/5.0 (Macintosh; Intel Mac OS X 10.15; rv:77.0) Gecko/20100101 Firefox/77.0"
34.96.130.24 - - [04/Mar/2022:05:45:30 -0300] "GET / HTTP/1.0" 301 493 "-" "Expanse, a Palo Alto Networks company, searches across the global IPv4 space multiple times per day to identify customers' presences on the Internet. If you would like to be excluded from our scans, please send IP addresses/domains to: scaninfo@paloaltonetworks.com"
147.135.195.193 - - [04/Mar/2022:07:19:11 -0300] "GET /files/produtos_28_5.jpg HTTP/1.0" 301 539 "-" "-"
207.46.13.113 - - [04/Mar/2022:07:43:02 -0300] "GET / HTTP/1.0" 301 505 "-" "Mozilla/5.0 (compatible; bingbot/2.0; +http://www.bing.com/bingbot.htm)"
95.211.211.232 - - [04/Mar/2022:08:15:20 -0300] "GET / HTTP/1.0" 301 493 "-" "Mozilla/5.0 (Windows NT 10.0; Win64; x64) AppleWebKit/537.36 (KHTML, like Gecko) Chrome/95.0.4638.69 Safari/537.36"
54.36.148.185 - - [04/Mar/2022:08:50:14 -0300] "GET /robots.txt HTTP/1.0" 301 525 "-" "Mozilla/5.0 (compatible; AhrefsBot/7.0; +http://ahrefs.com/robot/)"
34.76.163.101 - - [04/Mar/2022:09:58:25 -0300] "GET /robots.txt HTTP/1.0" 301 525 "-" "DnBCrawler-Analytics"
86.106.74.246 - - [04/Mar/2022:12:08:44 -0300] "GET / HTTP/1.0" 301 493 "http://cial.ind.br/" "Mozilla/5.0 (Windows NT 6.1) AppleWebKit/537.36 (KHTML, like Gecko) Chrome/67.0.3396.99 Safari/537.36"
185.191.171.16 - - [04/Mar/2022:12:29:23 -0300] "GET /robots.txt HTTP/1.0" 301 513 "-" "Mozilla/5.0 (compatible; SemrushBot/7~bl; +http://www.semrush.com/bot.html)"
114.119.130.136 - - [04/Mar/2022:13:09:31 -0300] "GET /robots.txt HTTP/1.0" 301 513 "-" "Mozilla/5.0 (compatible;PetalBot;+https://webmaster.petalsearch.com/site/petalbot)"
154.54.249.199 - - [04/Mar/2022:13:28:16 -0300] "GET /robots.txt HTTP/1.0" 301 525 "-" "Mozilla/5.0 (compatible; Barkrowler/0.9; +https://babbar.tech/crawler)"
154.54.249.199 - - [04/Mar/2022:13:28:57 -0300] "GET / HTTP/1.0" 301 505 "-" "Mozilla/5.0 (compatible; Barkrowler/0.9; +https://babbar.tech/crawler)"
186.202.173.147 - - [04/Mar/2022:13:52:46 -0300] "GET / HTTP/1.0" 301 493 "-" "Mozilla/5.0 (compatible; MSIE 9.0; Windows NT 6.1; WOW64; Trident/5.0)"
87.250.224.141 - - [04/Mar/2022:16:02:22 -0300] "GET /robots.txt HTTP/1.0" 301 525 "-" "Mozilla/5.0 (compatible; YandexBot/3.0; +http://yandex.com/bots)"
87.250.224.98 - - [04/Mar/2022:16:02:26 -0300] "GET / HTTP/1.0" 301 505 "-" "Mozilla/5.0 (compatible; YandexBot/3.0; +http://yandex.com/bots)"
54.187.110.62 - - [04/Mar/2022:16:27:01 -0300] "GET / HTTP/1.0" 301 493 "-" "Mozilla/5.0 (X11; Linux x86_64) AppleWebKit/537.36 (KHTML, like Gecko) Chrome/83.0.4103.97 Safari/537.36"
35.89.48.98 - - [04/Mar/2022:16:27:20 -0300] "GET /favicon.ico HTTP/1.0" 301 515 "-" "Mozilla/5.0 (X11; Linux x86_64) AppleWebKit/537.36 (KHTML, like Gecko) Chrome/83.0.4103.97 Safari/537.36"
35.89.48.98 - - [04/Mar/2022:16:27:25 -0300] "GET / HTTP/1.0" 301 493 "-" "Mozilla/5.0 (X11; Linux x86_64) AppleWebKit/537.36 (KHTML, like Gecko) Chrome/83.0.4103.97 Safari/537.36"
180.163.220.61 - - [04/Mar/2022:16:57:53 -0300] "GET / HTTP/1.0" 301 505 "http://www.cial.ind.br/" "Mozilla/5.0 (Windows NT 6.1; WOW64) AppleWebKit/537.36 (KHTML, like Gecko) Chrome/50.0.2661.102 Safari/537.36; 360Spider"
191.54.61.227 - - [04/Mar/2022:17:47:57 -0300] "GET /files/layout_1_1.png HTTP/1.0" 301 545 "http://www.cial.ind.br/produto.php?id=27" "Mozilla/5.0 (Windows NT 10.0; Win64; x64) AppleWebKit/537.36 (KHTML, like Gecko) Chrome/99.0.4844.51 Safari/537.36"
191.54.61.227 - - [04/Mar/2022:17:47:57 -0300] "GET /files/layout_6_3.png HTTP/1.0" 301 545 "http://www.cial.ind.br/produto.php?id=27" "Mozilla/5.0 (Windows NT 10.0; Win64; x64) AppleWebKit/537.36 (KHTML, like Gecko) Chrome/99.0.4844.51 Safari/537.36"
191.54.61.227 - - [04/Mar/2022:17:47:57 -0300] "GET /files/banners2_6_1.png HTTP/1.0" 301 549 "http://www.cial.ind.br/produto.php?id=27" "Mozilla/5.0 (Windows NT 10.0; Win64; x64) AppleWebKit/537.36 (KHTML, like Gecko) Chrome/99.0.4844.51 Safari/537.36"
191.54.61.227 - - [04/Mar/2022:17:47:57 -0300] "GET /files/banners2_5_1.jpg HTTP/1.0" 301 549 "http://www.cial.ind.br/produto.php?id=27" "Mozilla/5.0 (Windows NT 10.0; Win64; x64) AppleWebKit/537.36 (KHTML, like Gecko) Chrome/99.0.4844.51 Safari/537.36"
191.54.61.227 - - [04/Mar/2022:17:47:57 -0300] "GET /files/produtos_27_1.png HTTP/1.0" 301 551 "http://www.cial.ind.br/produto.php?id=27" "Mozilla/5.0 (Windows NT 10.0; Win64; x64) AppleWebKit/537.36 (KHTML, like Gecko) Chrome/99.0.4844.51 Safari/537.36"
191.54.61.227 - - [04/Mar/2022:17:47:57 -0300] "GET /files/banners2_7_1.png HTTP/1.0" 301 549 "http://www.cial.ind.br/produto.php?id=27" "Mozilla/5.0 (Windows NT 10.0; Win64; x64) AppleWebKit/537.36 (KHTML, like Gecko) Chrome/99.0.4844.51 Safari/537.36"
191.54.61.227 - - [04/Mar/2022:17:47:57 -0300] "GET /files/produtos_27_3.jpg HTTP/1.0" 301 551 "http://www.cial.ind.br/produto.php?id=27" "Mozilla/5.0 (Windows NT 10.0; Win64; x64) AppleWebKit/537.36 (KHTML, like Gecko) Chrome/99.0.4844.51 Safari/537.36"
191.54.61.227 - - [04/Mar/2022:17:47:57 -0300] "GET /files/produtos_27_2.jpg HTTP/1.0" 301 551 "http://www.cial.ind.br/produto.php?id=27" "Mozilla/5.0 (Windows NT 10.0; Win64; x64) AppleWebKit/537.36 (KHTML, like Gecko) Chrome/99.0.4844.51 Safari/537.36"
191.54.61.227 - - [04/Mar/2022:17:47:57 -0300] "GET /files/produtos_31_1.png HTTP/1.0" 301 551 "http://www.cial.ind.br/produto.php?id=27" "Mozilla/5.0 (Windows NT 10.0; Win64; x64) AppleWebKit/537.36 (KHTML, like Gecko) Chrome/99.0.4844.51 Safari/537.36"
191.54.61.227 - - [04/Mar/2022:17:47:57 -0300] "GET /files/produtos_29_4.jpg HTTP/1.0" 301 551 "http://www.cial.ind.br/produto.php?id=27" "Mozilla/5.0 (Windows NT 10.0; Win64; x64) AppleWebKit/537.36 (KHTML, like Gecko) Chrome/99.0.4844.51 Safari/537.36"
191.54.61.227 - - [04/Mar/2022:17:47:57 -0300] "GET /files/produtos_28_5.jpg HTTP/1.0" 301 551 "http://www.cial.ind.br/produto.php?id=27" "Mozilla/5.0 (Windows NT 10.0; Win64; x64) AppleWebKit/537.36 (KHTML, like Gecko) Chrome/99.0.4844.51 Safari/537.36"
191.54.61.227 - - [04/Mar/2022:17:47:58 -0300] "GET /files/produtos_24_4.jpg HTTP/1.0" 301 551 "http://www.cial.ind.br/produto.php?id=27" "Mozilla/5.0 (Windows NT 10.0; Win64; x64) AppleWebKit/537.36 (KHTML, like Gecko) Chrome/99.0.4844.51 Safari/537.36"
191.54.61.227 - - [04/Mar/2022:17:47:58 -0300] "GET /files/produtos_23_2.jpg HTTP/1.0" 301 551 "http://www.cial.ind.br/produto.php?id=27" "Mozilla/5.0 (Windows NT 10.0; Win64; x64) AppleWebKit/537.36 (KHTML, like Gecko) Chrome/99.0.4844.51 Safari/537.36"
191.54.61.227 - - [04/Mar/2022:17:47:59 -0300] "GET /files/produtos_22_4.jpg HTTP/1.0" 301 551 "http://www.cial.ind.br/produto.php?id=27" "Mozilla/5.0 (Windows NT 10.0; Win64; x64) AppleWebKit/537.36 (KHTML, like Gecko) Chrome/99.0.4844.51 Safari/537.36"
191.54.61.227 - - [04/Mar/2022:17:47:59 -0300] "GET /files/produtos_21_5.jpg HTTP/1.0" 301 551 "http://www.cial.ind.br/produto.php?id=27" "Mozilla/5.0 (Windows NT 10.0; Win64; x64) AppleWebKit/537.36 (KHTML, like Gecko) Chrome/99.0.4844.51 Safari/537.36"
191.54.61.227 - - [04/Mar/2022:17:48:00 -0300] "GET /files/produtos_27_1.png?1646426880431 HTTP/1.0" 301 579 "http://www.cial.ind.br/produto.php?id=27" "Mozilla/5.0 (Windows NT 10.0; Win64; x64) AppleWebKit/537.36 (KHTML, like Gecko) Chrome/99.0.4844.51 Safari/537.36"
191.54.61.227 - - [04/Mar/2022:17:48:01 -0300] "GET /files/produtos_27_1.png?1646426881297 HTTP/1.0" 301 579 "http://www.cial.ind.br/produto.php?id=27" "Mozilla/5.0 (Windows NT 10.0; Win64; x64) AppleWebKit/537.36 (KHTML, like Gecko) Chrome/99.0.4844.51 Safari/537.36"
191.54.61.227 - - [04/Mar/2022:17:48:01 -0300] "GET /files/produtos_27_1.png?1646426881679 HTTP/1.0" 301 579 "http://www.cial.ind.br/produto.php?id=27" "Mozilla/5.0 (Windows NT 10.0; Win64; x64) AppleWebKit/537.36 (KHTML, like Gecko) Chrome/99.0.4844.51 Safari/537.36"
191.54.61.227 - - [04/Mar/2022:17:48:03 -0300] "GET /files/produtos_27_1.png?1646426882999 HTTP/1.0" 301 579 "http://www.cial.ind.br/produto.php?id=27" "Mozilla/5.0 (Windows NT 10.0; Win64; x64) AppleWebKit/537.36 (KHTML, like Gecko) Chrome/99.0.4844.51 Safari/537.36"
191.54.61.227 - - [04/Mar/2022:17:48:06 -0300] "GET /files/produtos_31_1.png?1646426886016 HTTP/1.0" 301 579 "http://www.cial.ind.br/produto.php?id=31" "Mozilla/5.0 (Windows NT 10.0; Win64; x64) AppleWebKit/537.36 (KHTML, like Gecko) Chrome/99.0.4844.51 Safari/537.36"
191.54.61.227 - - [04/Mar/2022:17:48:07 -0300] "GET /favicon.ico HTTP/1.0" 301 527 "http://www.cial.ind.br/produto.php?id=31" "Mozilla/5.0 (Windows NT 10.0; Win64; x64) AppleWebKit/537.36 (KHTML, like Gecko) Chrome/99.0.4844.51 Safari/537.36"
191.54.61.227 - - [04/Mar/2022:17:48:09 -0300] "GET /files/produtos_23_5.jpg HTTP/1.0" 301 551 "http://www.cial.ind.br/produto.php?id=23" "Mozilla/5.0 (Windows NT 10.0; Win64; x64) AppleWebKit/537.36 (KHTML, like Gecko) Chrome/99.0.4844.51 Safari/537.36"
191.54.61.227 - - [04/Mar/2022:17:48:09 -0300] "GET /files/produtos_23_6.jpg HTTP/1.0" 301 551 "http://www.cial.ind.br/produto.php?id=23" "Mozilla/5.0 (Windows NT 10.0; Win64; x64) AppleWebKit/537.36 (KHTML, like Gecko) Chrome/99.0.4844.51 Safari/537.36"
191.54.61.227 - - [04/Mar/2022:17:48:09 -0300] "GET /files/produtos_23_3.png HTTP/1.0" 301 551 "http://www.cial.ind.br/produto.php?id=23" "Mozilla/5.0 (Windows NT 10.0; Win64; x64) AppleWebKit/537.36 (KHTML, like Gecko) Chrome/99.0.4844.51 Safari/537.36"
191.54.61.227 - - [04/Mar/2022:17:48:09 -0300] "GET /files/produtos_23_1.jpg HTTP/1.0" 301 551 "http://www.cial.ind.br/produto.php?id=23" "Mozilla/5.0 (Windows NT 10.0; Win64; x64) AppleWebKit/537.36 (KHTML, like Gecko) Chrome/99.0.4844.51 Safari/537.36"
191.54.61.227 - - [04/Mar/2022:17:48:09 -0300] "GET /files/produtos_23_7.jpg HTTP/1.0" 301 551 "http://www.cial.ind.br/produto.php?id=23" "Mozilla/5.0 (Windows NT 10.0; Win64; x64) AppleWebKit/537.36 (KHTML, like Gecko) Chrome/99.0.4844.51 Safari/537.36"
191.54.61.227 - - [04/Mar/2022:17:48:09 -0300] "GET /files/produtos_23_4.jpg HTTP/1.0" 301 551 "http://www.cial.ind.br/produto.php?id=23" "Mozilla/5.0 (Windows NT 10.0; Win64; x64) AppleWebKit/537.36 (KHTML, like Gecko) Chrome/99.0.4844.51 Safari/537.36"
191.54.61.227 - - [04/Mar/2022:17:48:10 -0300] "GET /files/produtos_23_2.jpg?1646426889897 HTTP/1.0" 301 579 "http://www.cial.ind.br/produto.php?id=23" "Mozilla/5.0 (Windows NT 10.0; Win64; x64) AppleWebKit/537.36 (KHTML, like Gecko) Chrome/99.0.4844.51 Safari/537.36"
191.54.61.227 - - [04/Mar/2022:17:48:10 -0300] "GET /files/produtos_23_2.jpg?1646426890473 HTTP/1.0" 301 579 "http://www.cial.ind.br/produto.php?id=23" "Mozilla/5.0 (Windows NT 10.0; Win64; x64) AppleWebKit/537.36 (KHTML, like Gecko) Chrome/99.0.4844.51 Safari/537.36"
191.54.61.227 - - [04/Mar/2022:17:48:10 -0300] "GET /files/produtos_23_2.jpg?1646426890880 HTTP/1.0" 301 579 "http://www.cial.ind.br/produto.php?id=23" "Mozilla/5.0 (Windows NT 10.0; Win64; x64) AppleWebKit/537.36 (KHTML, like Gecko) Chrome/99.0.4844.51 Safari/537.36"
191.54.61.227 - - [04/Mar/2022:17:48:11 -0300] "GET /files/produtos_23_2.jpg?1646426891370 HTTP/1.0" 301 579 "http://www.cial.ind.br/produto.php?id=23" "Mozilla/5.0 (Windows NT 10.0; Win64; x64) AppleWebKit/537.36 (KHTML, like Gecko) Chrome/99.0.4844.51 Safari/537.36"
191.54.61.227 - - [04/Mar/2022:17:48:11 -0300] "GET /files/produtos_23_8.jpg HTTP/1.0" 301 551 "http://www.cial.ind.br/produto.php?id=23" "Mozilla/5.0 (Windows NT 10.0; Win64; x64) AppleWebKit/537.36 (KHTML, like Gecko) Chrome/99.0.4844.51 Safari/537.36"
191.54.61.227 - - [04/Mar/2022:17:48:12 -0300] "GET /files/produtos_23_9.jpg HTTP/1.0" 301 551 "http://www.cial.ind.br/produto.php?id=23" "Mozilla/5.0 (Windows NT 10.0; Win64; x64) AppleWebKit/537.36 (KHTML, like Gecko) Chrome/99.0.4844.51 Safari/537.36"
191.54.61.227 - - [04/Mar/2022:17:48:18 -0300] "GET /files/produtos_28_4.jpg HTTP/1.0" 301 551 "http://www.cial.ind.br/produto.php?id=28" "Mozilla/5.0 (Windows NT 10.0; Win64; x64) AppleWebKit/537.36 (KHTML, like Gecko) Chrome/99.0.4844.51 Safari/537.36"
191.54.61.227 - - [04/Mar/2022:17:48:18 -0300] "GET /files/produtos_28_3.jpg HTTP/1.0" 301 551 "http://www.cial.ind.br/produto.php?id=28" "Mozilla/5.0 (Windows NT 10.0; Win64; x64) AppleWebKit/537.36 (KHTML, like Gecko) Chrome/99.0.4844.51 Safari/537.36"
191.54.61.227 - - [04/Mar/2022:17:48:18 -0300] "GET /files/produtos_28_1.jpg HTTP/1.0" 301 551 "http://www.cial.ind.br/produto.php?id=28" "Mozilla/5.0 (Windows NT 10.0; Win64; x64) AppleWebKit/537.36 (KHTML, like Gecko) Chrome/99.0.4844.51 Safari/537.36"
191.54.61.227 - - [04/Mar/2022:17:48:18 -0300] "GET /files/produtos_28_2.png HTTP/1.0" 301 551 "http://www.cial.ind.br/produto.php?id=28" "Mozilla/5.0 (Windows NT 10.0; Win64; x64) AppleWebKit/537.36 (KHTML, like Gecko) Chrome/99.0.4844.51 Safari/537.36"
191.54.61.227 - - [04/Mar/2022:17:48:19 -0300] "GET /files/produtos_28_5.jpg?1646426899284 HTTP/1.0" 301 579 "http://www.cial.ind.br/produto.php?id=28" "Mozilla/5.0 (Windows NT 10.0; Win64; x64) AppleWebKit/537.36 (KHTML, like Gecko) Chrome/99.0.4844.51 Safari/537.36"
191.54.61.227 - - [04/Mar/2022:17:48:21 -0300] "GET /files/produtos_28_5.jpg?1646426901877 HTTP/1.0" 301 579 "http://www.cial.ind.br/produto.php?id=28" "Mozilla/5.0 (Windows NT 10.0; Win64; x64) AppleWebKit/537.36 (KHTML, like Gecko) Chrome/99.0.4844.51 Safari/537.36"
191.54.61.227 - - [04/Mar/2022:17:48:27 -0300] "GET /files/produtos_28_5.jpg?1646426906984 HTTP/1.0" 301 579 "http://www.cial.ind.br/produto.php?id=28" "Mozilla/5.0 (Windows NT 10.0; Win64; x64) AppleWebKit/537.36 (KHTML, like Gecko) Chrome/99.0.4844.51 Safari/537.36"
191.54.61.227 - - [04/Mar/2022:17:48:30 -0300] "GET /files/produtos_28_5.jpg?1646426910029 HTTP/1.0" 301 579 "http://www.cial.ind.br/produto.php?id=28" "Mozilla/5.0 (Windows NT 10.0; Win64; x64) AppleWebKit/537.36 (KHTML, like Gecko) Chrome/99.0.4844.51 Safari/537.36"
191.54.61.227 - - [04/Mar/2022:17:48:35 -0300] "GET /files/produtos_28_3.jpg?1646426915242 HTTP/1.0" 301 579 "http://www.cial.ind.br/produto.php?id=28" "Mozilla/5.0 (Windows NT 10.0; Win64; x64) AppleWebKit/537.36 (KHTML, like Gecko) Chrome/99.0.4844.51 Safari/537.36"
191.54.61.227 - - [04/Mar/2022:17:48:47 -0300] "GET /files/produtos_28_5.jpg?1646426927714 HTTP/1.0" 301 579 "http://www.cial.ind.br/produto.php?id=28" "Mozilla/5.0 (Windows NT 10.0; Win64; x64) AppleWebKit/537.36 (KHTML, like Gecko) Chrome/99.0.4844.51 Safari/537.36"
191.54.61.227 - - [04/Mar/2022:17:48:55 -0300] "GET /files/produtos_28_5.jpg?1646426935542 HTTP/1.0" 301 579 "http://www.cial.ind.br/produto.php?id=28" "Mozilla/5.0 (Windows NT 10.0; Win64; x64) AppleWebKit/537.36 (KHTML, like Gecko) Chrome/99.0.4844.51 Safari/537.36"
191.54.61.227 - - [04/Mar/2022:17:48:57 -0300] "GET /files/produtos_24_3.jpg HTTP/1.0" 301 551 "http://www.cial.ind.br/produto.php?id=24" "Mozilla/5.0 (Windows NT 10.0; Win64; x64) AppleWebKit/537.36 (KHTML, like Gecko) Chrome/99.0.4844.51 Safari/537.36"
191.54.61.227 - - [04/Mar/2022:17:48:57 -0300] "GET /files/produtos_24_2.jpg HTTP/1.0" 301 551 "http://www.cial.ind.br/produto.php?id=24" "Mozilla/5.0 (Windows NT 10.0; Win64; x64) AppleWebKit/537.36 (KHTML, like Gecko) Chrome/99.0.4844.51 Safari/537.36"
191.54.61.227 - - [04/Mar/2022:17:48:57 -0300] "GET /files/produtos_24_1.jpg HTTP/1.0" 301 551 "http://www.cial.ind.br/produto.php?id=24" "Mozilla/5.0 (Windows NT 10.0; Win64; x64) AppleWebKit/537.36 (KHTML, like Gecko) Chrome/99.0.4844.51 Safari/537.36"
191.54.61.227 - - [04/Mar/2022:17:48:58 -0300] "GET /files/produtos_24_4.jpg?1646426938142 HTTP/1.0" 301 579 "http://www.cial.ind.br/produto.php?id=24" "Mozilla/5.0 (Windows NT 10.0; Win64; x64) AppleWebKit/537.36 (KHTML, like Gecko) Chrome/99.0.4844.51 Safari/537.36"
191.54.61.227 - - [04/Mar/2022:17:48:59 -0300] "GET /files/produtos_24_4.jpg?1646426939462 HTTP/1.0" 301 579 "http://www.cial.ind.br/produto.php?id=24" "Mozilla/5.0 (Windows NT 10.0; Win64; x64) AppleWebKit/537.36 (KHTML, like Gecko) Chrome/99.0.4844.51 Safari/537.36"
191.54.61.227 - - [04/Mar/2022:17:49:00 -0300] "GET /files/produtos_24_4.jpg?1646426940563 HTTP/1.0" 301 579 "http://www.cial.ind.br/produto.php?id=24" "Mozilla/5.0 (Windows NT 10.0; Win64; x64) AppleWebKit/537.36 (KHTML, like Gecko) Chrome/99.0.4844.51 Safari/537.36"
191.54.61.227 - - [04/Mar/2022:17:49:04 -0300] "GET /files/produtos_24_4.jpg?1646426944061 HTTP/1.0" 301 579 "http://www.cial.ind.br/produto.php?id=24" "Mozilla/5.0 (Windows NT 10.0; Win64; x64) AppleWebKit/537.36 (KHTML, like Gecko) Chrome/99.0.4844.51 Safari/537.36"
191.54.61.227 - - [04/Mar/2022:17:49:10 -0300] "GET /files/produtos_24_4.jpg?1646426949946 HTTP/1.0" 301 579 "http://www.cial.ind.br/produto.php?id=24" "Mozilla/5.0 (Windows NT 10.0; Win64; x64) AppleWebKit/537.36 (KHTML, like Gecko) Chrome/99.0.4844.51 Safari/537.36"
191.54.61.227 - - [04/Mar/2022:17:49:21 -0300] "GET /files/produtos_24_4.jpg?1646426961092 HTTP/1.0" 301 579 "http://www.cial.ind.br/produto.php?id=24" "Mozilla/5.0 (Windows NT 10.0; Win64; x64) AppleWebKit/537.36 (KHTML, like Gecko) Chrome/99.0.4844.51 Safari/537.36"
191.54.61.227 - - [04/Mar/2022:17:49:26 -0300] "GET /files/produtos_29_3.jpg HTTP/1.0" 301 551 "http://www.cial.ind.br/produto.php?id=29" "Mozilla/5.0 (Windows NT 10.0; Win64; x64) AppleWebKit/537.36 (KHTML, like Gecko) Chrome/99.0.4844.51 Safari/537.36"
191.54.61.227 - - [04/Mar/2022:17:49:26 -0300] "GET /files/produtos_29_2.jpg HTTP/1.0" 301 551 "http://www.cial.ind.br/produto.php?id=29" "Mozilla/5.0 (Windows NT 10.0; Win64; x64) AppleWebKit/537.36 (KHTML, like Gecko) Chrome/99.0.4844.51 Safari/537.36"
191.54.61.227 - - [04/Mar/2022:17:49:26 -0300] "GET /files/produtos_29_1.jpg HTTP/1.0" 301 551 "http://www.cial.ind.br/produto.php?id=29" "Mozilla/5.0 (Windows NT 10.0; Win64; x64) AppleWebKit/537.36 (KHTML, like Gecko) Chrome/99.0.4844.51 Safari/537.36"
191.54.61.227 - - [04/Mar/2022:17:49:26 -0300] "GET /files/produtos_29_5.jpg HTTP/1.0" 301 551 "http://www.cial.ind.br/produto.php?id=29" "Mozilla/5.0 (Windows NT 10.0; Win64; x64) AppleWebKit/537.36 (KHTML, like Gecko) Chrome/99.0.4844.51 Safari/537.36"
191.54.61.227 - - [04/Mar/2022:17:49:26 -0300] "GET /files/produtos_29_7.jpg HTTP/1.0" 301 551 "http://www.cial.ind.br/produto.php?id=29" "Mozilla/5.0 (Windows NT 10.0; Win64; x64) AppleWebKit/537.36 (KHTML, like Gecko) Chrome/99.0.4844.51 Safari/537.36"
191.54.61.227 - - [04/Mar/2022:17:49:26 -0300] "GET /files/produtos_29_6.jpg HTTP/1.0" 301 551 "http://www.cial.ind.br/produto.php?id=29" "Mozilla/5.0 (Windows NT 10.0; Win64; x64) AppleWebKit/537.36 (KHTML, like Gecko) Chrome/99.0.4844.51 Safari/537.36"
191.54.61.227 - - [04/Mar/2022:17:49:28 -0300] "GET /files/produtos_29_8.jpg HTTP/1.0" 301 551 "http://www.cial.ind.br/produto.php?id=29" "Mozilla/5.0 (Windows NT 10.0; Win64; x64) AppleWebKit/537.36 (KHTML, like Gecko) Chrome/99.0.4844.51 Safari/537.36"
191.54.61.227 - - [04/Mar/2022:17:50:09 -0300] "GET /files/produtos_29_4.jpg?1646427008941 HTTP/1.0" 301 579 "http://www.cial.ind.br/produto.php?id=29" "Mozilla/5.0 (Windows NT 10.0; Win64; x64) AppleWebKit/537.36 (KHTML, like Gecko) Chrome/99.0.4844.51 Safari/537.36"
167.114.211.151 - - [04/Mar/2022:17:50:19 -0300] "GET / HTTP/1.0" 301 493 "https://www.google.com" "Mozilla/5.0 (Windows NT 10.0) AppleWebKit/537.36 (KHTML, like Gecko) Chrome/85.0.4183.83 Safari/537.36"
191.54.61.227 - - [04/Mar/2022:17:53:55 -0300] "GET /files/produtos_29_4.jpg?1646427235309 HTTP/1.0" 301 579 "http://www.cial.ind.br/produto.php?id=29" "Mozilla/5.0 (Windows NT 10.0; Win64; x64) AppleWebKit/537.36 (KHTML, like Gecko) Chrome/99.0.4844.51 Safari/537.36"
34.135.143.68 - - [04/Mar/2022:18:22:43 -0300] "GET / HTTP/1.0" 301 493 "-" "okhttp/4.9.2"
5.188.62.76 - - [04/Mar/2022:19:30:39 -0300] "GET / HTTP/1.0" 301 493 "-" "Mozilla/5.0 (Windows NT 6.2) AppleWebKit/537.36 (KHTML, like Gecko) Chrome/41.0.2228.0 Safari/537.36"
40.77.167.102 - - [04/Mar/2022:19:54:25 -0300] "GET /robots.txt HTTP/1.0" 301 513 "-" "Mozilla/5.0 (compatible; bingbot/2.0; +http://www.bing.com/bingbot.htm)"
207.46.13.113 - - [04/Mar/2022:19:54:33 -0300] "GET /default.asp HTTP/1.0" 301 515 "-" "Mozilla/5.0 (compatible; bingbot/2.0; +http://www.bing.com/bingbot.htm)"
66.249.64.201 - - [04/Mar/2022:22:35:13 -0300] "GET /robots.txt HTTP/1.0" 301 513 "-" "Mozilla/5.0 (compatible; Googlebot/2.1; +http://www.google.com/bot.html)"
40.77.167.102 - - [04/Mar/2022:22:35:15 -0300] "GET /robots.txt HTTP/1.0" 301 525 "-" "Mozilla/5.0 (compatible; bingbot/2.0; +http://www.bing.com/bingbot.htm)"
20.36.33.166 - - [04/Mar/2022:23:08:14 -0300] "GET /.env HTTP/1.0" 301 501 "-" "Mozilla/5.0 (Macintosh; Intel Mac OS X 10.15; rv:77.0) Gecko/20100101 Firefox/77.0"
20.36.33.166 - - [04/Mar/2022:23:08:16 -0300] "GET /wp-content/ HTTP/1.0" 301 515 "-" "Mozilla/5.0 (Macintosh; Intel Mac OS X 10.15; rv:77.0) Gecko/20100101 Firefox/77.0"
34.248.132.255 - - [05/Mar/2022:00:04:11 -0300] "GET / HTTP/1.0" 301 493 "-" "Mozilla/5.0 (Macintosh; Intel Mac OS X 10_15_7) AppleWebKit/537.36 (KHTML, like Gecko) Chrome/92.0.4515.159 Safari/537.36 Edg/92.0.902.84"
104.215.120.61 - - [05/Mar/2022:01:05:03 -0300] "GET /.env HTTP/1.0" 301 501 "-" "Mozilla/5.0 (Macintosh; Intel Mac OS X 10.15; rv:77.0) Gecko/20100101 Firefox/77.0"
104.215.120.61 - - [05/Mar/2022:01:05:04 -0300] "GET /wp-content/ HTTP/1.0" 301 515 "-" "Mozilla/5.0 (Macintosh; Intel Mac OS X 10.15; rv:77.0) Gecko/20100101 Firefox/77.0"
65.108.9.219 - - [05/Mar/2022:01:24:27 -0300] "GET / HTTP/1.0" 301 505 "-" "Mozilla/5.0 (Windows NT 6.3; WOW64) AppleWebKit/537.36 (KHTML, like Gecko) Chrome/41.0.2226.0 Safari/537.36"
216.244.66.250 - - [05/Mar/2022:02:11:54 -0300] "GET /robots.txt HTTP/1.0" 301 513 "-" "Mozilla/5.0 (compatible; DotBot/1.2; +https://opensiteexplorer.org/dotbot; help@moz.com)"
207.46.13.113 - - [05/Mar/2022:03:15:55 -0300] "GET /default.asp HTTP/1.0" 301 515 "-" "Mozilla/5.0 (compatible; bingbot/2.0; +http://www.bing.com/bingbot.htm)"
185.174.28.39 - - [05/Mar/2022:05:06:08 -0300] "GET /.env HTTP/1.0" 301 513 "-" "Mozilla/5.0 (X11; Linux x86_64) AppleWebKit/537.36 (KHTML, like Gecko) Chrome/81.0.4044.129 Safari/537.36"
185.174.28.39 - - [05/Mar/2022:05:06:08 -0300] "GET /.env HTTP/1.0" 301 501 "-" "Mozilla/5.0 (X11; Linux x86_64) AppleWebKit/537.36 (KHTML, like Gecko) Chrome/81.0.4044.129 Safari/537.36"
185.174.28.39 - - [05/Mar/2022:05:06:09 -0300] "POST /.env HTTP/1.0" 301 501 "-" "Mozilla/5.0 (X11; Linux x86_64) AppleWebKit/537.36 (KHTML, like Gecko) Chrome/81.0.4044.129 Safari/537.36"
185.174.28.39 - - [05/Mar/2022:05:06:09 -0300] "POST /.env HTTP/1.0" 301 513 "-" "Mozilla/5.0 (X11; Linux x86_64) AppleWebKit/537.36 (KHTML, like Gecko) Chrome/81.0.4044.129 Safari/537.36"
51.222.253.13 - - [05/Mar/2022:05:09:19 -0300] "GET /robots.txt HTTP/1.0" 301 525 "-" "Mozilla/5.0 (compatible; AhrefsBot/7.0; +http://ahrefs.com/robot/)"
185.191.171.39 - - [05/Mar/2022:05:14:29 -0300] "GET /robots.txt HTTP/1.0" 301 525 "-" "Mozilla/5.0 (compatible; SemrushBot/7~bl; +http://www.semrush.com/bot.html)"
54.37.23.137 - - [05/Mar/2022:07:53:51 -0300] "GET /files/produtos_28_5.jpg HTTP/1.0" 301 539 "-" "-"
87.250.224.141 - - [05/Mar/2022:09:32:02 -0300] "GET /robots.txt HTTP/1.0" 301 513 "-" "Mozilla/5.0 (compatible; YandexBot/3.0; +http://yandex.com/bots)"
87.250.224.141 - - [05/Mar/2022:09:32:06 -0300] "GET / HTTP/1.0" 301 493 "-" "Mozilla/5.0 (compatible; YandexBot/3.0; +http://yandex.com/bots)"
185.83.144.103 - - [05/Mar/2022:11:30:07 -0300] "GET /.aws/.credentials.swp HTTP/1.0" 301 535 "-" "Mozilla/5.0 (X11; Linux x86_64) AppleWebKit/537.36 (KHTML, like Gecko) Chrome/81.0.4044.129 Safari/537.36"
185.83.144.103 - - [05/Mar/2022:11:30:08 -0300] "POST /.aws/.credentials.swp HTTP/1.0" 301 535 "-" "Mozilla/5.0 (X11; Linux x86_64) AppleWebKit/537.36 (KHTML, like Gecko) Chrome/81.0.4044.129 Safari/537.36"
186.202.173.147 - - [05/Mar/2022:13:56:14 -0300] "GET / HTTP/1.0" 301 493 "-" "Mozilla/5.0 (compatible; MSIE 9.0; Windows NT 6.1; WOW64; Trident/5.0)"
114.119.149.65 - - [05/Mar/2022:14:29:10 -0300] "GET /robots.txt HTTP/1.0" 301 525 "-" "Mozilla/5.0 (compatible;PetalBot;+https://webmaster.petalsearch.com/site/petalbot)"
185.191.171.9 - - [05/Mar/2022:14:42:40 -0300] "GET /robots.txt HTTP/1.0" 301 525 "-" "Mozilla/5.0 (compatible; SemrushBot/7~bl; +http://www.semrush.com/bot.html)"
34.222.215.53 - - [05/Mar/2022:16:12:07 -0300] "GET / HTTP/1.0" 301 493 "-" "Mozilla/5.0 (X11; Linux x86_64) AppleWebKit/537.36 (KHTML, like Gecko) Chrome/83.0.4103.97 Safari/537.36"
34.210.78.25 - - [05/Mar/2022:16:12:45 -0300] "GET /favicon.ico HTTP/1.0" 301 515 "-" "Mozilla/5.0 (X11; Linux x86_64) AppleWebKit/537.36 (KHTML, like Gecko) Chrome/83.0.4103.97 Safari/537.36"
34.210.78.25 - - [05/Mar/2022:16:12:48 -0300] "GET / HTTP/1.0" 301 493 "-" "Mozilla/5.0 (X11; Linux x86_64) AppleWebKit/537.36 (KHTML, like Gecko) Chrome/83.0.4103.97 Safari/537.36"
168.197.74.207 - - [05/Mar/2022:17:55:22 -0300] "GET /admin/ImagensUpload/TRAMPULO%20MILHO%2003.jpg HTTP/1.0" 301 595 "-" "Mozilla/4.0 (compatible; ms-office; MSOffice 16)"
168.197.74.207 - - [05/Mar/2022:17:55:22 -0300] "GET /admin/ImagensUpload/TRAMPULO%20MILHO%2003.jpg HTTP/1.0" 301 595 "-" "Mozilla/4.0 (compatible; ms-office; MSOffice 16)"
168.197.74.207 - - [05/Mar/2022:17:55:23 -0300] "GET /admin/ImagensUpload/TRAMPULO%20MILHO%2003.jpg HTTP/1.0" 301 595 "-" "Mozilla/4.0 (compatible; ms-office; MSOffice 16)"
168.197.74.207 - - [05/Mar/2022:17:55:23 -0300] "GET /admin/ImagensUpload/TRAMPULO%20MILHO%2003.jpg HTTP/1.0" 301 595 "-" "Mozilla/4.0 (compatible; ms-office; MSOffice 16)"
168.197.74.207 - - [05/Mar/2022:17:55:23 -0300] "GET /admin/ImagensUpload/TRAMPULO%20MILHO%2003.jpg HTTP/1.0" 301 595 "-" "Mozilla/4.0 (compatible; ms-office; MSOffice 16)"
168.197.74.207 - - [05/Mar/2022:17:55:23 -0300] "GET /admin/ImagensUpload/TRAMPULO%20MILHO%2003.jpg HTTP/1.0" 301 595 "-" "Mozilla/4.0 (compatible; ms-office; MSOffice 16)"
168.197.74.207 - - [05/Mar/2022:17:55:24 -0300] "GET /admin/ImagensUpload/TRAMPULO%20MILHO%2003.jpg HTTP/1.0" 301 595 "-" "Mozilla/4.0 (compatible; ms-office; MSOffice 16)"
168.197.74.207 - - [05/Mar/2022:17:55:24 -0300] "GET /admin/ImagensUpload/TRAMPULO%20MILHO%2003.jpg HTTP/1.0" 301 595 "-" "Mozilla/4.0 (compatible; ms-office; MSOffice 16)"
216.244.66.250 - - [05/Mar/2022:18:26:40 -0300] "GET /robots.txt HTTP/1.0" 301 513 "-" "Mozilla/5.0 (compatible; DotBot/1.2; +https://opensiteexplorer.org/dotbot; help@moz.com)"
66.249.64.205 - - [05/Mar/2022:19:03:25 -0300] "GET /robots.txt HTTP/1.0" 301 513 "-" "Mozilla/5.0 (compatible; Googlebot/2.1; +http://www.google.com/bot.html)"
66.249.70.42 - - [05/Mar/2022:19:25:51 -0300] "GET /robots.txt HTTP/1.0" 301 525 "-" "Mozilla/5.0 (compatible; Googlebot/2.1; +http://www.google.com/bot.html)"
168.197.74.207 - - [05/Mar/2022:19:55:43 -0300] "GET /admin/ImagensUpload/TRAMPULO%20MILHO%2003.jpg HTTP/1.0" 301 595 "-" "Mozilla/4.0 (compatible; ms-office; MSOffice 16)"
168.197.74.207 - - [05/Mar/2022:19:55:44 -0300] "GET /admin/ImagensUpload/TRAMPULO%20MILHO%2003.jpg HTTP/1.0" 301 595 "-" "Mozilla/4.0 (compatible; ms-office; MSOffice 16)"
168.197.74.207 - - [05/Mar/2022:19:55:44 -0300] "GET /admin/ImagensUpload/TRAMPULO%20MILHO%2003.jpg HTTP/1.0" 301 595 "-" "Mozilla/4.0 (compatible; ms-office; MSOffice 16)"
168.197.74.207 - - [05/Mar/2022:19:55:44 -0300] "GET /admin/ImagensUpload/TRAMPULO%20MILHO%2003.jpg HTTP/1.0" 301 595 "-" "Mozilla/4.0 (compatible; ms-office; MSOffice 16)"
168.197.74.207 - - [05/Mar/2022:19:55:44 -0300] "GET /admin/ImagensUpload/TRAMPULO%20MILHO%2003.jpg HTTP/1.0" 301 595 "-" "Mozilla/4.0 (compatible; ms-office; MSOffice 16)"
168.197.74.207 - - [05/Mar/2022:19:55:45 -0300] "GET /admin/ImagensUpload/TRAMPULO%20MILHO%2003.jpg HTTP/1.0" 301 595 "-" "Mozilla/4.0 (compatible; ms-office; MSOffice 16)"
168.197.74.207 - - [05/Mar/2022:19:55:45 -0300] "GET /admin/ImagensUpload/TRAMPULO%20MILHO%2003.jpg HTTP/1.0" 301 595 "-" "Mozilla/4.0 (compatible; ms-office; MSOffice 16)"
168.197.74.207 - - [05/Mar/2022:19:55:45 -0300] "GET /admin/ImagensUpload/TRAMPULO%20MILHO%2003.jpg HTTP/1.0" 301 595 "-" "Mozilla/4.0 (compatible; ms-office; MSOffice 16)"
207.46.13.113 - - [05/Mar/2022:19:57:40 -0300] "GET /default.asp HTTP/1.0" 301 515 "-" "Mozilla/5.0 (compatible; bingbot/2.0; +http://www.bing.com/bingbot.htm)"
216.244.66.250 - - [05/Mar/2022:20:53:53 -0300] "GET /robots.txt HTTP/1.0" 301 525 "-" "Mozilla/5.0 (compatible; DotBot/1.2; +https://opensiteexplorer.org/dotbot; help@moz.com)"
180.163.220.97 - - [05/Mar/2022:20:58:02 -0300] "GET / HTTP/1.0" 301 505 "http://www.cial.ind.br/" "Mozilla/5.0 (Windows NT 6.1; WOW64) AppleWebKit/537.36 (KHTML, like Gecko) Chrome/50.0.2661.102 Safari/537.36; 360Spider"
66.249.64.205 - - [05/Mar/2022:21:26:26 -0300] "GET /favicon.ico HTTP/1.0" 301 515 "-" "Googlebot-Image/1.0"
216.244.66.250 - - [05/Mar/2022:21:42:50 -0300] "GET /robots.txt HTTP/1.0" 301 513 "-" "Mozilla/5.0 (compatible; DotBot/1.2; +https://opensiteexplorer.org/dotbot; help@moz.com)"
216.244.66.250 - - [05/Mar/2022:22:31:19 -0300] "GET /robots.txt HTTP/1.0" 301 513 "-" "Mozilla/5.0 (compatible; DotBot/1.2; +https://opensiteexplorer.org/dotbot; help@moz.com)"
185.191.171.6 - - [06/Mar/2022:01:52:19 -0300] "GET /robots.txt HTTP/1.0" 301 513 "-" "Mozilla/5.0 (compatible; SemrushBot/7~bl; +http://www.semrush.com/bot.html)"
66.249.64.205 - - [06/Mar/2022:07:10:50 -0300] "GET /robots.txt HTTP/1.0" 301 513 "-" "Mozilla/5.0 (compatible; Googlebot/2.1; +http://www.google.com/bot.html)"
20.65.67.100 - - [06/Mar/2022:07:52:29 -0300] "GET / HTTP/1.0" 301 493 "-" "Mozilla/5.0 (Windows NT 10.0; Win64; x64) AppleWebKit/537.36 (KHTML, like Gecko) Chrome/89.0.4389.114 Safari/537.36"
148.251.190.243 - - [06/Mar/2022:08:22:59 -0300] "GET /robots.txt HTTP/1.0" 301 513 "-" "Mozilla/5.0 (compatible; BLEXBot/1.0; +http://webmeup-crawler.com/)"
148.251.190.243 - - [06/Mar/2022:08:23:02 -0300] "GET /robots.txt HTTP/1.0" 301 525 "-" "Mozilla/5.0 (compatible; BLEXBot/1.0; +http://webmeup-crawler.com/)"
148.251.190.243 - - [06/Mar/2022:08:23:03 -0300] "GET / HTTP/1.0" 301 493 "-" "Mozilla/5.0 (compatible; BLEXBot/1.0; +http://webmeup-crawler.com/)"
54.36.148.173 - - [06/Mar/2022:09:47:43 -0300] "GET /robots.txt HTTP/1.0" 301 525 "-" "Mozilla/5.0 (compatible; AhrefsBot/7.0; +http://ahrefs.com/robot/)"
148.251.190.243 - - [06/Mar/2022:09:47:56 -0300] "GET /robots.txt HTTP/1.0" 301 513 "-" "Mozilla/5.0 (compatible; BLEXBot/1.0; +http://webmeup-crawler.com/)"
148.251.190.243 - - [06/Mar/2022:09:47:58 -0300] "GET /robots.txt HTTP/1.0" 301 525 "-" "Mozilla/5.0 (compatible; BLEXBot/1.0; +http://webmeup-crawler.com/)"
148.251.190.243 - - [06/Mar/2022:09:48:00 -0300] "GET /sitemap.xml HTTP/1.0" 301 515 "-" "Mozilla/5.0 (compatible; BLEXBot/1.0; +http://webmeup-crawler.com/)"
148.251.190.243 - - [06/Mar/2022:09:48:06 -0300] "GET /sitemap.xml HTTP/1.0" 301 527 "-" "Mozilla/5.0 (compatible; BLEXBot/1.0; +http://webmeup-crawler.com/)"
54.37.151.0 - - [06/Mar/2022:10:47:43 -0300] "GET /files/produtos_28_5.jpg HTTP/1.0" 301 539 "-" "-"
114.119.129.128 - - [06/Mar/2022:11:10:12 -0300] "GET /robots.txt HTTP/1.0" 301 513 "-" "Mozilla/5.0 (compatible;PetalBot;+https://webmaster.petalsearch.com/site/petalbot)"
168.197.74.207 - - [06/Mar/2022:11:15:41 -0300] "GET /admin/ImagensUpload/TRAMPULO%20MILHO%2003.jpg HTTP/1.0" 301 595 "-" "Mozilla/4.0 (compatible; ms-office; MSOffice 16)"
168.197.74.207 - - [06/Mar/2022:11:15:42 -0300] "GET /admin/ImagensUpload/TRAMPULO%20MILHO%2003.jpg HTTP/1.0" 301 595 "-" "Mozilla/4.0 (compatible; ms-office; MSOffice 16)"
168.197.74.207 - - [06/Mar/2022:11:15:42 -0300] "GET /admin/ImagensUpload/TRAMPULO%20MILHO%2003.jpg HTTP/1.0" 301 595 "-" "Mozilla/4.0 (compatible; ms-office; MSOffice 16)"
168.197.74.207 - - [06/Mar/2022:11:15:42 -0300] "GET /admin/ImagensUpload/TRAMPULO%20MILHO%2003.jpg HTTP/1.0" 301 595 "-" "Mozilla/4.0 (compatible; ms-office; MSOffice 16)"
168.197.74.207 - - [06/Mar/2022:11:15:42 -0300] "GET /admin/ImagensUpload/TRAMPULO%20MILHO%2003.jpg HTTP/1.0" 301 595 "-" "Mozilla/4.0 (compatible; ms-office; MSOffice 16)"
168.197.74.207 - - [06/Mar/2022:11:15:42 -0300] "GET /admin/ImagensUpload/TRAMPULO%20MILHO%2003.jpg HTTP/1.0" 301 595 "-" "Mozilla/4.0 (compatible; ms-office; MSOffice 16)"
168.197.74.207 - - [06/Mar/2022:11:15:42 -0300] "GET /admin/ImagensUpload/TRAMPULO%20MILHO%2003.jpg HTTP/1.0" 301 595 "-" "Mozilla/4.0 (compatible; ms-office; MSOffice 16)"
168.197.74.207 - - [06/Mar/2022:11:15:43 -0300] "GET /admin/ImagensUpload/TRAMPULO%20MILHO%2003.jpg HTTP/1.0" 301 595 "-" "Mozilla/4.0 (compatible; ms-office; MSOffice 16)"
66.249.70.46 - - [06/Mar/2022:13:06:38 -0300] "GET /robots.txt HTTP/1.0" 301 525 "-" "Mozilla/5.0 (compatible; Googlebot/2.1; +http://www.google.com/bot.html)"
192.99.110.150 - - [06/Mar/2022:13:29:54 -0300] "GET / HTTP/1.0" 301 493 "-" "Mozilla/5.0 (Windows NT 6.1) AppleWebKit/537.36 (KHTML, like Gecko) Chrome/53.0.2785.104 Safari/537.36 Core/1.53.2057.400 QQBrowser/9.5.10158.400"
186.202.173.147 - - [06/Mar/2022:13:52:48 -0300] "GET / HTTP/1.0" 301 493 "-" "Mozilla/5.0 (compatible; MSIE 9.0; Windows NT 6.1; WOW64; Trident/5.0)"
187.119.229.137 - - [06/Mar/2022:13:59:14 -0300] "GET /files/layout_6_3.png HTTP/1.0" 301 533 "http://cial.ind.br/produto.php?id=23" "Mozilla/5.0 (Linux; Android 10; SM-J600GT) AppleWebKit/537.36 (KHTML, like Gecko) Chrome/98.0.4758.101 Mobile Safari/537.36"
187.119.237.9 - - [06/Mar/2022:13:59:14 -0300] "GET /files/layout_1_1.png HTTP/1.0" 301 533 "http://cial.ind.br/produto.php?id=23" "Mozilla/5.0 (Linux; Android 10; SM-J600GT) AppleWebKit/537.36 (KHTML, like Gecko) Chrome/98.0.4758.101 Mobile Safari/537.36"
187.119.237.9 - - [06/Mar/2022:13:59:14 -0300] "GET /files/produtos_23_2.jpg HTTP/1.0" 301 539 "http://cial.ind.br/produto.php?id=23" "Mozilla/5.0 (Linux; Android 10; SM-J600GT) AppleWebKit/537.36 (KHTML, like Gecko) Chrome/98.0.4758.101 Mobile Safari/537.36"
187.119.229.137 - - [06/Mar/2022:13:59:14 -0300] "GET /files/banners2_6_1.png HTTP/1.0" 301 537 "http://cial.ind.br/produto.php?id=23" "Mozilla/5.0 (Linux; Android 10; SM-J600GT) AppleWebKit/537.36 (KHTML, like Gecko) Chrome/98.0.4758.101 Mobile Safari/537.36"
187.119.237.9 - - [06/Mar/2022:13:59:14 -0300] "GET /files/banners2_5_1.jpg HTTP/1.0" 301 537 "http://cial.ind.br/produto.php?id=23" "Mozilla/5.0 (Linux; Android 10; SM-J600GT) AppleWebKit/537.36 (KHTML, like Gecko) Chrome/98.0.4758.101 Mobile Safari/537.36"
187.119.237.9 - - [06/Mar/2022:13:59:14 -0300] "GET /files/banners2_7_1.png HTTP/1.0" 301 537 "http://cial.ind.br/produto.php?id=23" "Mozilla/5.0 (Linux; Android 10; SM-J600GT) AppleWebKit/537.36 (KHTML, like Gecko) Chrome/98.0.4758.101 Mobile Safari/537.36"
187.119.237.9 - - [06/Mar/2022:13:59:14 -0300] "GET /files/produtos_23_3.png HTTP/1.0" 301 539 "http://cial.ind.br/produto.php?id=23" "Mozilla/5.0 (Linux; Android 10; SM-J600GT) AppleWebKit/537.36 (KHTML, like Gecko) Chrome/98.0.4758.101 Mobile Safari/537.36"
187.119.237.9 - - [06/Mar/2022:13:59:15 -0300] "GET /files/produtos_23_1.jpg HTTP/1.0" 301 539 "http://cial.ind.br/produto.php?id=23" "Mozilla/5.0 (Linux; Android 10; SM-J600GT) AppleWebKit/537.36 (KHTML, like Gecko) Chrome/98.0.4758.101 Mobile Safari/537.36"
187.119.237.9 - - [06/Mar/2022:13:59:15 -0300] "GET /files/produtos_23_4.jpg HTTP/1.0" 301 539 "http://cial.ind.br/produto.php?id=23" "Mozilla/5.0 (Linux; Android 10; SM-J600GT) AppleWebKit/537.36 (KHTML, like Gecko) Chrome/98.0.4758.101 Mobile Safari/537.36"
187.119.237.9 - - [06/Mar/2022:13:59:15 -0300] "GET /files/produtos_23_5.jpg HTTP/1.0" 301 539 "http://cial.ind.br/produto.php?id=23" "Mozilla/5.0 (Linux; Android 10; SM-J600GT) AppleWebKit/537.36 (KHTML, like Gecko) Chrome/98.0.4758.101 Mobile Safari/537.36"
187.119.237.9 - - [06/Mar/2022:13:59:15 -0300] "GET /files/produtos_23_6.jpg HTTP/1.0" 301 539 "http://cial.ind.br/produto.php?id=23" "Mozilla/5.0 (Linux; Android 10; SM-J600GT) AppleWebKit/537.36 (KHTML, like Gecko) Chrome/98.0.4758.101 Mobile Safari/537.36"
187.119.237.9 - - [06/Mar/2022:13:59:15 -0300] "GET /files/produtos_23_7.jpg HTTP/1.0" 301 539 "http://cial.ind.br/produto.php?id=23" "Mozilla/5.0 (Linux; Android 10; SM-J600GT) AppleWebKit/537.36 (KHTML, like Gecko) Chrome/98.0.4758.101 Mobile Safari/537.36"
187.119.237.9 - - [06/Mar/2022:13:59:15 -0300] "GET /files/produtos_23_8.jpg HTTP/1.0" 301 539 "http://cial.ind.br/produto.php?id=23" "Mozilla/5.0 (Linux; Android 10; SM-J600GT) AppleWebKit/537.36 (KHTML, like Gecko) Chrome/98.0.4758.101 Mobile Safari/537.36"
187.119.237.9 - - [06/Mar/2022:13:59:16 -0300] "GET /files/produtos_23_9.jpg HTTP/1.0" 301 539 "http://cial.ind.br/produto.php?id=23" "Mozilla/5.0 (Linux; Android 10; SM-J600GT) AppleWebKit/537.36 (KHTML, like Gecko) Chrome/98.0.4758.101 Mobile Safari/537.36"
187.119.237.9 - - [06/Mar/2022:13:59:16 -0300] "GET /files/produtos_31_1.png HTTP/1.0" 301 539 "http://cial.ind.br/produto.php?id=23" "Mozilla/5.0 (Linux; Android 10; SM-J600GT) AppleWebKit/537.36 (KHTML, like Gecko) Chrome/98.0.4758.101 Mobile Safari/537.36"
187.119.237.9 - - [06/Mar/2022:13:59:17 -0300] "GET /files/produtos_29_4.jpg HTTP/1.0" 301 539 "http://cial.ind.br/produto.php?id=23" "Mozilla/5.0 (Linux; Android 10; SM-J600GT) AppleWebKit/537.36 (KHTML, like Gecko) Chrome/98.0.4758.101 Mobile Safari/537.36"
187.119.237.9 - - [06/Mar/2022:13:59:19 -0300] "GET /favicon.ico HTTP/1.0" 301 515 "http://cial.ind.br/produto.php?id=23" "Mozilla/5.0 (Linux; Android 10; SM-J600GT) AppleWebKit/537.36 (KHTML, like Gecko) Chrome/98.0.4758.101 Mobile Safari/537.36"
187.119.237.9 - - [06/Mar/2022:13:59:19 -0300] "GET /files/produtos_28_5.jpg HTTP/1.0" 301 539 "http://cial.ind.br/produto.php?id=23" "Mozilla/5.0 (Linux; Android 10; SM-J600GT) AppleWebKit/537.36 (KHTML, like Gecko) Chrome/98.0.4758.101 Mobile Safari/537.36"
187.119.237.9 - - [06/Mar/2022:13:59:22 -0300] "GET /files/produtos_27_1.png HTTP/1.0" 301 539 "http://cial.ind.br/produto.php?id=23" "Mozilla/5.0 (Linux; Android 10; SM-J600GT) AppleWebKit/537.36 (KHTML, like Gecko) Chrome/98.0.4758.101 Mobile Safari/537.36"
187.119.237.9 - - [06/Mar/2022:13:59:24 -0300] "GET /files/produtos_24_4.jpg HTTP/1.0" 301 539 "http://cial.ind.br/produto.php?id=23" "Mozilla/5.0 (Linux; Android 10; SM-J600GT) AppleWebKit/537.36 (KHTML, like Gecko) Chrome/98.0.4758.101 Mobile Safari/537.36"
187.119.237.9 - - [06/Mar/2022:13:59:29 -0300] "GET /files/produtos_22_4.jpg HTTP/1.0" 301 539 "http://cial.ind.br/produto.php?id=23" "Mozilla/5.0 (Linux; Android 10; SM-J600GT) AppleWebKit/537.36 (KHTML, like Gecko) Chrome/98.0.4758.101 Mobile Safari/537.36"
187.119.237.9 - - [06/Mar/2022:13:59:31 -0300] "GET /files/produtos_21_5.jpg HTTP/1.0" 301 539 "http://cial.ind.br/produto.php?id=23" "Mozilla/5.0 (Linux; Android 10; SM-J600GT) AppleWebKit/537.36 (KHTML, like Gecko) Chrome/98.0.4758.101 Mobile Safari/537.36"
114.119.146.219 - - [06/Mar/2022:14:03:14 -0300] "GET /robots.txt HTTP/1.0" 301 525 "-" "Mozilla/5.0 (compatible;PetalBot;+https://webmaster.petalsearch.com/site/petalbot)"
185.191.171.40 - - [06/Mar/2022:16:21:26 -0300] "GET /robots.txt HTTP/1.0" 301 513 "-" "Mozilla/5.0 (compatible; SemrushBot/7~bl; +http://www.semrush.com/bot.html)"
54.190.160.109 - - [06/Mar/2022:16:24:24 -0300] "GET / HTTP/1.0" 301 493 "-" "Mozilla/5.0 (X11; Linux x86_64) AppleWebKit/537.36 (KHTML, like Gecko) Chrome/83.0.4103.97 Safari/537.36"
34.72.127.19 - - [06/Mar/2022:18:49:52 -0300] "GET / HTTP/1.0" 301 493 "-" "Ruby"
34.72.127.19 - - [06/Mar/2022:18:49:54 -0300] "GET / HTTP/1.0" 301 505 "-" "Mozilla/5.0 (Windows NT 10.0; WOW64; rv:48.0) Gecko/20100101 Firefox/48.0"
185.191.171.14 - - [06/Mar/2022:18:56:14 -0300] "GET /robots.txt HTTP/1.0" 301 513 "-" "Mozilla/5.0 (compatible; SemrushBot/7~bl; +http://www.semrush.com/bot.html)"
92.118.160.13 - - [06/Mar/2022:19:08:34 -0300] "GET / HTTP/1.0" 301 493 "-" "NetSystemsResearch studies the availability of various services across the internet. Our website is netsystemsresearch.com"
51.222.253.2 - - [06/Mar/2022:19:15:59 -0300] "GET / HTTP/1.0" 301 505 "-" "Mozilla/5.0 (compatible; AhrefsBot/7.0; +http://ahrefs.com/robot/)"
66.249.64.201 - - [06/Mar/2022:19:52:20 -0300] "GET /robots.txt HTTP/1.0" 301 513 "-" "Mozilla/5.0 (compatible; Googlebot/2.1; +http://www.google.com/bot.html)"
40.77.167.102 - - [06/Mar/2022:20:00:42 -0300] "GET /robots.txt HTTP/1.0" 301 513 "-" "Mozilla/5.0 (compatible; bingbot/2.0; +http://www.bing.com/bingbot.htm)"
207.46.13.113 - - [06/Mar/2022:20:00:46 -0300] "GET /default.asp HTTP/1.0" 301 515 "-" "Mozilla/5.0 (compatible; bingbot/2.0; +http://www.bing.com/bingbot.htm)"
121.41.0.96 - - [06/Mar/2022:22:16:33 -0300] "GET / HTTP/1.0" 301 505 "-" "Mozilla/5.0 (Macintosh; Intel Mac OS X 10_15_7) AppleWebKit/537.36 (KHTML, like Gecko) Chrome/93.0.4577.63 Safari/537.36"
40.77.167.102 - - [06/Mar/2022:22:47:00 -0300] "GET /robots.txt HTTP/1.0" 301 525 "-" "Mozilla/5.0 (compatible; bingbot/2.0; +http://www.bing.com/bingbot.htm)"
54.36.148.8 - - [07/Mar/2022:02:50:09 -0300] "GET /robots.txt HTTP/1.0" 301 513 "-" "Mozilla/5.0 (compatible; AhrefsBot/7.0; +http://ahrefs.com/robot/)"
51.222.253.10 - - [07/Mar/2022:02:50:11 -0300] "GET / HTTP/1.0" 301 493 "-" "Mozilla/5.0 (compatible; AhrefsBot/7.0; +http://ahrefs.com/robot/)"
216.244.66.250 - - [07/Mar/2022:05:41:37 -0300] "GET /robots.txt HTTP/1.0" 301 513 "-" "Mozilla/5.0 (compatible; DotBot/1.2; +https://opensiteexplorer.org/dotbot; help@moz.com)"
216.244.66.250 - - [07/Mar/2022:06:31:06 -0300] "GET /robots.txt HTTP/1.0" 301 513 "-" "Mozilla/5.0 (compatible; DotBot/1.2; +https://opensiteexplorer.org/dotbot; help@moz.com)"
42.236.10.83 - - [07/Mar/2022:08:05:43 -0300] "GET / HTTP/1.0" 301 505 "http://www.cial.ind.br/" "Mozilla/5.0 (Windows NT 6.1; WOW64) AppleWebKit/537.36 (KHTML, like Gecko) Chrome/50.0.2661.102 Safari/537.36; 360Spider"
81.71.2.66 - - [07/Mar/2022:08:17:33 -0300] "GET /?author=1 HTTP/1.0" 301 523 "-" "Apache-HttpClient/4.5.2 (Java/1.8.0_151)"
81.71.2.66 - - [07/Mar/2022:08:17:46 -0300] "GET /?author=2 HTTP/1.0" 301 523 "-" "Apache-HttpClient/4.5.2 (Java/1.8.0_151)"
81.71.2.66 - - [07/Mar/2022:08:17:47 -0300] "GET /?author=3 HTTP/1.0" 301 523 "-" "Apache-HttpClient/4.5.2 (Java/1.8.0_151)"
81.71.2.66 - - [07/Mar/2022:08:17:48 -0300] "GET /?author=4 HTTP/1.0" 301 523 "-" "Apache-HttpClient/4.5.2 (Java/1.8.0_151)"
81.71.2.66 - - [07/Mar/2022:08:17:51 -0300] "GET /?author=5 HTTP/1.0" 301 523 "-" "Apache-HttpClient/4.5.2 (Java/1.8.0_151)"
81.71.2.66 - - [07/Mar/2022:08:17:52 -0300] "GET /?author=6 HTTP/1.0" 301 523 "-" "Apache-HttpClient/4.5.2 (Java/1.8.0_151)"
81.71.2.66 - - [07/Mar/2022:08:17:53 -0300] "GET /?author=7 HTTP/1.0" 301 523 "-" "Apache-HttpClient/4.5.2 (Java/1.8.0_151)"
81.71.2.66 - - [07/Mar/2022:08:17:54 -0300] "GET /?author=8 HTTP/1.0" 301 523 "-" "Apache-HttpClient/4.5.2 (Java/1.8.0_151)"
81.71.2.66 - - [07/Mar/2022:08:17:55 -0300] "GET /?author=9 HTTP/1.0" 301 523 "-" "Apache-HttpClient/4.5.2 (Java/1.8.0_151)"
81.71.2.66 - - [07/Mar/2022:08:17:56 -0300] "GET /?author=10 HTTP/1.0" 301 525 "-" "Apache-HttpClient/4.5.2 (Java/1.8.0_151)"
81.71.2.66 - - [07/Mar/2022:08:17:57 -0300] "GET /?author=11 HTTP/1.0" 301 525 "-" "Apache-HttpClient/4.5.2 (Java/1.8.0_151)"
81.71.2.66 - - [07/Mar/2022:08:17:58 -0300] "GET /?author=12 HTTP/1.0" 301 525 "-" "Apache-HttpClient/4.5.2 (Java/1.8.0_151)"
81.71.2.66 - - [07/Mar/2022:08:18:01 -0300] "GET /?author=13 HTTP/1.0" 301 525 "-" "Apache-HttpClient/4.5.2 (Java/1.8.0_151)"
81.71.2.66 - - [07/Mar/2022:08:18:08 -0300] "GET /?author=14 HTTP/1.0" 301 525 "-" "Apache-HttpClient/4.5.2 (Java/1.8.0_151)"
81.71.2.66 - - [07/Mar/2022:08:18:09 -0300] "GET /?author=15 HTTP/1.0" 301 525 "-" "Apache-HttpClient/4.5.2 (Java/1.8.0_151)"
81.71.2.66 - - [07/Mar/2022:08:18:10 -0300] "GET /?author=16 HTTP/1.0" 301 525 "-" "Apache-HttpClient/4.5.2 (Java/1.8.0_151)"
81.71.2.66 - - [07/Mar/2022:08:18:13 -0300] "GET /?author=17 HTTP/1.0" 301 525 "-" "Apache-HttpClient/4.5.2 (Java/1.8.0_151)"
81.71.2.66 - - [07/Mar/2022:08:18:16 -0300] "GET /?author=18 HTTP/1.0" 301 525 "-" "Apache-HttpClient/4.5.2 (Java/1.8.0_151)"
81.71.2.66 - - [07/Mar/2022:08:18:18 -0300] "GET /?author=19 HTTP/1.0" 301 525 "-" "Apache-HttpClient/4.5.2 (Java/1.8.0_151)"
81.71.2.66 - - [07/Mar/2022:08:18:19 -0300] "GET /?author=20 HTTP/1.0" 301 525 "-" "Apache-HttpClient/4.5.2 (Java/1.8.0_151)"
185.191.171.25 - - [07/Mar/2022:08:35:43 -0300] "GET /robots.txt HTTP/1.0" 301 525 "-" "Mozilla/5.0 (compatible; SemrushBot/7~bl; +http://www.semrush.com/bot.html)"
66.249.64.201 - - [07/Mar/2022:08:58:45 -0300] "GET /robots.txt HTTP/1.0" 301 513 "-" "Mozilla/5.0 (compatible; Googlebot/2.1; +http://www.google.com/bot.html)"
66.249.64.201 - - [07/Mar/2022:08:58:45 -0300] "GET /files/layout_1_1.png HTTP/1.0" 301 533 "-" "Googlebot-Image/1.0"
216.244.66.250 - - [07/Mar/2022:09:52:02 -0300] "GET /robots.txt HTTP/1.0" 301 513 "-" "Mozilla/5.0 (compatible; DotBot/1.2; +https://opensiteexplorer.org/dotbot; help@moz.com)"
23.229.104.2 - - [07/Mar/2022:11:08:57 -0300] "GET / HTTP/1.0" 301 493 "https://webtechsurvey.com/website/cial.ind.br" "Mozilla/5.0 (Windows NT 10.0; Win64; x64) AppleWebKit/537.36 (KHTML, like Gecko) Chrome/88.0.4324.190 Safari/537.36"
216.244.66.250 - - [07/Mar/2022:11:33:22 -0300] "GET /robots.txt HTTP/1.0" 301 513 "-" "Mozilla/5.0 (compatible; DotBot/1.2; +https://opensiteexplorer.org/dotbot; help@moz.com)"
114.119.129.14 - - [07/Mar/2022:12:21:30 -0300] "GET /robots.txt HTTP/1.0" 301 513 "-" "Mozilla/5.0 (compatible;PetalBot;+https://webmaster.petalsearch.com/site/petalbot)"
54.37.23.137 - - [07/Mar/2022:13:20:00 -0300] "GET /files/produtos_28_5.jpg HTTP/1.0" 301 539 "-" "-"
186.202.173.147 - - [07/Mar/2022:13:54:05 -0300] "GET / HTTP/1.0" 301 493 "-" "Mozilla/5.0 (compatible; MSIE 9.0; Windows NT 6.1; WOW64; Trident/5.0)"
216.244.66.250 - - [07/Mar/2022:14:04:58 -0300] "GET /robots.txt HTTP/1.0" 301 513 "-" "Mozilla/5.0 (compatible; DotBot/1.2; +https://opensiteexplorer.org/dotbot; help@moz.com)"
